{"id":16961,"date":"2021-03-30T16:14:01","date_gmt":"2021-03-30T15:14:01","guid":{"rendered":"https:\/\/www.konferenztechnik.de\/?page_id=16961"},"modified":"2023-08-29T14:53:57","modified_gmt":"2023-08-29T12:53:57","slug":"flexible-event-concepts","status":"publish","type":"page","link":"https:\/\/konferenztechnik.de\/en\/flexible-event-concepts\/","title":{"rendered":"Flexible event concepts"},"content":{"rendered":"<h1 id=\"hybrideevents\"><strong>Flexible event concepts<\/strong><\/h1>\n<p>[rev_slider alias=\"events-1\u2033][\/rev_slider]<br \/>\n[spacer size=\"20\u2033]<\/p>\n<p>The framework conditions for face-to-face events change daily. A high degree of flexibility is crucial to ensure that your event not only takes place, but reaches your audience as well as possible.<\/p>\n<p>Ideally, your event is mutable enough to function optimally both purely virtually and with a presence audience.<\/p>\n<p>Your event location and the event concept should offer the necessary flexibility that daily changing specifications and restrictions can be met. Our planning takes into account the expected scenarios while considering an effective cost-benefit ratio.<\/p>\n<p>The increased growth of testing facilities and professional hygiene concepts allows the design of classic, digital and hybrid events. Stakeholders can work safely and efficiently on site.<\/p>\n<p>By using headphones, for example, it is easy to achieve and maintain the necessary distance. From the <a href=\"\/en\/silent-conference\/\">Silent Conference<\/a> is achieved through the targeted use of <a href=\"\/en\/guide-equipment-rentals\/\">Guidance systems<\/a> a Distant Event.<\/p>\n<p>We work with you to create flexible formats that meet the day-to-day requirements: from the creation of hygiene concepts, modular participant flows and the consideration of fallback variants into the purely digital event format.<\/p>\n<p>[spacer size=\"20\u2033]<\/p>\n<p>.<\/p>\n<p>[spacer size=\"20\u2033]<\/p>\n<div class=\"weiterlinks\" style=\"background-color:#ffffff;\">\n<h2>In detail<\/h2>\n<ul>\n        [list icon=\"moon-arrow-right-2\u2033 color=\"#a62055\u2033]<a title=\"Hybrid events\"\n            href=\"\/en\/hybrid-events\/\">Hybrid events<\/a>[\/list]<br \/>\n[list icon=\"moon-arrow-right-2\u2033 color=\"#a62055\u2033]<a title=\"Conferences, events, meetings\"\n            href=\"\/en\/conferences-events-meetings-classic-hybrid-digital-virtual-remote\/\">Conferences, events, meetings \u2013 classic, hybrid, digital, virtual, remote<\/a>[\/list]<\/ul>\n<\/div>","protected":false},"excerpt":{"rendered":"<p>Flexible Eventkonzepte [rev_slider alias=&#8220;events-1&#8243;][\/rev_slider] [spacer size=&#8220;20&#8243;] T\u00e4glich \u00e4ndern sich die Rahmenbedingungen f\u00fcr Pr\u00e4senzveranstaltungen. Eine hohe Flexibilit\u00e4t ist entscheidend, dass Ihr Event nicht nur stattfinden kann, sondern m\u00f6glichst gut Ihr Publikum erreicht. Ihre Veranstaltung ist idealerweise so wandelbar, dass sie sowohl rein virtuell als auch mit Pr\u00e4senz-Publikum optimal funktioniert. Ihre Eventlocation und das Veranstaltungskonzept sollten die [&hellip;]<\/p>","protected":false},"author":1,"featured_media":45482,"parent":0,"menu_order":0,"comment_status":"closed","ping_status":"closed","template":"","meta":{"_acf_changed":false,"footnotes":""},"class_list":["post-16961","page","type-page","status-publish","has-post-thumbnail","hentry"],"acf":[],"_links":{"self":[{"href":"https:\/\/konferenztechnik.de\/en\/wp-json\/wp\/v2\/pages\/16961","targetHints":{"allow":["GET"]}}],"collection":[{"href":"https:\/\/konferenztechnik.de\/en\/wp-json\/wp\/v2\/pages"}],"about":[{"href":"https:\/\/konferenztechnik.de\/en\/wp-json\/wp\/v2\/types\/page"}],"author":[{"embeddable":true,"href":"https:\/\/konferenztechnik.de\/en\/wp-json\/wp\/v2\/users\/1"}],"replies":[{"embeddable":true,"href":"https:\/\/konferenztechnik.de\/en\/wp-json\/wp\/v2\/comments?post=16961"}],"version-history":[{"count":0,"href":"https:\/\/konferenztechnik.de\/en\/wp-json\/wp\/v2\/pages\/16961\/revisions"}],"wp:featuredmedia":[{"embeddable":true,"href":"https:\/\/konferenztechnik.de\/en\/wp-json\/wp\/v2\/media\/45482"}],"wp:attachment":[{"href":"https:\/\/konferenztechnik.de\/en\/wp-json\/wp\/v2\/media?parent=16961"}],"curies":[{"name":"wp","href":"https:\/\/api.w.org\/{rel}","templated":true}]}}

<p>Flexible Eventkonzepte [rev_slider alias=&#8220;events-1&#8243;][/rev_slider] [spacer size=&#8220;20&#8243;] Täglich ändern sich die Rahmenbedingungen für Präsenzveranstaltungen. Eine hohe Flexibilität ist entscheidend, dass Ihr Event nicht nur stattfinden kann, sondern möglichst gut Ihr Publikum erreicht. Ihre Veranstaltung ist idealerweise so wandelbar, dass sie sowohl rein virtuell als auch mit Präsenz-Publikum optimal funktioniert. Ihre Eventlocation und das Veranstaltungskonzept sollten die [&hellip;]</p>
