{"id":189,"date":"2013-06-28T11:30:55","date_gmt":"2013-06-28T09:30:55","guid":{"rendered":"https:\/\/pcs-miete.de\/?page_id=189"},"modified":"2023-09-01T14:06:42","modified_gmt":"2023-09-01T12:06:42","slug":"maintenance-and-repair","status":"publish","type":"page","link":"https:\/\/konferenztechnik.de\/en\/maintenance-and-repair\/","title":{"rendered":"Special designs, maintenance and repairs"},"content":{"rendered":"<h1>Sonderanfertigungen, Wartungen und Reparaturen<\/h1>\n<p>[rev_slider sonderanfertigungen]<br \/>\n[spacer size=&#8220;20&#8243;]<\/p>\n<p>Im After-Sales-Support stehen Ihnen f\u00fcr Wartungen und Reparaturen unser geschultes Personal und eine bestens ausgestattete Werkstatt zur Verf\u00fcgung.<\/p>\n<p>Hier entstehen auch Sonderl\u00f6sungen f\u00fcr Installationen und Vertrieb. Wir bieten ma\u00dfgeschneiderte, hochwertige, multimediale L\u00f6sungen, passend zu Ihren Vorstellungen, visuellen Vorgaben und Corporate-Design-Richtlinien, von uns ingenieurtechnisch geplant und fachm\u00e4nnisch umgesetzt.<\/p>\n<p>[column size=&#8220;1-2&#8243; last=&#8220;0&#8243;]<br \/>\n<a href=\"https:\/\/konferenztechnik.de\/wp-content\/uploads\/2013\/08\/sonderanfertigung01.jpg\"><img fetchpriority=\"high\" decoding=\"async\" src=\"https:\/\/konferenztechnik.de\/wp-content\/uploads\/2013\/08\/sonderanfertigung01.jpg\" alt=\"sonderanfertigung01\" width=\"470\" height=\"400\" class=\"alignnone size-full wp-image-1610\" title=\"\" srcset=\"https:\/\/konferenztechnik.de\/wp-content\/uploads\/2013\/08\/sonderanfertigung01.jpg 470w, https:\/\/konferenztechnik.de\/wp-content\/uploads\/2013\/08\/sonderanfertigung01-300x255.jpg 300w\" sizes=\"(max-width: 470px) 100vw, 470px\" \/><\/a><br \/>\n[\/column]<\/p>\n<p>[column size=&#8220;1-2&#8243; last=&#8220;1&#8243;]<br \/>\n<a href=\"https:\/\/konferenztechnik.de\/wp-content\/uploads\/2013\/08\/sonderanfertigung02.jpg\"><img decoding=\"async\" src=\"https:\/\/konferenztechnik.de\/wp-content\/uploads\/2013\/08\/sonderanfertigung02.jpg\" alt=\"sonderanfertigung02\" width=\"470\" height=\"400\" class=\"alignnone size-full wp-image-1611\" title=\"\" srcset=\"https:\/\/konferenztechnik.de\/wp-content\/uploads\/2013\/08\/sonderanfertigung02.jpg 470w, https:\/\/konferenztechnik.de\/wp-content\/uploads\/2013\/08\/sonderanfertigung02-300x255.jpg 300w\" sizes=\"(max-width: 470px) 100vw, 470px\" \/><\/a><br \/>\n[\/column]<\/p>\n<p>[column size=&#8220;1-2&#8243; last=&#8220;0&#8243;]<br \/>\n<a href=\"https:\/\/konferenztechnik.de\/wp-content\/uploads\/2013\/08\/sonderanfertigung03.jpg\"><img decoding=\"async\" src=\"https:\/\/konferenztechnik.de\/wp-content\/uploads\/2013\/08\/sonderanfertigung03.jpg\" alt=\"sonderanfertigung03\" width=\"470\" height=\"400\" class=\"alignnone size-full wp-image-1612\" title=\"\" srcset=\"https:\/\/konferenztechnik.de\/wp-content\/uploads\/2013\/08\/sonderanfertigung03.jpg 470w, https:\/\/konferenztechnik.de\/wp-content\/uploads\/2013\/08\/sonderanfertigung03-300x255.jpg 300w\" sizes=\"(max-width: 470px) 100vw, 470px\" \/><\/a><br \/>\n[\/column]<\/p>\n<p>[column size=&#8220;1-2&#8243; last=&#8220;1&#8243;]<br \/>\n<a href=\"https:\/\/konferenztechnik.de\/wp-content\/uploads\/2013\/08\/sonderanfertigung04.jpg\"><img loading=\"lazy\" decoding=\"async\" src=\"https:\/\/konferenztechnik.de\/wp-content\/uploads\/2013\/08\/sonderanfertigung04.jpg\" alt=\"sonderanfertigung04\" width=\"470\" height=\"400\" class=\"alignnone size-full wp-image-1613\" title=\"\" srcset=\"https:\/\/konferenztechnik.de\/wp-content\/uploads\/2013\/08\/sonderanfertigung04.jpg 470w, https:\/\/konferenztechnik.de\/wp-content\/uploads\/2013\/08\/sonderanfertigung04-300x255.jpg 300w\" sizes=\"(max-width: 470px) 100vw, 470px\" \/><\/a><br \/>\n[\/column]<\/p>\n<p>Sie brauchen eine Unterlegscheibe f\u00fcr Ihr Konferenzsystem von 1950 oder ein Mikrofon in Ihrer Firmenfarbe? Sprechen Sie mit unserer Abteilung f\u00fcr Sonderanfertigungen und Reparaturen. Hier sind selbst die au\u00dfergew\u00f6hnlichsten Anfragen Tagesgesch\u00e4ft.<\/p>\n<p>[spacer size=&#8220;30&#8243;]<\/p>\n<h1>Ansprechpartner<\/h1>\n<p>[spacer size=&#8220;20&#8243;]<br \/>\n[column size=&#8220;1-2&#8243; last=&#8220;0&#8243;]<br \/>\n[tabs style=&#8220;2&#8243;]<br \/>\n[tab title=&#8220;Konferenzzubeh\u00f6r, Videolifte, Wartungen und Reparatur&#8220;]<br \/>\n<img decoding=\"async\" src=\"https:\/\/konferenztechnik.de\/wp-content\/uploads\/2013\/09\/sebastian_spree_pcs-gmbh2.jpg\" alt=\"Sebastian Spree\" class=\"alignleft size-full wp-image-2315\" title=\"\"><\/p>\n<p>Sebastian Spree<br \/>\nProjektberater<br \/>\nTel. +49 211 737798 24<br \/>\nE-Mail <a href=\"mailto:spree@konferenztechnik.de\">spree@konferenztechnik.de<\/a><br \/>\nQR-Code <a href=\"https:\/\/konferenztechnik.de\/wp-content\/uploads\/2013\/09\/sebastian_spree_qrcode.png\">&#x9B; anzeigen<\/a><\/p>\n<p>[\/tab]<br \/>\n[\/tabs]<br \/>\n[\/column]<br \/>\n[column size=&#8220;1-2&#8243; last=&#8220;1&#8243;]<\/p>\n<div class=\"weiterlinks2\">\n[tabs style=&#8220;2&#8243;]<br \/>\n[tab title=&#8220;Weiterf\u00fchrende Links&#8220;]<\/p>\n<ul>\n<li>&#x9B; <a href=\"\/uber-uns\/referenzliste-installation\/\" title=\"Referenzen\">Referenzen Installation und Integration<\/a><\/li>\n<li>&#x9B; <a href=\"\/uber-uns\/10-gute-gruende-fuer-pcs\/\" title=\"10 gute Gr\u00fcnde f\u00fcr PCS\">10 gute Gr\u00fcnde f\u00fcr PCS<\/a><\/li>\n<li>\u203a <a title=\"Vertrieb von Konferenz- und Medientechnik\" href=\"\/services\/vertrieb-konferenz-und-medientechnik\/\">Vertrieb von Konferenz- und Medientechnik<\/a><\/li>\n<\/ul>\n<\/div>\n<p>[\/tab]<br \/>\n[\/tabs]<br \/>\n[\/column]<br \/>\n[spacer size=&#8220;30&#8243;]<\/p>\n","protected":false},"excerpt":{"rendered":"<p>Sonderanfertigungen, Wartungen und Reparaturen [rev_slider sonderanfertigungen] [spacer size=&#8220;20&#8243;] Im After-Sales-Support stehen Ihnen f\u00fcr Wartungen und Reparaturen unser geschultes Personal und eine bestens ausgestattete Werkstatt zur Verf\u00fcgung. Hier entstehen auch Sonderl\u00f6sungen f\u00fcr Installationen und Vertrieb. Wir bieten ma\u00dfgeschneiderte, hochwertige, multimediale L\u00f6sungen, passend zu Ihren Vorstellungen, visuellen Vorgaben und Corporate-Design-Richtlinien, von uns ingenieurtechnisch geplant und fachm\u00e4nnisch umgesetzt. [&hellip;]<\/p>\n","protected":false},"author":1,"featured_media":45482,"parent":0,"menu_order":245,"comment_status":"closed","ping_status":"open","template":"","meta":{"_acf_changed":false,"footnotes":""},"class_list":["post-189","page","type-page","status-publish","has-post-thumbnail","hentry"],"acf":[],"_links":{"self":[{"href":"https:\/\/konferenztechnik.de\/en\/wp-json\/wp\/v2\/pages\/189","targetHints":{"allow":["GET"]}}],"collection":[{"href":"https:\/\/konferenztechnik.de\/en\/wp-json\/wp\/v2\/pages"}],"about":[{"href":"https:\/\/konferenztechnik.de\/en\/wp-json\/wp\/v2\/types\/page"}],"author":[{"embeddable":true,"href":"https:\/\/konferenztechnik.de\/en\/wp-json\/wp\/v2\/users\/1"}],"replies":[{"embeddable":true,"href":"https:\/\/konferenztechnik.de\/en\/wp-json\/wp\/v2\/comments?post=189"}],"version-history":[{"count":0,"href":"https:\/\/konferenztechnik.de\/en\/wp-json\/wp\/v2\/pages\/189\/revisions"}],"wp:featuredmedia":[{"embeddable":true,"href":"https:\/\/konferenztechnik.de\/en\/wp-json\/wp\/v2\/media\/45482"}],"wp:attachment":[{"href":"https:\/\/konferenztechnik.de\/en\/wp-json\/wp\/v2\/media?parent=189"}],"curies":[{"name":"wp","href":"https:\/\/api.w.org\/{rel}","templated":true}]}}

<h1>Sonderanfertigungen, Wartungen und Reparaturen</h1>
<p>[rev_slider sonderanfertigungen]<br />
[spacer size=&#8220;20&#8243;]</p>
<p>Im After-Sales-Support stehen Ihnen für Wartungen und Reparaturen unser geschultes Personal und eine bestens ausgestattete Werkstatt zur Verfügung.</p>
<p>Hier entstehen auch Sonderlösungen für Installationen und Vertrieb. Wir bieten maßgeschneiderte, hochwertige, multimediale Lösungen, passend zu Ihren Vorstellungen, visuellen Vorgaben und Corporate-Design-Richtlinien, von uns ingenieurtechnisch geplant und fachmännisch umgesetzt.</p>
<p>[column size=&#8220;1-2&#8243; last=&#8220;0&#8243;]<br />
<a href="https://konferenztechnik.de/wp-content/uploads/2013/08/sonderanfertigung01.jpg"><img fetchpriority="high" decoding="async" src="https://konferenztechnik.de/wp-content/uploads/2013/08/sonderanfertigung01.jpg" alt="sonderanfertigung01" width="470" height="400" class="alignnone size-full wp-image-1610" title="" srcset="https://konferenztechnik.de/wp-content/uploads/2013/08/sonderanfertigung01.jpg 470w, https://konferenztechnik.de/wp-content/uploads/2013/08/sonderanfertigung01-300x255.jpg 300w" sizes="(max-width: 470px) 100vw, 470px" /></a><br />
[/column]</p>
<p>[column size=&#8220;1-2&#8243; last=&#8220;1&#8243;]<br />
<a href="https://konferenztechnik.de/wp-content/uploads/2013/08/sonderanfertigung02.jpg"><img decoding="async" src="https://konferenztechnik.de/wp-content/uploads/2013/08/sonderanfertigung02.jpg" alt="sonderanfertigung02" width="470" height="400" class="alignnone size-full wp-image-1611" title="" srcset="https://konferenztechnik.de/wp-content/uploads/2013/08/sonderanfertigung02.jpg 470w, https://konferenztechnik.de/wp-content/uploads/2013/08/sonderanfertigung02-300x255.jpg 300w" sizes="(max-width: 470px) 100vw, 470px" /></a><br />
[/column]</p>
<p>[column size=&#8220;1-2&#8243; last=&#8220;0&#8243;]<br />
<a href="https://konferenztechnik.de/wp-content/uploads/2013/08/sonderanfertigung03.jpg"><img decoding="async" src="https://konferenztechnik.de/wp-content/uploads/2013/08/sonderanfertigung03.jpg" alt="sonderanfertigung03" width="470" height="400" class="alignnone size-full wp-image-1612" title="" srcset="https://konferenztechnik.de/wp-content/uploads/2013/08/sonderanfertigung03.jpg 470w, https://konferenztechnik.de/wp-content/uploads/2013/08/sonderanfertigung03-300x255.jpg 300w" sizes="(max-width: 470px) 100vw, 470px" /></a><br />
[/column]</p>
<p>[column size=&#8220;1-2&#8243; last=&#8220;1&#8243;]<br />
<a href="https://konferenztechnik.de/wp-content/uploads/2013/08/sonderanfertigung04.jpg"><img loading="lazy" decoding="async" src="https://konferenztechnik.de/wp-content/uploads/2013/08/sonderanfertigung04.jpg" alt="sonderanfertigung04" width="470" height="400" class="alignnone size-full wp-image-1613" title="" srcset="https://konferenztechnik.de/wp-content/uploads/2013/08/sonderanfertigung04.jpg 470w, https://konferenztechnik.de/wp-content/uploads/2013/08/sonderanfertigung04-300x255.jpg 300w" sizes="(max-width: 470px) 100vw, 470px" /></a><br />
[/column]</p>
<p>Sie brauchen eine Unterlegscheibe für Ihr Konferenzsystem von 1950 oder ein Mikrofon in Ihrer Firmenfarbe? Sprechen Sie mit unserer Abteilung für Sonderanfertigungen und Reparaturen. Hier sind selbst die außergewöhnlichsten Anfragen Tagesgeschäft.</p>
<p>[spacer size=&#8220;30&#8243;]</p>
<h1>Ansprechpartner</h1>
<p>[spacer size=&#8220;20&#8243;]<br />
[column size=&#8220;1-2&#8243; last=&#8220;0&#8243;]<br />
[tabs style=&#8220;2&#8243;]<br />
[tab title=&#8220;Konferenzzubehör, Videolifte, Wartungen und Reparatur&#8220;]<br />
<img decoding="async" src="https://konferenztechnik.de/wp-content/uploads/2013/09/sebastian_spree_pcs-gmbh2.jpg" alt="Sebastian Spree" class="alignleft size-full wp-image-2315" title=""></p>
<p>Sebastian Spree<br />
Projektberater<br />
Tel. +49 211 737798 24<br />
E-Mail <a href="mailto:spree@konferenztechnik.de">spree@konferenztechnik.de</a><br />
QR-Code <a href="https://konferenztechnik.de/wp-content/uploads/2013/09/sebastian_spree_qrcode.png">&#x9B; anzeigen</a></p>
<p>[/tab]<br />
[/tabs]<br />
[/column]<br />
[column size=&#8220;1-2&#8243; last=&#8220;1&#8243;]</p>
<div class="weiterlinks2">
[tabs style=&#8220;2&#8243;]<br />
[tab title=&#8220;Weiterführende Links&#8220;]</p>
<ul>
<li>&#x9B; <a href="/uber-uns/referenzliste-installation/" title="Referenzen">Referenzen Installation und Integration</a></li>
<li>&#x9B; <a href="/uber-uns/10-gute-gruende-fuer-pcs/" title="10 gute Gründe für PCS">10 gute Gründe für PCS</a></li>
<li>› <a title="Vertrieb von Konferenz- und Medientechnik" href="/services/vertrieb-konferenz-und-medientechnik/">Vertrieb von Konferenz- und Medientechnik</a></li>
</ul>
</div>
<p>[/tab]<br />
[/tabs]<br />
[/column]<br />
[spacer size=&#8220;30&#8243;]</p>

<p>Sonderanfertigungen, Wartungen und Reparaturen [rev_slider sonderanfertigungen] [spacer size=&#8220;20&#8243;] Im After-Sales-Support stehen Ihnen für Wartungen und Reparaturen unser geschultes Personal und eine bestens ausgestattete Werkstatt zur Verfügung. Hier entstehen auch Sonderlösungen für Installationen und Vertrieb. Wir bieten maßgeschneiderte, hochwertige, multimediale Lösungen, passend zu Ihren Vorstellungen, visuellen Vorgaben und Corporate-Design-Richtlinien, von uns ingenieurtechnisch geplant und fachmännisch umgesetzt. [&hellip;]</p>
