{"id":3625,"date":"2013-10-24T14:54:33","date_gmt":"2013-10-24T12:54:33","guid":{"rendered":"https:\/\/konferenztechnik.de\/?page_id=3625"},"modified":"2023-09-01T11:27:41","modified_gmt":"2023-09-01T09:27:41","slug":"installation-and-integration-of-conferencing-technology-and-media-systems","status":"publish","type":"page","link":"https:\/\/konferenztechnik.de\/en\/installation-and-integration-of-conferencing-technology-and-media-systems\/","title":{"rendered":"Installation and integration of conference technology and media systems"},"content":{"rendered":"<h1>Installation und Integration von Konferenztechnik und Mediensystemen<\/h1>\n<p>[rev_slider installation]<\/p>\n<p>[spacer size=&#8220;20&#8243;]<\/p>\n<p>PCS realisiert Medieninstallationen in Besprechungsr\u00e4umen, Gemeinde-, Gerichts- und Konferenzs\u00e4len, Firmensitzen, Showrooms, Museen, Ausstellungen, Leitwarten, H\u00f6rs\u00e4len, Schulen, Showb\u00fchnen, Theatern, Hotels, Videokonferenzstudios, intelligenten H\u00e4usern.<\/p>\n<p>[spacer size=&#8220;20&#8243;]<\/p>\n<p>[column size=&#8220;1-2&#8243; last=&#8220;0&#8243;]<\/p>\n<p>Wir sind spezialisiert auf hochwertige und funktionssichere \u00dcbertragung, \u00e4sthetische und individuelle Einbauten, Mediensteuerungen und intelligente, energiesparende Systeme.<\/p>\n<p>Wir bieten Ihnen drahtgebundene, drahtlose sowie abh\u00f6rsichere L\u00f6sungen und begleiten Sie in allen Phasen Ihres Projektes \u2013 von der Planung \u00fcber die Bauausf\u00fchrung bis hin zur Betreuung und Wartung.<\/p>\n<p>Wir binden Haustechnik und Systembusse ein und integrieren vorausschauend Technik auf Basis von EIB, DALI, LON und weiteren Systemen. Sie erhalten vernetzbare und kommunikationsf\u00e4hige AV-, Computer-, Haus- und Geb\u00e4udetechnik, energiesparend und von hoher Lebensdauer.<\/p>\n<p>[button link=&#8220;#kontakt&#8220; target=&#8220;self&#8220; color=&#8220;#a62055&#8243; text=&#8220;light&#8220;]Jetzt anfragen[\/button]<\/p>\n<p>[\/column]<\/p>\n<p>[column size=&#8220;1-2&#8243; last=&#8220;1&#8243;]<\/p>\n<p><img decoding=\"async\" src=\"https:\/\/konferenztechnik.de\/wp-content\/uploads\/2016\/07\/start.jpg\" alt=\"\" title=\"\"><\/p>\n<p>[\/column]<\/p>\n<p>[spacer size=&#8220;30&#8243;]<\/p>\n<hr>\n<p>[spacer size=&#8220;20&#8243;]<\/p>\n<p>[clear]<\/p>\n<p>Unser Leistungsspektrum umfasst auch Sonderl\u00f6sungen, modernste Medienintegration, Digital Signage und eingebundene Videokonferenzl\u00f6sungen.<\/p>\n<p>PCS steht f\u00fcr vorausschauende Technikintegration und zukunftssichere Technik durch Planung auf h\u00f6chstem Niveau.<\/p>\n<p><img fetchpriority=\"high\" decoding=\"async\" src=\"https:\/\/konferenztechnik.de\/wp-content\/uploads\/2013\/10\/installation-pcs.jpg\" alt=\"installation--pcs\" width=\"1198\" height=\"748\" class=\"alignleft size-full wp-image-7065\" title=\"\" srcset=\"https:\/\/konferenztechnik.de\/wp-content\/uploads\/2013\/10\/installation-pcs.jpg 1198w, https:\/\/konferenztechnik.de\/wp-content\/uploads\/2013\/10\/installation-pcs-300x187.jpg 300w, https:\/\/konferenztechnik.de\/wp-content\/uploads\/2013\/10\/installation-pcs-1024x639.jpg 1024w, https:\/\/konferenztechnik.de\/wp-content\/uploads\/2013\/10\/installation-pcs-768x480.jpg 768w\" sizes=\"(max-width: 1198px) 100vw, 1198px\" \/><\/p>\n<p>[spacer size=&#8220;30&#8243;]<\/p>\n<hr>\n<p>[spacer size=&#8220;20&#8243;]<\/p>\n<div class=\"box1-2-order\">\n<h1>PCS Konferenzraum Bundles und Konfrenzraum Upgrades<\/h1>\n<p>Wir bieten die unkomplizierte Realisierung moderner und hochwertiger Besprechungsr\u00e4ume, inklusive Einbettung aller g\u00e4ngiger Videokonferenzsoftware. Au\u00dferdem f\u00fchren wir Upgrades f\u00fcr Ihre bestehenden R\u00e4umlichkeiten durch. Videokonferenzen und externe Teilnehmer und Teilnehmerinnen k\u00f6nnen Sie so einfach in Ihre Konferenzen, Meetings und Events integrieren.<\/p>\n<\/div>\n<p>[column size=&#8220;1-2&#8243; last=&#8220;0&#8243;]<br \/>\n<a href=\"https:\/\/www.konferenztechnik.de\/pcs-konferenzraum-bundles-fuer-hybride-konferenzraeume\/\" class=\"pcs-color\"><\/p>\n<h3><strong>Konferenzraum-Bundles<\/strong><\/h3>\n<p><img decoding=\"async\" src=\"https:\/\/konferenztechnik.de\/wp-content\/uploads\/2021\/06\/1-pcs-raumbundles-konferenzraum-bundles.jpg\" alt=\"\" width=\"1200\" height=\"451\" class=\"alignleft size-full wp-image-18001\" title=\"\" srcset=\"https:\/\/konferenztechnik.de\/wp-content\/uploads\/2021\/06\/1-pcs-raumbundles-konferenzraum-bundles.jpg 1200w, https:\/\/konferenztechnik.de\/wp-content\/uploads\/2021\/06\/1-pcs-raumbundles-konferenzraum-bundles-300x113.jpg 300w, https:\/\/konferenztechnik.de\/wp-content\/uploads\/2021\/06\/1-pcs-raumbundles-konferenzraum-bundles-1024x385.jpg 1024w, https:\/\/konferenztechnik.de\/wp-content\/uploads\/2021\/06\/1-pcs-raumbundles-konferenzraum-bundles-768x289.jpg 768w\" sizes=\"(max-width: 1200px) 100vw, 1200px\" \/><\/p>\n<p>Unkomplizierte Realisierung f\u00fcr moderne und hochwertige Besprechungen, inklusive Einbettung aller g\u00e4ngiger Videokonferenzsoftware. Bundles ab 5.000 \u20ac.<\/p>\n<p><\/a><br \/>\n[button link=&#8220;https:\/\/www.konferenztechnik.de\/pcs-konferenzraum-bundles-fuer-hybride-konferenzraeume\/&#8220; target=&#8220;self&#8220; color=&#8220;#a62055&#8243; text=&#8220;light&#8220;]Mehr erfahren[\/button]<br \/>\n[\/column]<br \/>\n[column size=&#8220;1-2&#8243; last=&#8220;1&#8243;]<br \/>\n<a href=\"https:\/\/www.konferenztechnik.de\/konferenzraum-upgrade-ideale-bedingungen-fuer-videokonferenzen-schaffen\/\" class=\"pcs-color\"><\/p>\n<h3><strong>Konferenzraum-Upgrades<\/strong><\/h3>\n<p><img decoding=\"async\" width=\"1200\" height=\"451\" src=\"https:\/\/konferenztechnik.de\/wp-content\/uploads\/2021\/06\/konferenzraum-upgrades-videokonferenz-technik-upgrade.jpg\" alt=\"konferenzraum-upgrades-videokonferenz-technik-upgrade\" class=\"alignleft size-full wp-image-18072\" title=\"\" srcset=\"https:\/\/konferenztechnik.de\/wp-content\/uploads\/2021\/06\/konferenzraum-upgrades-videokonferenz-technik-upgrade.jpg 1200w, https:\/\/konferenztechnik.de\/wp-content\/uploads\/2021\/06\/konferenzraum-upgrades-videokonferenz-technik-upgrade-300x113.jpg 300w, https:\/\/konferenztechnik.de\/wp-content\/uploads\/2021\/06\/konferenzraum-upgrades-videokonferenz-technik-upgrade-1024x385.jpg 1024w, https:\/\/konferenztechnik.de\/wp-content\/uploads\/2021\/06\/konferenzraum-upgrades-videokonferenz-technik-upgrade-768x289.jpg 768w\" sizes=\"(max-width: 1200px) 100vw, 1200px\" \/><\/p>\n<p>Upgrades f\u00fcr Ihre bestehenden R\u00e4umlichkeiten. Videokonferenzen besser integrieren. Die Trennung von &#8222;vor Ort&#8220; und &#8222;von zu Hause&#8220; minimieren.<\/p>\n<p>[button link=&#8220;https:\/\/www.konferenztechnik.de\/konferenzraum-upgrade-ideale-bedingungen-fuer-videokonferenzen-schaffen\/&#8220; target=&#8220;self&#8220; color=&#8220;#a62055&#8243; text=&#8220;light&#8220;]Mehr erfahren[\/button]<br \/>\n[\/column]<\/p>\n<p>[spacer size=&#8220;30&#8243;]<\/p>\n<hr id=\"kontakt\">\n<p>[spacer size=&#8220;30&#8243;]<\/p>\n<div class=\"box1-4 medium-size-txt\" style=\"margin-bottom: 0!important\">\n<h2><b><span class=\"pcs-color medium-size-txt\">Ihr Serviceteam<\/span><\/b><\/h2>\n<p>[spacer size=&#8220;5&#8243;]<br \/>\n[column size=&#8220;1-2&#8243; last=&#8220;0&#8243;]<\/p>\n<p>Unsere Fachabteilung hilft gerne bei der Beantwortung Ihrer Fragen, ber\u00e4t Sie zu Produkten, erstellt Ihnen ein pers\u00f6nliches Angebot oder eine individuelle Raumkonzeption.<\/p>\n<p><img loading=\"lazy\" decoding=\"async\" src=\"https:\/\/konferenztechnik.de\/wp-content\/uploads\/2021\/06\/enricohucke-pcsgmbh.jpg\" alt=\"Enrico Hucke - Sales Team PCS GmbH\" width=\"150\" height=\"150\" class=\"alignleft size-full wp-image-17496\" title=\"\"><br \/>\n<img loading=\"lazy\" decoding=\"async\" width=\"150\" height=\"150\" src=\"https:\/\/konferenztechnik.de\/wp-content\/uploads\/2021\/06\/roland-baur-pcs-gmbh.jpeg\" alt=\"Roland Baur - Sales Team PCS GmbH\" class=\"alignleft size-full wp-image-18053\" title=\"\"><br \/>\n<img loading=\"lazy\" decoding=\"async\" src=\"https:\/\/konferenztechnik.de\/wp-content\/uploads\/2021\/06\/jeremias-daniel-pcs-gmbh-2-1.jpg\" alt=\"Jeremias Daniel - Sales Team PCS GmbH\" width=\"150\" height=\"150\" class=\"alignleft size-full wp-image-17836\" title=\"\"><br \/>\n[spacer size=&#8220;5&#8243;]<br \/>\n<span class=\"medium-size-txt\"><br \/>\nRufen Sie uns doch einfach an!<br \/>\n<a href=\"tel:+49 21173779820\"><b>+49 211 737798 20<\/b><\/a><\/p>\n<p>Schreiben Sie uns eine E-Mail an:<br \/>\n<span class=\"volleansicht\"><a href=\"mailto:vertrieb@konferenztechnik.de\" onclick=\"ga('send', 'event', 'Email-Klick', 'Kontakt Vertrieb');\">vertrieb@konferenztechnik.de<\/a><br \/>\n<\/span><br \/>\n<span class=\"mobileansicht\"><a href=\"mailto:vertrieb@konferenztechnik.de\" onclick=\"ga('send', 'event', 'Email-Klick', 'Kontakt Vertrieb');\">schreiben<\/a><br \/>\n<\/span><\/p>\n<p>Chatten Sie mit uns oder nutzen Sie unseren R\u00fcckrufservice<br \/>\n<\/span><br \/>\n[\/column]<br \/>\n[column size=&#8220;1-2&#8243; last=&#8220;1&#8243;]<\/p>\n<h2>R\u00fcckruf vereinbaren<\/h2>\n<p>[contact-form-7 id=&#8220;17990&#8243; title=&#8220;Kontakt Raumbundles\/-upgrades&#8220;]<br \/>\n[\/column]<\/p>\n<\/div>\n","protected":false},"excerpt":{"rendered":"<p>Installation und Integration von Konferenztechnik und Mediensystemen [rev_slider installation] [spacer size=&#8220;20&#8243;] PCS realisiert Medieninstallationen in Besprechungsr\u00e4umen, Gemeinde-, Gerichts- und Konferenzs\u00e4len, Firmensitzen, Showrooms, Museen, Ausstellungen, Leitwarten, H\u00f6rs\u00e4len, Schulen, Showb\u00fchnen, Theatern, Hotels, Videokonferenzstudios, intelligenten H\u00e4usern. [spacer size=&#8220;20&#8243;] [column size=&#8220;1-2&#8243; last=&#8220;0&#8243;] Wir sind spezialisiert auf hochwertige und funktionssichere \u00dcbertragung, \u00e4sthetische und individuelle Einbauten, Mediensteuerungen und intelligente, energiesparende Systeme. [&hellip;]<\/p>\n","protected":false},"author":1,"featured_media":45482,"parent":0,"menu_order":110,"comment_status":"closed","ping_status":"open","template":"","meta":{"_acf_changed":false,"footnotes":""},"class_list":["post-3625","page","type-page","status-publish","has-post-thumbnail","hentry"],"acf":[],"_links":{"self":[{"href":"https:\/\/konferenztechnik.de\/en\/wp-json\/wp\/v2\/pages\/3625","targetHints":{"allow":["GET"]}}],"collection":[{"href":"https:\/\/konferenztechnik.de\/en\/wp-json\/wp\/v2\/pages"}],"about":[{"href":"https:\/\/konferenztechnik.de\/en\/wp-json\/wp\/v2\/types\/page"}],"author":[{"embeddable":true,"href":"https:\/\/konferenztechnik.de\/en\/wp-json\/wp\/v2\/users\/1"}],"replies":[{"embeddable":true,"href":"https:\/\/konferenztechnik.de\/en\/wp-json\/wp\/v2\/comments?post=3625"}],"version-history":[{"count":0,"href":"https:\/\/konferenztechnik.de\/en\/wp-json\/wp\/v2\/pages\/3625\/revisions"}],"wp:featuredmedia":[{"embeddable":true,"href":"https:\/\/konferenztechnik.de\/en\/wp-json\/wp\/v2\/media\/45482"}],"wp:attachment":[{"href":"https:\/\/konferenztechnik.de\/en\/wp-json\/wp\/v2\/media?parent=3625"}],"curies":[{"name":"wp","href":"https:\/\/api.w.org\/{rel}","templated":true}]}}

<h1>Installation und Integration von Konferenztechnik und Mediensystemen</h1>
<p>[rev_slider installation]</p>
<p>[spacer size=&#8220;20&#8243;]</p>
<p>PCS realisiert Medieninstallationen in Besprechungsräumen, Gemeinde-, Gerichts- und Konferenzsälen, Firmensitzen, Showrooms, Museen, Ausstellungen, Leitwarten, Hörsälen, Schulen, Showbühnen, Theatern, Hotels, Videokonferenzstudios, intelligenten Häusern.</p>
<p>[spacer size=&#8220;20&#8243;]</p>
<p>[column size=&#8220;1-2&#8243; last=&#8220;0&#8243;]</p>
<p>Wir sind spezialisiert auf hochwertige und funktionssichere Übertragung, ästhetische und individuelle Einbauten, Mediensteuerungen und intelligente, energiesparende Systeme.</p>
<p>Wir bieten Ihnen drahtgebundene, drahtlose sowie abhörsichere Lösungen und begleiten Sie in allen Phasen Ihres Projektes – von der Planung über die Bauausführung bis hin zur Betreuung und Wartung.</p>
<p>Wir binden Haustechnik und Systembusse ein und integrieren vorausschauend Technik auf Basis von EIB, DALI, LON und weiteren Systemen. Sie erhalten vernetzbare und kommunikationsfähige AV-, Computer-, Haus- und Gebäudetechnik, energiesparend und von hoher Lebensdauer.</p>
<p>[button link=&#8220;#kontakt&#8220; target=&#8220;self&#8220; color=&#8220;#a62055&#8243; text=&#8220;light&#8220;]Jetzt anfragen[/button]</p>
<p>[/column]</p>
<p>[column size=&#8220;1-2&#8243; last=&#8220;1&#8243;]</p>
<p><img decoding="async" src="https://konferenztechnik.de/wp-content/uploads/2016/07/start.jpg" alt="" title=""></p>
<p>[/column]</p>
<p>[spacer size=&#8220;30&#8243;]</p>
<hr>
<p>[spacer size=&#8220;20&#8243;]</p>
<p>[clear]</p>
<p>Unser Leistungsspektrum umfasst auch Sonderlösungen, modernste Medienintegration, Digital Signage und eingebundene Videokonferenzlösungen.</p>
<p>PCS steht für vorausschauende Technikintegration und zukunftssichere Technik durch Planung auf höchstem Niveau.</p>
<p><img fetchpriority="high" decoding="async" src="https://konferenztechnik.de/wp-content/uploads/2013/10/installation-pcs.jpg" alt="installation--pcs" width="1198" height="748" class="alignleft size-full wp-image-7065" title="" srcset="https://konferenztechnik.de/wp-content/uploads/2013/10/installation-pcs.jpg 1198w, https://konferenztechnik.de/wp-content/uploads/2013/10/installation-pcs-300x187.jpg 300w, https://konferenztechnik.de/wp-content/uploads/2013/10/installation-pcs-1024x639.jpg 1024w, https://konferenztechnik.de/wp-content/uploads/2013/10/installation-pcs-768x480.jpg 768w" sizes="(max-width: 1198px) 100vw, 1198px" /></p>
<p>[spacer size=&#8220;30&#8243;]</p>
<hr>
<p>[spacer size=&#8220;20&#8243;]</p>
<div class="box1-2-order">
<h1>PCS Konferenzraum Bundles und Konfrenzraum Upgrades</h1>
<p>Wir bieten die unkomplizierte Realisierung moderner und hochwertiger Besprechungsräume, inklusive Einbettung aller gängiger Videokonferenzsoftware. Außerdem führen wir Upgrades für Ihre bestehenden Räumlichkeiten durch. Videokonferenzen und externe Teilnehmer und Teilnehmerinnen können Sie so einfach in Ihre Konferenzen, Meetings und Events integrieren.</p>
</div>
<p>[column size=&#8220;1-2&#8243; last=&#8220;0&#8243;]<br />
<a href="https://www.konferenztechnik.de/pcs-konferenzraum-bundles-fuer-hybride-konferenzraeume/" class="pcs-color"></p>
<h3><strong>Konferenzraum-Bundles</strong></h3>
<p><img decoding="async" src="https://konferenztechnik.de/wp-content/uploads/2021/06/1-pcs-raumbundles-konferenzraum-bundles.jpg" alt="" width="1200" height="451" class="alignleft size-full wp-image-18001" title="" srcset="https://konferenztechnik.de/wp-content/uploads/2021/06/1-pcs-raumbundles-konferenzraum-bundles.jpg 1200w, https://konferenztechnik.de/wp-content/uploads/2021/06/1-pcs-raumbundles-konferenzraum-bundles-300x113.jpg 300w, https://konferenztechnik.de/wp-content/uploads/2021/06/1-pcs-raumbundles-konferenzraum-bundles-1024x385.jpg 1024w, https://konferenztechnik.de/wp-content/uploads/2021/06/1-pcs-raumbundles-konferenzraum-bundles-768x289.jpg 768w" sizes="(max-width: 1200px) 100vw, 1200px" /></p>
<p>Unkomplizierte Realisierung für moderne und hochwertige Besprechungen, inklusive Einbettung aller gängiger Videokonferenzsoftware. Bundles ab 5.000 €.</p>
<p></a><br />
[button link=&#8220;https://www.konferenztechnik.de/pcs-konferenzraum-bundles-fuer-hybride-konferenzraeume/&#8220; target=&#8220;self&#8220; color=&#8220;#a62055&#8243; text=&#8220;light&#8220;]Mehr erfahren[/button]<br />
[/column]<br />
[column size=&#8220;1-2&#8243; last=&#8220;1&#8243;]<br />
<a href="https://www.konferenztechnik.de/konferenzraum-upgrade-ideale-bedingungen-fuer-videokonferenzen-schaffen/" class="pcs-color"></p>
<h3><strong>Konferenzraum-Upgrades</strong></h3>
<p><img decoding="async" width="1200" height="451" src="https://konferenztechnik.de/wp-content/uploads/2021/06/konferenzraum-upgrades-videokonferenz-technik-upgrade.jpg" alt="konferenzraum-upgrades-videokonferenz-technik-upgrade" class="alignleft size-full wp-image-18072" title="" srcset="https://konferenztechnik.de/wp-content/uploads/2021/06/konferenzraum-upgrades-videokonferenz-technik-upgrade.jpg 1200w, https://konferenztechnik.de/wp-content/uploads/2021/06/konferenzraum-upgrades-videokonferenz-technik-upgrade-300x113.jpg 300w, https://konferenztechnik.de/wp-content/uploads/2021/06/konferenzraum-upgrades-videokonferenz-technik-upgrade-1024x385.jpg 1024w, https://konferenztechnik.de/wp-content/uploads/2021/06/konferenzraum-upgrades-videokonferenz-technik-upgrade-768x289.jpg 768w" sizes="(max-width: 1200px) 100vw, 1200px" /></p>
<p>Upgrades für Ihre bestehenden Räumlichkeiten. Videokonferenzen besser integrieren. Die Trennung von &#8222;vor Ort&#8220; und &#8222;von zu Hause&#8220; minimieren.</p>
<p>[button link=&#8220;https://www.konferenztechnik.de/konferenzraum-upgrade-ideale-bedingungen-fuer-videokonferenzen-schaffen/&#8220; target=&#8220;self&#8220; color=&#8220;#a62055&#8243; text=&#8220;light&#8220;]Mehr erfahren[/button]<br />
[/column]</p>
<p>[spacer size=&#8220;30&#8243;]</p>
<hr id="kontakt">
<p>[spacer size=&#8220;30&#8243;]</p>
<div class="box1-4 medium-size-txt" style="margin-bottom: 0!important">
<h2><b><span class="pcs-color medium-size-txt">Ihr Serviceteam</span></b></h2>
<p>[spacer size=&#8220;5&#8243;]<br />
[column size=&#8220;1-2&#8243; last=&#8220;0&#8243;]</p>
<p>Unsere Fachabteilung hilft gerne bei der Beantwortung Ihrer Fragen, berät Sie zu Produkten, erstellt Ihnen ein persönliches Angebot oder eine individuelle Raumkonzeption.</p>
<p><img loading="lazy" decoding="async" src="https://konferenztechnik.de/wp-content/uploads/2021/06/enricohucke-pcsgmbh.jpg" alt="Enrico Hucke - Sales Team PCS GmbH" width="150" height="150" class="alignleft size-full wp-image-17496" title=""><br />
<img loading="lazy" decoding="async" width="150" height="150" src="https://konferenztechnik.de/wp-content/uploads/2021/06/roland-baur-pcs-gmbh.jpeg" alt="Roland Baur - Sales Team PCS GmbH" class="alignleft size-full wp-image-18053" title=""><br />
<img loading="lazy" decoding="async" src="https://konferenztechnik.de/wp-content/uploads/2021/06/jeremias-daniel-pcs-gmbh-2-1.jpg" alt="Jeremias Daniel - Sales Team PCS GmbH" width="150" height="150" class="alignleft size-full wp-image-17836" title=""><br />
[spacer size=&#8220;5&#8243;]<br />
<span class="medium-size-txt"><br />
Rufen Sie uns doch einfach an!<br />
<a href="tel:+49 21173779820"><b>+49 211 737798 20</b></a></p>
<p>Schreiben Sie uns eine E-Mail an:<br />
<span class="volleansicht"><a href="mailto:vertrieb@konferenztechnik.de" onclick="ga('send', 'event', 'Email-Klick', 'Kontakt Vertrieb');">vertrieb@konferenztechnik.de</a><br />
</span><br />
<span class="mobileansicht"><a href="mailto:vertrieb@konferenztechnik.de" onclick="ga('send', 'event', 'Email-Klick', 'Kontakt Vertrieb');">schreiben</a><br />
</span></p>
<p>Chatten Sie mit uns oder nutzen Sie unseren Rückrufservice<br />
</span><br />
[/column]<br />
[column size=&#8220;1-2&#8243; last=&#8220;1&#8243;]</p>
<h2>Rückruf vereinbaren</h2>
<p>[contact-form-7 id=&#8220;17990&#8243; title=&#8220;Kontakt Raumbundles/-upgrades&#8220;]<br />
[/column]</p>
</div>

<p>Installation und Integration von Konferenztechnik und Mediensystemen [rev_slider installation] [spacer size=&#8220;20&#8243;] PCS realisiert Medieninstallationen in Besprechungsräumen, Gemeinde-, Gerichts- und Konferenzsälen, Firmensitzen, Showrooms, Museen, Ausstellungen, Leitwarten, Hörsälen, Schulen, Showbühnen, Theatern, Hotels, Videokonferenzstudios, intelligenten Häusern. [spacer size=&#8220;20&#8243;] [column size=&#8220;1-2&#8243; last=&#8220;0&#8243;] Wir sind spezialisiert auf hochwertige und funktionssichere Übertragung, ästhetische und individuelle Einbauten, Mediensteuerungen und intelligente, energiesparende Systeme. [&hellip;]</p>
