{"id":1221,"date":"2013-08-23T10:31:53","date_gmt":"2013-08-23T08:31:53","guid":{"rendered":"https:\/\/pcs-miete.de\/?page_id=1221"},"modified":"2023-07-05T14:30:41","modified_gmt":"2023-07-05T12:30:41","slug":"soportes-para-pantallas-y-proyectores","status":"publish","type":"page","link":"https:\/\/konferenztechnik.de\/es\/distribucion-de-tecnologia-de-conferencia-y-av-media\/tecnologia-de-video\/soportes-para-pantallas-y-proyectores\/","title":{"rendered":"Soportes para pantallas y proyectores"},"content":{"rendered":"<h1>Soportes para pantallas y proyectores<\/h1>\n<p>En nuestra gama encontrar\u00e1 soportes para una gran variedad de aplicaciones: Ya se trate de tabletas (por ejemplo, iPad), proyectores de pantalla o videowall, colocados en el suelo, colgados del techo o fijados a la pared.<\/p>\n<p>D\u00e9jese convencer por nuestra selecci\u00f3n de soportes y p\u00f3ngase en contacto con nosotros si necesita ayuda con su elecci\u00f3n. Tambi\u00e9n ofrecemos soluciones especiales y productos personalizados. Hable con nuestro equipo de servicio. Esperamos su llamada.<\/p>\n<h4>Soportes de pared<\/h4>\n<p><a href=\"\/es\/distribucion-de-tecnologia-de-conferencia-y-av-media\/tecnologia-de-video\/soportes-para-pantallas-y-proyectores\/soportes-de-pared\/\"><img fetchpriority=\"high\" decoding=\"async\" width=\"288\" height=\"198\" class=\"alignleft size-full wp-image-1356\" src=\"https:\/\/konferenztechnik.de\/wp-content\/uploads\/2013\/08\/01-wandhalterungen-fuer-projektoren.jpg\" alt=\"Soportes de pared para proyectores\" title=\"\"><\/a><\/p>\n<p>Soportes para pantallas, proyectores, tabletas, c\u00e1maras o videowalls<\/p>\n<p><a class=\"weiter\" href=\"\/es\/distribucion-de-tecnologia-de-conferencia-y-av-media\/tecnologia-de-video\/soportes-para-pantallas-y-proyectores\/soportes-de-pared\/\">\u203a M\u00e1s<\/a><\/p>\n<h4>Soporte de suelo<\/h4>\n<p><a href=\"\/es\/distribucion-de-tecnologia-de-conferencia-y-av-media\/tecnologia-de-video\/soportes-para-pantallas-y-proyectores\/soporte-de-suelo\/\"><img decoding=\"async\" width=\"288\" height=\"198\" class=\"alignleft size-full wp-image-1359\" src=\"https:\/\/konferenztechnik.de\/wp-content\/uploads\/2013\/08\/04-bodenstaender-fuer-projektoren.jpg\" alt=\"Soporte de suelo para proyectores\" title=\"\"><\/a><\/p>\n<p>Soportes de suelo para proyectores y pantallas, soportes de suelo bajos para monitores de vista previa, soportes de suelo totalmente desmontables, placas adaptadoras y de soporte<\/p>\n<p><a class=\"weiter\" href=\"\/es\/distribucion-de-tecnologia-de-conferencia-y-av-media\/tecnologia-de-video\/soportes-para-pantallas-y-proyectores\/soporte-de-suelo\/\">\u203a M\u00e1s<\/a><\/p>\n<h4>Soportes de techo<\/h4>\n<p><a href=\"\/es\/distribucion-de-tecnologia-de-conferencia-y-av-media\/tecnologia-de-video\/soportes-para-pantallas-y-proyectores\/soportes-de-techo\/\"><img decoding=\"async\" width=\"288\" height=\"198\" class=\"alignleft size-full wp-image-1357\" src=\"https:\/\/konferenztechnik.de\/wp-content\/uploads\/2013\/08\/02-deckenhalterungen-fuer-projektoren.jpg\" alt=\"Soportes de techo para proyectores\" title=\"\"><\/a><\/p>\n<p>Soportes de varias longitudes, soportes de rotaci\u00f3n, kits de espejos, soportes de abrazadera para vigas de acero<\/p>\n<p><a class=\"weiter\" href=\"\/es\/distribucion-de-tecnologia-de-conferencia-y-av-media\/tecnologia-de-video\/soportes-para-pantallas-y-proyectores\/soportes-de-techo\/\">\u203a M\u00e1s<\/a><\/p>\n<h4>Soportes para cerchas<\/h4>\n<p><a href=\"\/es\/distribucion-de-tecnologia-de-conferencia-y-av-media\/tecnologia-de-video\/soportes-para-pantallas-y-proyectores\/soportes-para-cerchas\/\"><img loading=\"lazy\" decoding=\"async\" width=\"288\" height=\"198\" class=\"alignleft size-full wp-image-1358\" src=\"https:\/\/konferenztechnik.de\/wp-content\/uploads\/2013\/08\/03-trusshalterungen-fuer-projektoren.jpg\" alt=\"Soportes para proyectores\" title=\"\"><\/a><\/p>\n<p>Soportes truss para pantallas y proyectores, soportes con dispositivos para facilitar el ajuste fino, bastidores apilables (carcasa protectora), soportes de instalaci\u00f3n muy r\u00e1pida para empresas de alquiler de tecnolog\u00eda<\/p>\n<p><a class=\"weiter\" title=\"Curso de oto\u00f1o para int\u00e9rpretes\" href=\"\/es\/distribucion-de-tecnologia-de-conferencia-y-av-media\/tecnologia-de-video\/soportes-para-pantallas-y-proyectores\/soportes-para-cerchas\/\">\u203a M\u00e1s<\/a><\/p>\n<h4>Mobiliario de conferencias<\/h4>\n<p><a href=\"\/es\/distribucion-de-tecnologia-de-conferencia-y-av-media\/tecnologia-de-video\/soportes-para-pantallas-y-proyectores\/mobiliario-de-conferencia\/\"><img loading=\"lazy\" decoding=\"async\" width=\"288\" height=\"191\" class=\"alignleft size-full wp-image-4381\" src=\"https:\/\/konferenztechnik.de\/wp-content\/uploads\/2013\/08\/konferenzmoebel.jpg\" alt=\"Mobiliario de conferencias\" title=\"\"><\/a><\/p>\n<p>Armarios para sistemas de videoconferencia, pizarras blancas o pantallas, soportes para proyectores, soluciones m\u00f3viles sobre ruedas<\/p>\n<p><a class=\"weiter\" title=\"Curso de oto\u00f1o para int\u00e9rpretes\" href=\"\/es\/distribucion-de-tecnologia-de-conferencia-y-av-media\/tecnologia-de-video\/soportes-para-pantallas-y-proyectores\/mobiliario-de-conferencia\/\">\u203a M\u00e1s<\/a><\/p>\n<h4>Soportes especiales<\/h4>\n<p><a href=\"\/es\/distribucion-de-tecnologia-de-conferencia-y-av-media\/tecnologia-de-video\/soportes-para-pantallas-y-proyectores\/soportes-especiales\/\"><img loading=\"lazy\" decoding=\"async\" width=\"288\" height=\"191\" class=\"alignleft size-full wp-image-4484\" src=\"https:\/\/konferenztechnik.de\/wp-content\/uploads\/2013\/08\/pcs-spezialanwendungen.jpg\" alt=\"Soportes para pantallas y proyectores: Soportes especiales\" title=\"\"><\/a><\/p>\n<p>Soportes para tabletas (por ejemplo, iPad) para paredes y suelos, soportes para videowalls, marcos apilables, soportes tip &amp; touch (soportes de mesa para pantallas t\u00e1ctiles)<\/p>\n<p><a class=\"weiter\" title=\"Soportes especiales\" href=\"\/es\/distribucion-de-tecnologia-de-conferencia-y-av-media\/tecnologia-de-video\/soportes-para-pantallas-y-proyectores\/soportes-especiales\/\">\u203a M\u00e1s<\/a><\/p>","protected":false},"excerpt":{"rendered":"<p>Halterungen f\u00fcr Displays und Projektoren In unserem Sortiment finden Sie Halterungen f\u00fcr die unterschiedlichsten Anwendungsgebiete: Ob Tablet (z. B. iPad), Display Projektor oder Videowall, auf den Boden gestellt, von der Decke h\u00e4ngend oder and der Wand befestigt. Lassen Sie sich von unserer Auswahl an Halterungen \u00fcberzeugen und kontaktieren Sie uns einfach, wenn Sie Unterst\u00fctzung bei [&hellip;]<\/p>\n","protected":false},"author":1,"featured_media":45482,"parent":1138,"menu_order":228,"comment_status":"closed","ping_status":"open","template":"","meta":{"_acf_changed":false,"footnotes":""},"class_list":["post-1221","page","type-page","status-publish","has-post-thumbnail","hentry"],"acf":[],"_links":{"self":[{"href":"https:\/\/konferenztechnik.de\/es\/wp-json\/wp\/v2\/pages\/1221","targetHints":{"allow":["GET"]}}],"collection":[{"href":"https:\/\/konferenztechnik.de\/es\/wp-json\/wp\/v2\/pages"}],"about":[{"href":"https:\/\/konferenztechnik.de\/es\/wp-json\/wp\/v2\/types\/page"}],"author":[{"embeddable":true,"href":"https:\/\/konferenztechnik.de\/es\/wp-json\/wp\/v2\/users\/1"}],"replies":[{"embeddable":true,"href":"https:\/\/konferenztechnik.de\/es\/wp-json\/wp\/v2\/comments?post=1221"}],"version-history":[{"count":0,"href":"https:\/\/konferenztechnik.de\/es\/wp-json\/wp\/v2\/pages\/1221\/revisions"}],"up":[{"embeddable":true,"href":"https:\/\/konferenztechnik.de\/es\/wp-json\/wp\/v2\/pages\/1138"}],"wp:featuredmedia":[{"embeddable":true,"href":"https:\/\/konferenztechnik.de\/es\/wp-json\/wp\/v2\/media\/45482"}],"wp:attachment":[{"href":"https:\/\/konferenztechnik.de\/es\/wp-json\/wp\/v2\/media?parent=1221"}],"curies":[{"name":"wp","href":"https:\/\/api.w.org\/{rel}","templated":true}]}}

<h1>Soportes para pantallas y proyectores</h1>
<p>En nuestra gama encontrará soportes para una gran variedad de aplicaciones: Ya se trate de tabletas (por ejemplo, iPad), proyectores de pantalla o videowall, colocados en el suelo, colgados del techo o fijados a la pared.</p>
<p>Déjese convencer por nuestra selección de soportes y póngase en contacto con nosotros si necesita ayuda con su elección. También ofrecemos soluciones especiales y productos personalizados. Hable con nuestro equipo de servicio. Esperamos su llamada.</p>
<h4>Soportes de pared</h4>
<p><a href="/es/distribucion-de-tecnologia-de-conferencia-y-av-media/tecnologia-de-video/soportes-para-pantallas-y-proyectores/soportes-de-pared/"><img fetchpriority="high" decoding="async" width="288" height="198" class="alignleft size-full wp-image-1356" src="https://konferenztechnik.de/wp-content/uploads/2013/08/01-wandhalterungen-fuer-projektoren.jpg" alt="Soportes de pared para proyectores" title=""></a></p>
<p>Soportes para pantallas, proyectores, tabletas, cámaras o videowalls</p>
<p><a class="weiter" href="/es/distribucion-de-tecnologia-de-conferencia-y-av-media/tecnologia-de-video/soportes-para-pantallas-y-proyectores/soportes-de-pared/">› Más</a></p>
<h4>Soporte de suelo</h4>
<p><a href="/es/distribucion-de-tecnologia-de-conferencia-y-av-media/tecnologia-de-video/soportes-para-pantallas-y-proyectores/soporte-de-suelo/"><img decoding="async" width="288" height="198" class="alignleft size-full wp-image-1359" src="https://konferenztechnik.de/wp-content/uploads/2013/08/04-bodenstaender-fuer-projektoren.jpg" alt="Soporte de suelo para proyectores" title=""></a></p>
<p>Soportes de suelo para proyectores y pantallas, soportes de suelo bajos para monitores de vista previa, soportes de suelo totalmente desmontables, placas adaptadoras y de soporte</p>
<p><a class="weiter" href="/es/distribucion-de-tecnologia-de-conferencia-y-av-media/tecnologia-de-video/soportes-para-pantallas-y-proyectores/soporte-de-suelo/">› Más</a></p>
<h4>Soportes de techo</h4>
<p><a href="/es/distribucion-de-tecnologia-de-conferencia-y-av-media/tecnologia-de-video/soportes-para-pantallas-y-proyectores/soportes-de-techo/"><img decoding="async" width="288" height="198" class="alignleft size-full wp-image-1357" src="https://konferenztechnik.de/wp-content/uploads/2013/08/02-deckenhalterungen-fuer-projektoren.jpg" alt="Soportes de techo para proyectores" title=""></a></p>
<p>Soportes de varias longitudes, soportes de rotación, kits de espejos, soportes de abrazadera para vigas de acero</p>
<p><a class="weiter" href="/es/distribucion-de-tecnologia-de-conferencia-y-av-media/tecnologia-de-video/soportes-para-pantallas-y-proyectores/soportes-de-techo/">› Más</a></p>
<h4>Soportes para cerchas</h4>
<p><a href="/es/distribucion-de-tecnologia-de-conferencia-y-av-media/tecnologia-de-video/soportes-para-pantallas-y-proyectores/soportes-para-cerchas/"><img loading="lazy" decoding="async" width="288" height="198" class="alignleft size-full wp-image-1358" src="https://konferenztechnik.de/wp-content/uploads/2013/08/03-trusshalterungen-fuer-projektoren.jpg" alt="Soportes para proyectores" title=""></a></p>
<p>Soportes truss para pantallas y proyectores, soportes con dispositivos para facilitar el ajuste fino, bastidores apilables (carcasa protectora), soportes de instalación muy rápida para empresas de alquiler de tecnología</p>
<p><a class="weiter" title="Curso de otoño para intérpretes" href="/es/distribucion-de-tecnologia-de-conferencia-y-av-media/tecnologia-de-video/soportes-para-pantallas-y-proyectores/soportes-para-cerchas/">› Más</a></p>
<h4>Mobiliario de conferencias</h4>
<p><a href="/es/distribucion-de-tecnologia-de-conferencia-y-av-media/tecnologia-de-video/soportes-para-pantallas-y-proyectores/mobiliario-de-conferencia/"><img loading="lazy" decoding="async" width="288" height="191" class="alignleft size-full wp-image-4381" src="https://konferenztechnik.de/wp-content/uploads/2013/08/konferenzmoebel.jpg" alt="Mobiliario de conferencias" title=""></a></p>
<p>Armarios para sistemas de videoconferencia, pizarras blancas o pantallas, soportes para proyectores, soluciones móviles sobre ruedas</p>
<p><a class="weiter" title="Curso de otoño para intérpretes" href="/es/distribucion-de-tecnologia-de-conferencia-y-av-media/tecnologia-de-video/soportes-para-pantallas-y-proyectores/mobiliario-de-conferencia/">› Más</a></p>
<h4>Soportes especiales</h4>
<p><a href="/es/distribucion-de-tecnologia-de-conferencia-y-av-media/tecnologia-de-video/soportes-para-pantallas-y-proyectores/soportes-especiales/"><img loading="lazy" decoding="async" width="288" height="191" class="alignleft size-full wp-image-4484" src="https://konferenztechnik.de/wp-content/uploads/2013/08/pcs-spezialanwendungen.jpg" alt="Soportes para pantallas y proyectores: Soportes especiales" title=""></a></p>
<p>Soportes para tabletas (por ejemplo, iPad) para paredes y suelos, soportes para videowalls, marcos apilables, soportes tip &amp; touch (soportes de mesa para pantallas táctiles)</p>
<p><a class="weiter" title="Soportes especiales" href="/es/distribucion-de-tecnologia-de-conferencia-y-av-media/tecnologia-de-video/soportes-para-pantallas-y-proyectores/soportes-especiales/">› Más</a></p>

<p>Halterungen für Displays und Projektoren In unserem Sortiment finden Sie Halterungen für die unterschiedlichsten Anwendungsgebiete: Ob Tablet (z. B. iPad), Display Projektor oder Videowall, auf den Boden gestellt, von der Decke hängend oder and der Wand befestigt. Lassen Sie sich von unserer Auswahl an Halterungen überzeugen und kontaktieren Sie uns einfach, wenn Sie Unterstützung bei [&hellip;]</p>
