{"id":13534,"date":"2018-07-17T12:32:11","date_gmt":"2018-07-17T11:32:11","guid":{"rendered":"https:\/\/www.konferenztechnik.de\/?page_id=13534"},"modified":"2023-07-04T15:36:02","modified_gmt":"2023-07-04T13:36:02","slug":"comprar-audipack-silent-9300","status":"publish","type":"page","link":"https:\/\/konferenztechnik.de\/es\/comprar-audipack-silent-9300\/","title":{"rendered":"Comprar Audipack Silent 9300"},"content":{"rendered":"<div data-elementor-type=\"wp-page\" data-elementor-id=\"13534\" class=\"elementor elementor-13534\" data-elementor-post-type=\"page\">\n\t\t\t\t<div data-particle_enable=\"false\" data-particle-mobile-disabled=\"false\" class=\"elementor-element elementor-element-089a2dc e-flex e-con-boxed e-con e-parent\" data-id=\"089a2dc\" data-element_type=\"container\">\n\t\t\t\t\t<div class=\"e-con-inner\">\n\t\t<div data-particle_enable=\"false\" data-particle-mobile-disabled=\"false\" class=\"elementor-element elementor-element-e060cf2 e-flex e-con-boxed e-con e-parent\" data-id=\"e060cf2\" data-element_type=\"container\">\n\t\t\t\t\t<div class=\"e-con-inner\">\n\t\t\t\t<div class=\"elementor-element elementor-element-d6221e7 elementor-widget elementor-widget-heading\" data-id=\"d6221e7\" data-element_type=\"widget\" data-settings=\"{&quot;_animation&quot;:&quot;none&quot;}\" data-widget_type=\"heading.default\">\n\t\t\t\t<div class=\"elementor-widget-container\">\n\t\t\t\t\t<h1 class=\"elementor-heading-title elementor-size-default\">Comprar, alquilar o arrendar cabinas de interpretaci\u00f3n Audipack Silent 9300<\/h1>\t\t\t\t<\/div>\n\t\t\t\t<\/div>\n\t\t\t\t\t<\/div>\n\t\t\t\t<\/div>\n\t\t<div data-particle_enable=\"false\" data-particle-mobile-disabled=\"false\" class=\"elementor-element elementor-element-ebc183b e-grid e-con-boxed e-con e-parent\" data-id=\"ebc183b\" data-element_type=\"container\">\n\t\t\t\t\t<div class=\"e-con-inner\">\n\t\t\t\t<div class=\"elementor-element elementor-element-a76df13 elementor-widget elementor-widget-image\" data-id=\"a76df13\" data-element_type=\"widget\" data-widget_type=\"image.default\">\n\t\t\t\t<div class=\"elementor-widget-container\">\n\t\t\t\t\t\t\t\t\t\t\t\t\t\t\t<img fetchpriority=\"high\" decoding=\"async\" width=\"800\" height=\"600\" src=\"https:\/\/konferenztechnik.de\/wp-content\/uploads\/2013\/09\/9300-Interpreter-booth.jpg\" class=\"attachment-large size-large wp-image-3475\" alt=\"Cabina de int\u00e9rprete Audipack Silent 9300\" srcset=\"https:\/\/konferenztechnik.de\/wp-content\/uploads\/2013\/09\/9300-Interpreter-booth.jpg 800w, https:\/\/konferenztechnik.de\/wp-content\/uploads\/2013\/09\/9300-Interpreter-booth-300x225.jpg 300w, https:\/\/konferenztechnik.de\/wp-content\/uploads\/2013\/09\/9300-Interpreter-booth-768x576.jpg 768w\" sizes=\"(max-width: 800px) 100vw, 800px\" title=\"\">\t\t\t\t\t\t\t\t\t\t\t\t\t\t\t<\/div>\n\t\t\t\t<\/div>\n\t\t\t\t<div class=\"elementor-element elementor-element-fa3c6d6 content-align-cta-default elementor-widget elementor-widget-eael-cta-box\" data-id=\"fa3c6d6\" data-element_type=\"widget\" data-widget_type=\"eael-cta-box.default\">\n\t\t\t\t<div class=\"elementor-widget-container\">\n\t\t\t\t\t\t\t<div class=\"eael-call-to-action cta-basic bg-lite cta-preset-1\">\n        <h2 class=\"title eael-cta-heading\">Audipack Silent 9300<\/h2><p>El 9300 ya no se fabrica<\/p><p>Su sucesor es el Silent 9600<\/p><p>El 9600 cumple las normas m\u00e1s recientes<\/p><a href=\"https:\/\/konferenztechnik.de\/es\/audipack-silent-9600-compra-alquiler-arrendamiento\/\" class=\"cta-button cta-preset-1\">Ver Silent 9600<\/a>\t<\/div>\n\t\t\t\t\t\t\t\t<\/div>\n\t\t\t\t<\/div>\n\t\t\t\t\t<\/div>\n\t\t\t\t<\/div>\n\t\t<div data-particle_enable=\"false\" data-particle-mobile-disabled=\"false\" class=\"elementor-element elementor-element-f3c3475 e-flex e-con-boxed e-con e-parent\" data-id=\"f3c3475\" data-element_type=\"container\">\n\t\t\t\t\t<div class=\"e-con-inner\">\n\t\t\t\t<div class=\"elementor-element elementor-element-6e1876c elementor-widget__width-inherit elementor-widget elementor-widget-text-editor\" data-id=\"6e1876c\" data-element_type=\"widget\" data-widget_type=\"text-editor.default\">\n\t\t\t\t<div class=\"elementor-widget-container\">\n\t\t\t\t\t\t\t\t\t<p>La cabina de interpretaci\u00f3n Audipack Silent 9300 MK II est\u00e1 descatalogada desde 2018. El motivo es una norma ISO mejorada que se public\u00f3 a finales de 2016. Por este motivo, las series de modelos existentes, como la Silent Series 9300 MK II, se han revisado y mejorado. El modelo sucesor del Audipack Silent 9300 MK II, que se ha consolidado como la referencia en tecnolog\u00eda de conferencias en los \u00faltimos a\u00f1os, es el nuevo Audipack Silent 9600.<\/p>\t\t\t\t\t\t\t\t<\/div>\n\t\t\t\t<\/div>\n\t\t\t\t<div class=\"elementor-element elementor-element-13606a3 elementor-widget elementor-widget-heading\" data-id=\"13606a3\" data-element_type=\"widget\" data-settings=\"{&quot;_animation&quot;:&quot;none&quot;}\" data-widget_type=\"heading.default\">\n\t\t\t\t<div class=\"elementor-widget-container\">\n\t\t\t\t\t<h2 class=\"elementor-heading-title elementor-size-default\">Nuevo modelo: cabina de interpretaci\u00f3n Audipack Silent 9600<\/h2>\t\t\t\t<\/div>\n\t\t\t\t<\/div>\n\t\t\t\t<div class=\"elementor-element elementor-element-c2880ac elementor-widget__width-inherit elementor-widget elementor-widget-text-editor\" data-id=\"c2880ac\" data-element_type=\"widget\" data-widget_type=\"text-editor.default\">\n\t\t\t\t<div class=\"elementor-widget-container\">\n\t\t\t\t\t\t\t\t\t<p>En comparaci\u00f3n con la Silent 9300 MK II, la Silent 9600 tiene, entre otras cosas, un mejor aislamiento ac\u00fastico, una ventana de visualizaci\u00f3n ampliada e iluminaci\u00f3n LED en el techo. Tambi\u00e9n est\u00e1 disponible como opci\u00f3n la monitorizaci\u00f3n de la calidad del aire. La nueva Audipack Silent 9600 est\u00e1 certificada conforme a la \u00faltima norma ISO para cabinas de interpretaci\u00f3n m\u00f3viles (ISO 4043:2016). Las cabinas de interpretaci\u00f3n Audipack Silent 9600 ya est\u00e1n disponibles para su entrega inmediata en el almac\u00e9n de PCS.<\/p>\t\t\t\t\t\t\t\t<\/div>\n\t\t\t\t<\/div>\n\t\t\t\t<div class=\"elementor-element elementor-element-627bebe elementor-widget__width-auto elementor-widget elementor-widget-button\" data-id=\"627bebe\" data-element_type=\"widget\" data-widget_type=\"button.default\">\n\t\t\t\t<div class=\"elementor-widget-container\">\n\t\t\t\t\t\t\t\t\t<div class=\"elementor-button-wrapper\">\n\t\t\t\t\t<a class=\"elementor-button elementor-button-link elementor-size-sm\" href=\"https:\/\/konferenztechnik.de\/es\/audipack-silent-9600-compra-alquiler-arrendamiento\/\">\n\t\t\t\t\t\t<span class=\"elementor-button-content-wrapper\">\n\t\t\t\t\t\t\t\t\t<span class=\"elementor-button-text\">Directamente al Silent 9600<\/span>\n\t\t\t\t\t<\/span>\n\t\t\t\t\t<\/a>\n\t\t\t\t<\/div>\n\t\t\t\t\t\t\t\t<\/div>\n\t\t\t\t<\/div>\n\t\t\t\t\t<\/div>\n\t\t\t\t<\/div>\n\t\t\t\t<div class=\"elementor-element elementor-element-c4c5899 elementor-widget elementor-widget-shortcode\" data-id=\"c4c5899\" data-element_type=\"widget\" data-widget_type=\"shortcode.default\">\n\t\t\t\t<div class=\"elementor-widget-container\">\n\t\t\t\t\t\t\t<div class=\"elementor-shortcode\"><\/div>\n\t\t\t\t\t\t<\/div>\n\t\t\t\t<\/div>\n\t\t\t\t\t<\/div>\n\t\t\t\t<\/div>\n\t\t<div data-particle_enable=\"false\" data-particle-mobile-disabled=\"false\" class=\"elementor-element elementor-element-8ccd1e3 e-flex e-con-boxed e-con e-parent\" data-id=\"8ccd1e3\" data-element_type=\"container\">\n\t\t\t\t\t<div class=\"e-con-inner\">\n\t\t\t\t<div class=\"elementor-element elementor-element-de0f5e8 elementor-widget elementor-widget-shortcode\" data-id=\"de0f5e8\" data-element_type=\"widget\" data-widget_type=\"shortcode.default\">\n\t\t\t\t<div class=\"elementor-widget-container\">\n\t\t\t\t\t\t\t<div class=\"elementor-shortcode\"><\/div>\n\t\t\t\t\t\t<\/div>\n\t\t\t\t<\/div>\n\t\t\t\t\t<\/div>\n\t\t\t\t<\/div>\n\t\t\t\t<\/div>","protected":false},"excerpt":{"rendered":"<p>Audipack Silent 9300 Dolmetscherkabinen kaufen, mieten oder leasen Audipack Silent 9300 Die 9300 wird nicht mehr hergestellt Nachfolgerin ist die Silent 9600 Die 9600 entspricht neusten Normen Silent 9600 ansehen Die Dolmetschkabine Audipack Silent 9300 wird seit 2018 nicht mehr hergestellt. Der Grund daf\u00fcr ist eine verbesserte ISO-Norm, die Ende 2016 ver\u00f6ffentlicht wurde. Aus diesem [&hellip;]<\/p>","protected":false},"author":1,"featured_media":45482,"parent":0,"menu_order":0,"comment_status":"closed","ping_status":"closed","template":"","meta":{"_acf_changed":false,"footnotes":""},"class_list":["post-13534","page","type-page","status-publish","has-post-thumbnail","hentry"],"acf":[],"_links":{"self":[{"href":"https:\/\/konferenztechnik.de\/es\/wp-json\/wp\/v2\/pages\/13534","targetHints":{"allow":["GET"]}}],"collection":[{"href":"https:\/\/konferenztechnik.de\/es\/wp-json\/wp\/v2\/pages"}],"about":[{"href":"https:\/\/konferenztechnik.de\/es\/wp-json\/wp\/v2\/types\/page"}],"author":[{"embeddable":true,"href":"https:\/\/konferenztechnik.de\/es\/wp-json\/wp\/v2\/users\/1"}],"replies":[{"embeddable":true,"href":"https:\/\/konferenztechnik.de\/es\/wp-json\/wp\/v2\/comments?post=13534"}],"version-history":[{"count":0,"href":"https:\/\/konferenztechnik.de\/es\/wp-json\/wp\/v2\/pages\/13534\/revisions"}],"wp:featuredmedia":[{"embeddable":true,"href":"https:\/\/konferenztechnik.de\/es\/wp-json\/wp\/v2\/media\/45482"}],"wp:attachment":[{"href":"https:\/\/konferenztechnik.de\/es\/wp-json\/wp\/v2\/media?parent=13534"}],"curies":[{"name":"wp","href":"https:\/\/api.w.org\/{rel}","templated":true}]}}

<div data-elementor-type="wp-page" data-elementor-id="13534" class="elementor elementor-13534" data-elementor-post-type="page">
				<div data-particle_enable="false" data-particle-mobile-disabled="false" class="elementor-element elementor-element-089a2dc e-flex e-con-boxed e-con e-parent" data-id="089a2dc" data-element_type="container">
					<div class="e-con-inner">
		<div data-particle_enable="false" data-particle-mobile-disabled="false" class="elementor-element elementor-element-e060cf2 e-flex e-con-boxed e-con e-parent" data-id="e060cf2" data-element_type="container">
					<div class="e-con-inner">
				<div class="elementor-element elementor-element-d6221e7 elementor-widget elementor-widget-heading" data-id="d6221e7" data-element_type="widget" data-settings="{&quot;_animation&quot;:&quot;none&quot;}" data-widget_type="heading.default">
				<div class="elementor-widget-container">
					<h1 class="elementor-heading-title elementor-size-default">Comprar, alquilar o arrendar cabinas de interpretación Audipack Silent 9300</h1>				</div>
				</div>
					</div>
				</div>
		<div data-particle_enable="false" data-particle-mobile-disabled="false" class="elementor-element elementor-element-ebc183b e-grid e-con-boxed e-con e-parent" data-id="ebc183b" data-element_type="container">
					<div class="e-con-inner">
				<div class="elementor-element elementor-element-a76df13 elementor-widget elementor-widget-image" data-id="a76df13" data-element_type="widget" data-widget_type="image.default">
				<div class="elementor-widget-container">
															<img fetchpriority="high" decoding="async" width="800" height="600" src="https://konferenztechnik.de/wp-content/uploads/2013/09/9300-Interpreter-booth.jpg" class="attachment-large size-large wp-image-3475" alt="Cabina de intérprete Audipack Silent 9300" srcset="https://konferenztechnik.de/wp-content/uploads/2013/09/9300-Interpreter-booth.jpg 800w, https://konferenztechnik.de/wp-content/uploads/2013/09/9300-Interpreter-booth-300x225.jpg 300w, https://konferenztechnik.de/wp-content/uploads/2013/09/9300-Interpreter-booth-768x576.jpg 768w" sizes="(max-width: 800px) 100vw, 800px" title="">															</div>
				</div>
				<div class="elementor-element elementor-element-fa3c6d6 content-align-cta-default elementor-widget elementor-widget-eael-cta-box" data-id="fa3c6d6" data-element_type="widget" data-widget_type="eael-cta-box.default">
				<div class="elementor-widget-container">
							<div class="eael-call-to-action cta-basic bg-lite cta-preset-1">
        <h2 class="title eael-cta-heading">Audipack Silent 9300</h2><p>El 9300 ya no se fabrica</p><p>Su sucesor es el Silent 9600</p><p>El 9600 cumple las normas más recientes</p><a href="https://konferenztechnik.de/es/audipack-silent-9600-compra-alquiler-arrendamiento/" class="cta-button cta-preset-1">Ver Silent 9600</a>	</div>
								</div>
				</div>
					</div>
				</div>
		<div data-particle_enable="false" data-particle-mobile-disabled="false" class="elementor-element elementor-element-f3c3475 e-flex e-con-boxed e-con e-parent" data-id="f3c3475" data-element_type="container">
					<div class="e-con-inner">
				<div class="elementor-element elementor-element-6e1876c elementor-widget__width-inherit elementor-widget elementor-widget-text-editor" data-id="6e1876c" data-element_type="widget" data-widget_type="text-editor.default">
				<div class="elementor-widget-container">
									<p>La cabina de interpretación Audipack Silent 9300 MK II está descatalogada desde 2018. El motivo es una norma ISO mejorada que se publicó a finales de 2016. Por este motivo, las series de modelos existentes, como la Silent Series 9300 MK II, se han revisado y mejorado. El modelo sucesor del Audipack Silent 9300 MK II, que se ha consolidado como la referencia en tecnología de conferencias en los últimos años, es el nuevo Audipack Silent 9600.</p>								</div>
				</div>
				<div class="elementor-element elementor-element-13606a3 elementor-widget elementor-widget-heading" data-id="13606a3" data-element_type="widget" data-settings="{&quot;_animation&quot;:&quot;none&quot;}" data-widget_type="heading.default">
				<div class="elementor-widget-container">
					<h2 class="elementor-heading-title elementor-size-default">Nuevo modelo: cabina de interpretación Audipack Silent 9600</h2>				</div>
				</div>
				<div class="elementor-element elementor-element-c2880ac elementor-widget__width-inherit elementor-widget elementor-widget-text-editor" data-id="c2880ac" data-element_type="widget" data-widget_type="text-editor.default">
				<div class="elementor-widget-container">
									<p>En comparación con la Silent 9300 MK II, la Silent 9600 tiene, entre otras cosas, un mejor aislamiento acústico, una ventana de visualización ampliada e iluminación LED en el techo. También está disponible como opción la monitorización de la calidad del aire. La nueva Audipack Silent 9600 está certificada conforme a la última norma ISO para cabinas de interpretación móviles (ISO 4043:2016). Las cabinas de interpretación Audipack Silent 9600 ya están disponibles para su entrega inmediata en el almacén de PCS.</p>								</div>
				</div>
				<div class="elementor-element elementor-element-627bebe elementor-widget__width-auto elementor-widget elementor-widget-button" data-id="627bebe" data-element_type="widget" data-widget_type="button.default">
				<div class="elementor-widget-container">
									<div class="elementor-button-wrapper">
					<a class="elementor-button elementor-button-link elementor-size-sm" href="https://konferenztechnik.de/es/audipack-silent-9600-compra-alquiler-arrendamiento/">
						<span class="elementor-button-content-wrapper">
									<span class="elementor-button-text">Directamente al Silent 9600</span>
					</span>
					</a>
				</div>
								</div>
				</div>
					</div>
				</div>
				<div class="elementor-element elementor-element-c4c5899 elementor-widget elementor-widget-shortcode" data-id="c4c5899" data-element_type="widget" data-widget_type="shortcode.default">
				<div class="elementor-widget-container">
							<div class="elementor-shortcode"></div>
						</div>
				</div>
					</div>
				</div>
		<div data-particle_enable="false" data-particle-mobile-disabled="false" class="elementor-element elementor-element-8ccd1e3 e-flex e-con-boxed e-con e-parent" data-id="8ccd1e3" data-element_type="container">
					<div class="e-con-inner">
				<div class="elementor-element elementor-element-de0f5e8 elementor-widget elementor-widget-shortcode" data-id="de0f5e8" data-element_type="widget" data-widget_type="shortcode.default">
				<div class="elementor-widget-container">
							<div class="elementor-shortcode"></div>
						</div>
				</div>
					</div>
				</div>
				</div>

<p>Audipack Silent 9300 Dolmetscherkabinen kaufen, mieten oder leasen Audipack Silent 9300 Die 9300 wird nicht mehr hergestellt Nachfolgerin ist die Silent 9600 Die 9600 entspricht neusten Normen Silent 9600 ansehen Die Dolmetschkabine Audipack Silent 9300 wird seit 2018 nicht mehr hergestellt. Der Grund dafür ist eine verbesserte ISO-Norm, die Ende 2016 veröffentlicht wurde. Aus diesem [&hellip;]</p>
