{"id":13888,"date":"2018-10-03T10:38:49","date_gmt":"2018-10-03T09:38:49","guid":{"rendered":"https:\/\/www.konferenztechnik.de\/?page_id=13888"},"modified":"2023-08-29T14:29:09","modified_gmt":"2023-08-29T12:29:09","slug":"alquiler-de-sistemas-de-guia-turistico-alemania","status":"publish","type":"page","link":"https:\/\/konferenztechnik.de\/es\/alquiler-de-sistemas-de-guia-turistico-alemania\/","title":{"rendered":"Alquiler de sistemas de gu\u00edas tur\u00edsticos Alemania"},"content":{"rendered":"<h1>Alquiler de sistemas para gu\u00edas tur\u00edsticos Alemania \u2013 sistema FM de bolsillo port\u00e1til inal\u00e1mbrico de alquiler para visitas en interiores o exteriores<\/h1>\n<p><img decoding=\"async\" src=\"https:\/\/konferenztechnik.de\/wp-content\/uploads\/2017\/05\/fuehrungsanlagen-mieten-pcs-konferenztechnik.jpg\" alt=\"Alquiler de equipos de gu\u00eda tur\u00edstico en Alemania\" class=\"alignleft size-full wp-image-9278\" title=\"\"><\/p>\n<p>Los sistemas FM inal\u00e1mbricos port\u00e1tiles de bolsillo, tambi\u00e9n conocidos como sistemas de gu\u00eda tur\u00edstico, se utilizan en exposiciones, museos, espacios p\u00fablicos o naves industriales para garantizar una conexi\u00f3n perfecta entre el orador y el grupo de visitantes. Tambi\u00e9n son \u00fatiles para chuchotage o interpretaci\u00f3n susurrada.<\/p>\n<p>Varios grupos pueden participar en las visitas al mismo tiempo gracias a una selecci\u00f3n flexible de canales. Los collares de inducci\u00f3n transmiten el audio directamente a los aud\u00edfonos de los asistentes que los llevan. Los sistemas de visitas guiadas son compactos y se guardan f\u00e1cilmente en maletines f\u00e1ciles de transportar.<\/p>\n<p>[spacer size=\"15\u2033]<\/p>\n<div class=\"sidebar-line\"><\/div>\n<p>[spacer size=\"10\u2033]<br \/>\nEn PCS ponemos a su disposici\u00f3n los siguientes sistemas de gu\u00edas tur\u00edsticos:<\/p>\n<h2>Contrata el sistema de gu\u00eda tur\u00edstico Sennheiser Tourguide 2020<\/h2>\n<p><img decoding=\"async\" src=\"https:\/\/konferenztechnik.de\/wp-content\/uploads\/2018\/01\/sennheiser-tourguide-kaufen-set.jpg\" alt=\"\" title=\"\"><br \/>\nLa ventaja de este sistema es que el receptor est\u00e1 integrado en el auricular, lo que lo hace menos voluminoso en comparaci\u00f3n con otros auriculares m\u00e1s convencionales y facilita la entrega y recogida de los dispositivos. Esto tambi\u00e9n contribuye a la comodidad del usuario cuando lo lleva durante varias horas.<\/p>\n<p>El sistema ofrece hasta seis canales para grupos diferentes o tambi\u00e9n transmisi\u00f3n simult\u00e1nea en bandas de frecuencia abiertas de 863-865 MHz.<\/p>\n<p>Este sistema permite guiar a varios grupos a la vez.<\/p>\n<p>[spacer size=\"15\u2033]<\/p>\n<div class=\"sidebar-line\"><\/div>\n<p>[spacer size=\"10\u2033]<\/p>\n<h2>Contrate el sistema de gu\u00eda tur\u00edstico Synexis de Beyerdynamic<\/h2>\n<p><img decoding=\"async\" src=\"https:\/\/konferenztechnik.de\/wp-content\/uploads\/2018\/01\/beyerdynamic-synexis-kaufen-set.jpg\" alt=\"\" title=\"\"><br \/>\nEl sistema inal\u00e1mbrico de interpretaci\u00f3n y gu\u00eda tur\u00edstico Synexis de Beyerdynamic ofrece soluciones de amplio alcance y rentables al m\u00e1s alto nivel.<\/p>\n<p>Se pueden transmitir hasta 16 se\u00f1ales de audio simult\u00e1neamente y con claridad para que todo oyente pueda entenderlas.<\/p>\n<p>Varios grupos a la vez pueden ser guiados con un sistema de este tipo \u2013, as\u00ed como la interpretaci\u00f3n puede ser presentada.<\/p>\n<p>[spacer size=\"15\u2033]<\/p>\n<div class=\"sidebar-line\"><\/div>\n<p>[spacer size=\"10\u2033]<\/p>\n<h2>Alquile el sistema de gu\u00eda tur\u00edstico Beyerdynamic TTS 300<\/h2>\n<p><img decoding=\"async\" src=\"https:\/\/konferenztechnik.de\/wp-content\/uploads\/2018\/10\/tourguide-beyerdynamic-tts300.jpg\" alt=\"\" title=\"\"><\/p>\n<p>El sistema Beyerdynamic TTS 300 funciona con tecnolog\u00eda de alta frecuencia. La transmisi\u00f3n desde los micr\u00f3fonos de los altavoces inal\u00e1mbricos a los receptores se realiza utilizando la moderna UHF (rango de frecuencia de 863-865 MHz).<\/p>\n<p>Los participantes reciben un receptor y auriculares para que puedan escuchar los canales de transmisi\u00f3n del orador o de los int\u00e9rpretes.<\/p>\n<p>Con este sistema se garantiza el funcionamiento en paralelo de hasta 10 canales, lo que permite su uso en aplicaciones multiling\u00fces, as\u00ed como la divisi\u00f3n de los participantes en grupos para una misma visita. El tiempo de recarga de s\u00f3lo 30 minutos mediante los estuches de carga que se adjuntan permite volver a poner en funcionamiento los receptores r\u00e1pidamente.<\/p>\n<p>[spacer size=\"15\u2033]<\/p>\n<div class=\"sidebar-line\"><\/div>\n<p>[spacer size=\"10\u2033]<\/p>\n<h2>Accesorios del sistema de gu\u00eda tur\u00edstica<\/h2>\n<p>Ofrecemos una amplia selecci\u00f3n de accesorios para los sistemas aqu\u00ed presentados, entre los que se incluyen:<\/p>\n<p>[list icon=\"moon-checkmark\" colour=\"#a62055\u2033]Estuches de carga y fundas de transporte[\/list]<br \/>\n[list icon=\"moon-checkmark\" colour=\"#a62055\u2033]Colgantes con micr\u00f3fono[\/list]<br \/>\n[list icon=\"moon-checkmark\" colour=\"#a62055\u2033]Collares de inducci\u00f3n[\/list]<br \/>\n[list icon=\"moon-checkmark\" colour=\"#a62055\u2033]Piezas de repuesto y bater\u00edas recargables[\/list]<br \/>\n[list icon=\"moon-checkmark\" colour=\"#a62055\u2033]Dise\u00f1os personalizados[\/list]<br \/>\n[spacer size=\"20\u2033]<br \/>\n<img decoding=\"async\" src=\"https:\/\/konferenztechnik.de\/wp-content\/uploads\/2018\/03\/fuehrungsanlagen-zubehoer.jpg\" alt=\"Comprar accesorios para el sistema de guiado de pasajeros\" width=\"850\" class=\"alignnone size-full wp-image-12220\" title=\"\"><\/p>\n<div class=\"call-action-slider-img\">\n<img decoding=\"async\" src=\"https:\/\/konferenztechnik.de\/wp-content\/uploads\/2018\/01\/fuehrungsanlagen-kaufen-bei-pcs.jpg\" alt=\"Alquiler de equipos de interpretaci\u00f3n en Alemania\" class=\"alignleft size-full wp-image-9278\" title=\"\"><br \/>\n<button class=\"btn popmake-13980\">\u00a1Respuesta r\u00e1pida!<br \/>\nSolicitar un presupuesto &#x9B;<\/button><\/div>\n<h2>PCS Conference Service: cuatro sucursales en Alemania<\/h2>\n<p><img decoding=\"async\" src=\"https:\/\/konferenztechnik.de\/wp-content\/uploads\/2018\/09\/conference-service-germany-1.gif\" alt=\"\" title=\"\"><\/p>\n<p>Con cuatro sedes empresariales en toda Alemania, le ofrecemos una log\u00edstica sin fisuras y una tecnolog\u00eda de conferencias de m\u00e1xima calidad, adaptable y fiable para utilizar \u2013 desde un \u00fanico micr\u00f3fono hasta equipos de interpretaci\u00f3n simult\u00e1nea para hasta 32 idiomas.<\/p>\n<p>[spacer size=\"20\u2033]<\/p>\n<h2>P\u00f3ngase en contacto con<\/h2>\n<p>[column size=\"1-4\u2033 last=\"1\u2033]<\/p>\n<div class=\"box1-4\">\n<div class=\"box-head\">Norte y Oeste<\/div>\n<p><img fetchpriority=\"high\" decoding=\"async\" width=\"800\" height=\"533\" src=\"https:\/\/konferenztechnik.de\/wp-content\/uploads\/2013\/09\/monika_van_den_boogaard_pcs-gmbh.jpg\" alt=\"Monika van den Boogaard PCS GmbH Alemania\" class=\"alignleft size-full wp-image-2312\" title=\"\" srcset=\"https:\/\/konferenztechnik.de\/wp-content\/uploads\/2013\/09\/monika_van_den_boogaard_pcs-gmbh.jpg 800w, https:\/\/konferenztechnik.de\/wp-content\/uploads\/2013\/09\/monika_van_den_boogaard_pcs-gmbh-300x200.jpg 300w, https:\/\/konferenztechnik.de\/wp-content\/uploads\/2013\/09\/monika_van_den_boogaard_pcs-gmbh-768x512.jpg 768w\" sizes=\"(max-width: 800px) 100vw, 800px\" \/><br \/>\nMonika van den Boogaard<br \/>\nAlquiler de apoyo a proyectos<br \/>\nTel\u00e9fono +49 211 737798 10<br \/>\n<span class=\"volleansicht\"><a href=\"mailto:vandenboogaard@konferenztechnik.de\" onclick=\"ga('send', 'event', 'Email-Klick', 'Kontakt Boogaard');\">correo electr\u00f3nico <\/a><br \/>\n<\/span><br \/>\n<span class=\"mobileansicht\"><a href=\"mailto:vandenboogaard@konferenztechnik.de\" onclick=\"ga('send', 'event', 'Email-Klick', 'Kontakt Boogaard');\">correo electr\u00f3nico <\/a><br \/>\n<\/span><\/div>\n<p>[\/columna]<br \/>\n[column size=\"1-4\u2033 last=\"1\u2033]<\/p>\n<div class=\"box1-4\">\n<div class=\"box-head\">Este<\/div>\n<p><img decoding=\"async\" width=\"2316\" height=\"1543\" src=\"https:\/\/konferenztechnik.de\/wp-content\/uploads\/2017\/05\/sebastian-meyer-pcs-gmbh.jpg\" alt=\"Sebastian Meyer PCS GmbH Alemania - Disposici\u00f3n\" class=\"alignleft size-full wp-image-10048\" title=\"\" srcset=\"https:\/\/konferenztechnik.de\/wp-content\/uploads\/2017\/05\/sebastian-meyer-pcs-gmbh.jpg 2316w, https:\/\/konferenztechnik.de\/wp-content\/uploads\/2017\/05\/sebastian-meyer-pcs-gmbh-300x200.jpg 300w, https:\/\/konferenztechnik.de\/wp-content\/uploads\/2017\/05\/sebastian-meyer-pcs-gmbh-1024x682.jpg 1024w, https:\/\/konferenztechnik.de\/wp-content\/uploads\/2017\/05\/sebastian-meyer-pcs-gmbh-768x512.jpg 768w, https:\/\/konferenztechnik.de\/wp-content\/uploads\/2017\/05\/sebastian-meyer-pcs-gmbh-1536x1023.jpg 1536w, https:\/\/konferenztechnik.de\/wp-content\/uploads\/2017\/05\/sebastian-meyer-pcs-gmbh-2048x1364.jpg 2048w\" sizes=\"(max-width: 2316px) 100vw, 2316px\" \/><br \/>\nSebastian Meyer<br \/>\nAlquiler de apoyo a proyectos<br \/>\nTel\u00e9fono +49 30 6959690 15<br \/>\n<span class=\"volleansicht\"><a href=\"mailto:meyer@konferenztechnik.de\" onclick=\"ga('send', 'event', 'Email-Klick', 'Kontakt Meyer');\">correo electr\u00f3nico <\/a><br \/>\n<\/span><br \/>\n<span class=\"mobileansicht\"><a href=\"mailto:meyer@konferenztechnik.de\" onclick=\"ga('send', 'event', 'Email-Klick', 'Kontakt Meyer');\">correo electr\u00f3nico <\/a><br \/>\n<\/span><\/div>\n<p>[\/columna]<\/p>\n<p>[column size=\"1-4\u2033 last=\"1\u2033]<br \/>\n[\/columna]<\/p>\n<p>[column size=\"1-4\u2033 last=\"1\u2033]<\/p>\n<div class=\"box1-4\">\n<div class=\"box-head\">Sur<\/div>\n<p><img decoding=\"async\" width=\"800\" height=\"533\" src=\"https:\/\/konferenztechnik.de\/wp-content\/uploads\/2013\/09\/sebastian_gegusch_pcs-gmbh.jpg\" alt=\"Sebastian Gegusch - PCS GmbH Alemania - Planificaci\u00f3n de proyectos\" class=\"alignleft size-full wp-image-3153\" title=\"\" srcset=\"https:\/\/konferenztechnik.de\/wp-content\/uploads\/2013\/09\/sebastian_gegusch_pcs-gmbh.jpg 800w, https:\/\/konferenztechnik.de\/wp-content\/uploads\/2013\/09\/sebastian_gegusch_pcs-gmbh-300x200.jpg 300w, https:\/\/konferenztechnik.de\/wp-content\/uploads\/2013\/09\/sebastian_gegusch_pcs-gmbh-768x512.jpg 768w\" sizes=\"(max-width: 800px) 100vw, 800px\" \/>Sebastian Gegusch<br \/>\nGesti\u00f3n de proyectos<br \/>\nTel\u00e9fono +49 89 21553290<br \/>\n<span class=\"volleansicht\"><a href=\"mailto:gegusch@konferenztechnik.de\" onclick=\"ga('send', 'event', 'Email-Klick', 'Kontakt Gegusch');\">correo electr\u00f3nico <\/a><br \/>\n<\/span> <span class=\"mobileansicht\"><a href=\"mailto:gegusch@konferenztechnik.de\" onclick=\"ga('send', 'event', 'Email-Klick', 'Kontakt Gegusch');\">correo electr\u00f3nico <\/a><br \/>\n<\/span><\/div>\n<p>[\/columna]<\/p>\n<p>[column size=\"1-4\u2033 last=\"1\u2033]<\/p>\n<p>[\/columna]<\/p>","protected":false},"excerpt":{"rendered":"<p>Tour Guide Systems Rental Germany \u2013 hire wireless portable bodypack FM system for indoor or outdoor tours Wireless portable bodypack FM systems, known also as tour guide systems, are made use of in exhibitions, museums, public spaces or factory buildings in order to ensure a flawless connection between a speaker and the tour group. They [&hellip;]<\/p>","protected":false},"author":1,"featured_media":45482,"parent":0,"menu_order":0,"comment_status":"closed","ping_status":"closed","template":"","meta":{"_acf_changed":false,"footnotes":""},"class_list":["post-13888","page","type-page","status-publish","has-post-thumbnail","hentry"],"acf":[],"_links":{"self":[{"href":"https:\/\/konferenztechnik.de\/es\/wp-json\/wp\/v2\/pages\/13888","targetHints":{"allow":["GET"]}}],"collection":[{"href":"https:\/\/konferenztechnik.de\/es\/wp-json\/wp\/v2\/pages"}],"about":[{"href":"https:\/\/konferenztechnik.de\/es\/wp-json\/wp\/v2\/types\/page"}],"author":[{"embeddable":true,"href":"https:\/\/konferenztechnik.de\/es\/wp-json\/wp\/v2\/users\/1"}],"replies":[{"embeddable":true,"href":"https:\/\/konferenztechnik.de\/es\/wp-json\/wp\/v2\/comments?post=13888"}],"version-history":[{"count":0,"href":"https:\/\/konferenztechnik.de\/es\/wp-json\/wp\/v2\/pages\/13888\/revisions"}],"wp:featuredmedia":[{"embeddable":true,"href":"https:\/\/konferenztechnik.de\/es\/wp-json\/wp\/v2\/media\/45482"}],"wp:attachment":[{"href":"https:\/\/konferenztechnik.de\/es\/wp-json\/wp\/v2\/media?parent=13888"}],"curies":[{"name":"wp","href":"https:\/\/api.w.org\/{rel}","templated":true}]}}

Alquiler de sistemas de guías turísticos Alemania

<h1>Alquiler de sistemas para guías turísticos Alemania – sistema FM de bolsillo portátil inalámbrico de alquiler para visitas en interiores o exteriores</h1>
<p><img decoding="async" src="https://konferenztechnik.de/wp-content/uploads/2017/05/fuehrungsanlagen-mieten-pcs-konferenztechnik.jpg" alt="Alquiler de equipos de guía turístico en Alemania" class="alignleft size-full wp-image-9278" title=""></p>
<p>Los sistemas FM inalámbricos portátiles de bolsillo, también conocidos como sistemas de guía turístico, se utilizan en exposiciones, museos, espacios públicos o naves industriales para garantizar una conexión perfecta entre el orador y el grupo de visitantes. También son útiles para chuchotage o interpretación susurrada.</p>
<p>Varios grupos pueden participar en las visitas al mismo tiempo gracias a una selección flexible de canales. Los collares de inducción transmiten el audio directamente a los audífonos de los asistentes que los llevan. Los sistemas de visitas guiadas son compactos y se guardan fácilmente en maletines fáciles de transportar.</p>
<p>[spacer size="15″]</p>
<div class="sidebar-line"></div>
<p>[spacer size="10″]<br />
En PCS ponemos a su disposición los siguientes sistemas de guías turísticos:</p>
<h2>Contrata el sistema de guía turístico Sennheiser Tourguide 2020</h2>
<p><img decoding="async" src="https://konferenztechnik.de/wp-content/uploads/2018/01/sennheiser-tourguide-kaufen-set.jpg" alt="" title=""><br />
La ventaja de este sistema es que el receptor está integrado en el auricular, lo que lo hace menos voluminoso en comparación con otros auriculares más convencionales y facilita la entrega y recogida de los dispositivos. Esto también contribuye a la comodidad del usuario cuando lo lleva durante varias horas.</p>
<p>El sistema ofrece hasta seis canales para grupos diferentes o también transmisión simultánea en bandas de frecuencia abiertas de 863-865 MHz.</p>
<p>Este sistema permite guiar a varios grupos a la vez.</p>
<p>[spacer size="15″]</p>
<div class="sidebar-line"></div>
<p>[spacer size="10″]</p>
<h2>Contrate el sistema de guía turístico Synexis de Beyerdynamic</h2>
<p><img decoding="async" src="https://konferenztechnik.de/wp-content/uploads/2018/01/beyerdynamic-synexis-kaufen-set.jpg" alt="" title=""><br />
El sistema inalámbrico de interpretación y guía turístico Synexis de Beyerdynamic ofrece soluciones de amplio alcance y rentables al más alto nivel.</p>
<p>Se pueden transmitir hasta 16 señales de audio simultáneamente y con claridad para que todo oyente pueda entenderlas.</p>
<p>Varios grupos a la vez pueden ser guiados con un sistema de este tipo –, así como la interpretación puede ser presentada.</p>
<p>[spacer size="15″]</p>
<div class="sidebar-line"></div>
<p>[spacer size="10″]</p>
<h2>Alquile el sistema de guía turístico Beyerdynamic TTS 300</h2>
<p><img decoding="async" src="https://konferenztechnik.de/wp-content/uploads/2018/10/tourguide-beyerdynamic-tts300.jpg" alt="" title=""></p>
<p>El sistema Beyerdynamic TTS 300 funciona con tecnología de alta frecuencia. La transmisión desde los micrófonos de los altavoces inalámbricos a los receptores se realiza utilizando la moderna UHF (rango de frecuencia de 863-865 MHz).</p>
<p>Los participantes reciben un receptor y auriculares para que puedan escuchar los canales de transmisión del orador o de los intérpretes.</p>
<p>Con este sistema se garantiza el funcionamiento en paralelo de hasta 10 canales, lo que permite su uso en aplicaciones multilingües, así como la división de los participantes en grupos para una misma visita. El tiempo de recarga de sólo 30 minutos mediante los estuches de carga que se adjuntan permite volver a poner en funcionamiento los receptores rápidamente.</p>
<p>[spacer size="15″]</p>
<div class="sidebar-line"></div>
<p>[spacer size="10″]</p>
<h2>Accesorios del sistema de guía turística</h2>
<p>Ofrecemos una amplia selección de accesorios para los sistemas aquí presentados, entre los que se incluyen:</p>
<p>[list icon="moon-checkmark" colour="#a62055″]Estuches de carga y fundas de transporte[/list]<br />
[list icon="moon-checkmark" colour="#a62055″]Colgantes con micrófono[/list]<br />
[list icon="moon-checkmark" colour="#a62055″]Collares de inducción[/list]<br />
[list icon="moon-checkmark" colour="#a62055″]Piezas de repuesto y baterías recargables[/list]<br />
[list icon="moon-checkmark" colour="#a62055″]Diseños personalizados[/list]<br />
[spacer size="20″]<br />
<img decoding="async" src="https://konferenztechnik.de/wp-content/uploads/2018/03/fuehrungsanlagen-zubehoer.jpg" alt="Comprar accesorios para el sistema de guiado de pasajeros" width="850" class="alignnone size-full wp-image-12220" title=""></p>
<div class="call-action-slider-img">
<img decoding="async" src="https://konferenztechnik.de/wp-content/uploads/2018/01/fuehrungsanlagen-kaufen-bei-pcs.jpg" alt="Alquiler de equipos de interpretación en Alemania" class="alignleft size-full wp-image-9278" title=""><br />
<button class="btn popmake-13980">¡Respuesta rápida!<br />
Solicitar un presupuesto &#x9B;</button></div>
<h2>PCS Conference Service: cuatro sucursales en Alemania</h2>
<p><img decoding="async" src="https://konferenztechnik.de/wp-content/uploads/2018/09/conference-service-germany-1.gif" alt="" title=""></p>
<p>Con cuatro sedes empresariales en toda Alemania, le ofrecemos una logística sin fisuras y una tecnología de conferencias de máxima calidad, adaptable y fiable para utilizar – desde un único micrófono hasta equipos de interpretación simultánea para hasta 32 idiomas.</p>
<p>[spacer size="20″]</p>
<h2>Póngase en contacto con</h2>
<p>[column size="1-4″ last="1″]</p>
<div class="box1-4">
<div class="box-head">Norte y Oeste</div>
<p><img fetchpriority="high" decoding="async" width="800" height="533" src="https://konferenztechnik.de/wp-content/uploads/2013/09/monika_van_den_boogaard_pcs-gmbh.jpg" alt="Monika van den Boogaard PCS GmbH Alemania" class="alignleft size-full wp-image-2312" title="" srcset="https://konferenztechnik.de/wp-content/uploads/2013/09/monika_van_den_boogaard_pcs-gmbh.jpg 800w, https://konferenztechnik.de/wp-content/uploads/2013/09/monika_van_den_boogaard_pcs-gmbh-300x200.jpg 300w, https://konferenztechnik.de/wp-content/uploads/2013/09/monika_van_den_boogaard_pcs-gmbh-768x512.jpg 768w" sizes="(max-width: 800px) 100vw, 800px" /><br />
Monika van den Boogaard<br />
Alquiler de apoyo a proyectos<br />
Teléfono +49 211 737798 10<br />
<span class="volleansicht"><a href="mailto:vandenboogaard@konferenztechnik.de" onclick="ga('send', 'event', 'Email-Klick', 'Kontakt Boogaard');">correo electrónico </a><br />
</span><br />
<span class="mobileansicht"><a href="mailto:vandenboogaard@konferenztechnik.de" onclick="ga('send', 'event', 'Email-Klick', 'Kontakt Boogaard');">correo electrónico </a><br />
</span></div>
<p>[/columna]<br />
[column size="1-4″ last="1″]</p>
<div class="box1-4">
<div class="box-head">Este</div>
<p><img decoding="async" width="2316" height="1543" src="https://konferenztechnik.de/wp-content/uploads/2017/05/sebastian-meyer-pcs-gmbh.jpg" alt="Sebastian Meyer PCS GmbH Alemania - Disposición" class="alignleft size-full wp-image-10048" title="" srcset="https://konferenztechnik.de/wp-content/uploads/2017/05/sebastian-meyer-pcs-gmbh.jpg 2316w, https://konferenztechnik.de/wp-content/uploads/2017/05/sebastian-meyer-pcs-gmbh-300x200.jpg 300w, https://konferenztechnik.de/wp-content/uploads/2017/05/sebastian-meyer-pcs-gmbh-1024x682.jpg 1024w, https://konferenztechnik.de/wp-content/uploads/2017/05/sebastian-meyer-pcs-gmbh-768x512.jpg 768w, https://konferenztechnik.de/wp-content/uploads/2017/05/sebastian-meyer-pcs-gmbh-1536x1023.jpg 1536w, https://konferenztechnik.de/wp-content/uploads/2017/05/sebastian-meyer-pcs-gmbh-2048x1364.jpg 2048w" sizes="(max-width: 2316px) 100vw, 2316px" /><br />
Sebastian Meyer<br />
Alquiler de apoyo a proyectos<br />
Teléfono +49 30 6959690 15<br />
<span class="volleansicht"><a href="mailto:meyer@konferenztechnik.de" onclick="ga('send', 'event', 'Email-Klick', 'Kontakt Meyer');">correo electrónico </a><br />
</span><br />
<span class="mobileansicht"><a href="mailto:meyer@konferenztechnik.de" onclick="ga('send', 'event', 'Email-Klick', 'Kontakt Meyer');">correo electrónico </a><br />
</span></div>
<p>[/columna]</p>
<p>[column size="1-4″ last="1″]<br />
[/columna]</p>
<p>[column size="1-4″ last="1″]</p>
<div class="box1-4">
<div class="box-head">Sur</div>
<p><img decoding="async" width="800" height="533" src="https://konferenztechnik.de/wp-content/uploads/2013/09/sebastian_gegusch_pcs-gmbh.jpg" alt="Sebastian Gegusch - PCS GmbH Alemania - Planificación de proyectos" class="alignleft size-full wp-image-3153" title="" srcset="https://konferenztechnik.de/wp-content/uploads/2013/09/sebastian_gegusch_pcs-gmbh.jpg 800w, https://konferenztechnik.de/wp-content/uploads/2013/09/sebastian_gegusch_pcs-gmbh-300x200.jpg 300w, https://konferenztechnik.de/wp-content/uploads/2013/09/sebastian_gegusch_pcs-gmbh-768x512.jpg 768w" sizes="(max-width: 800px) 100vw, 800px" />Sebastian Gegusch<br />
Gestión de proyectos<br />
Teléfono +49 89 21553290<br />
<span class="volleansicht"><a href="mailto:gegusch@konferenztechnik.de" onclick="ga('send', 'event', 'Email-Klick', 'Kontakt Gegusch');">correo electrónico </a><br />
</span> <span class="mobileansicht"><a href="mailto:gegusch@konferenztechnik.de" onclick="ga('send', 'event', 'Email-Klick', 'Kontakt Gegusch');">correo electrónico </a><br />
</span></div>
<p>[/columna]</p>
<p>[column size="1-4″ last="1″]</p>
<p>[/columna]</p>
