{"id":16961,"date":"2021-03-30T16:14:01","date_gmt":"2021-03-30T15:14:01","guid":{"rendered":"https:\/\/www.konferenztechnik.de\/?page_id=16961"},"modified":"2023-08-29T14:53:57","modified_gmt":"2023-08-29T12:53:57","slug":"conceptos-flexibles-para-eventos","status":"publish","type":"page","link":"https:\/\/konferenztechnik.de\/es\/conceptos-flexibles-para-eventos\/","title":{"rendered":"Conceptos flexibles para eventos"},"content":{"rendered":"<h1 id=\"hybrideevents\"><strong>Conceptos flexibles para eventos<\/strong><\/h1>\n<p>[rev_slider alias=\"eventos-1\u2033][\/rev_slider]<br \/>\n[spacer size=\"20\u2033]<\/p>\n<p>Las condiciones marco de los actos presenciales cambian cada d\u00eda. Un alto grado de flexibilidad es crucial para garantizar que su acto no solo se celebre, sino que llegue a su p\u00fablico con la mayor eficacia posible.<\/p>\n<p>Lo ideal es que su acto sea lo suficientemente adaptable como para funcionar de forma \u00f3ptima tanto virtualmente como con p\u00fablico presente.<\/p>\n<p>El lugar y el concepto de su evento deben ofrecer la flexibilidad necesaria para cumplir los requisitos y restricciones que cambian a diario. Nuestra planificaci\u00f3n tiene en cuenta los escenarios previstos, teniendo en cuenta una relaci\u00f3n coste-beneficio eficaz.<\/p>\n<p>El aumento de las opciones de ensayo y los conceptos de higiene profesional permiten organizar eventos cl\u00e1sicos, digitales e h\u00edbridos. Las partes interesadas pueden trabajar de forma segura y eficiente in situ.<\/p>\n<p>El uso de auriculares, por ejemplo, facilita alcanzar y mantener la distancia necesaria. Desde el <a href=\"\/es\/conferencia-silenciosa\/\">Conferencia silenciosa<\/a> se consigue mediante el uso selectivo de <a href=\"\/es\/sistemas-de-guia-de-alquiler\/\">Sistemas de gu\u00eda<\/a> un acontecimiento lejano.<\/p>\n<p>Trabajamos con usted para crear formatos flexibles que cumplan los requisitos del d\u00eda: desde la creaci\u00f3n de conceptos higi\u00e9nicos, flujos modulares de participantes y la consideraci\u00f3n de variantes alternativas en el formato de evento puramente digital.<\/p>\n<p>[spacer size=\"20\u2033]<\/p>\n<p>.<\/p>\n<p>[spacer size=\"20\u2033]<\/p>\n<div class=\"weiterlinks\" style=\"background-color:#ffffff;\">\n<h2>En detalle<\/h2>\n<ul>\n        [list icon=\"luna-flecha-derecha-2\u2033 color=\"#a62055\u2033]<a title=\"Eventos h\u00edbridos\"\n            href=\"\/es\/eventos-hibridos\/\">Eventos h\u00edbridos<\/a>[\/list]<br \/>\n[list icon=\"luna-flecha-derecha-2\u2033 color=\"#a62055\u2033]<a title=\"Conferencias, actos, reuniones\"\n            href=\"\/es\/conferencias-eventos-reuniones-clasico-hibrido-digital-virtual-a-distancia\/\">Conferencias, eventos, reuniones \u2013 cl\u00e1sico, h\u00edbrido, digital, virtual, a distancia<\/a>[\/list]<\/ul>\n<\/div>","protected":false},"excerpt":{"rendered":"<p>Conceptos de eventos flexibles [rev_slider alias=\u201cevents-1\u2033][\/rev_slider] [spacer size=\u201c20\u2033] Las condiciones marco de los eventos presenciales cambian cada d\u00eda. Un alto grado de flexibilidad es crucial para que su evento no solo pueda celebrarse, sino tambi\u00e9n llegar lo mejor posible a su p\u00fablico. Lo ideal es que su evento sea lo suficientemente adaptable como para funcionar de forma \u00f3ptima tanto virtualmente como con un p\u00fablico presencial. El lugar y el concepto de su evento deben cumplir los [...]<\/p>","protected":false},"author":1,"featured_media":45482,"parent":0,"menu_order":0,"comment_status":"closed","ping_status":"closed","template":"","meta":{"_acf_changed":false,"footnotes":""},"class_list":["post-16961","page","type-page","status-publish","has-post-thumbnail","hentry"],"acf":[],"_links":{"self":[{"href":"https:\/\/konferenztechnik.de\/es\/wp-json\/wp\/v2\/pages\/16961","targetHints":{"allow":["GET"]}}],"collection":[{"href":"https:\/\/konferenztechnik.de\/es\/wp-json\/wp\/v2\/pages"}],"about":[{"href":"https:\/\/konferenztechnik.de\/es\/wp-json\/wp\/v2\/types\/page"}],"author":[{"embeddable":true,"href":"https:\/\/konferenztechnik.de\/es\/wp-json\/wp\/v2\/users\/1"}],"replies":[{"embeddable":true,"href":"https:\/\/konferenztechnik.de\/es\/wp-json\/wp\/v2\/comments?post=16961"}],"version-history":[{"count":0,"href":"https:\/\/konferenztechnik.de\/es\/wp-json\/wp\/v2\/pages\/16961\/revisions"}],"wp:featuredmedia":[{"embeddable":true,"href":"https:\/\/konferenztechnik.de\/es\/wp-json\/wp\/v2\/media\/45482"}],"wp:attachment":[{"href":"https:\/\/konferenztechnik.de\/es\/wp-json\/wp\/v2\/media?parent=16961"}],"curies":[{"name":"wp","href":"https:\/\/api.w.org\/{rel}","templated":true}]}}

<h1 id="hybrideevents"><strong>Conceptos flexibles para eventos</strong></h1>
<p>[rev_slider alias="eventos-1″][/rev_slider]<br />
[spacer size="20″]</p>
<p>Las condiciones marco de los actos presenciales cambian cada día. Un alto grado de flexibilidad es crucial para garantizar que su acto no solo se celebre, sino que llegue a su público con la mayor eficacia posible.</p>
<p>Lo ideal es que su acto sea lo suficientemente adaptable como para funcionar de forma óptima tanto virtualmente como con público presente.</p>
<p>El lugar y el concepto de su evento deben ofrecer la flexibilidad necesaria para cumplir los requisitos y restricciones que cambian a diario. Nuestra planificación tiene en cuenta los escenarios previstos, teniendo en cuenta una relación coste-beneficio eficaz.</p>
<p>El aumento de las opciones de ensayo y los conceptos de higiene profesional permiten organizar eventos clásicos, digitales e híbridos. Las partes interesadas pueden trabajar de forma segura y eficiente in situ.</p>
<p>El uso de auriculares, por ejemplo, facilita alcanzar y mantener la distancia necesaria. Desde el <a href="/es/conferencia-silenciosa/">Conferencia silenciosa</a> se consigue mediante el uso selectivo de <a href="/es/sistemas-de-guia-de-alquiler/">Sistemas de guía</a> un acontecimiento lejano.</p>
<p>Trabajamos con usted para crear formatos flexibles que cumplan los requisitos del día: desde la creación de conceptos higiénicos, flujos modulares de participantes y la consideración de variantes alternativas en el formato de evento puramente digital.</p>
<p>[spacer size="20″]</p>
<p>.</p>
<p>[spacer size="20″]</p>
<div class="weiterlinks" style="background-color:#ffffff;">
<h2>En detalle</h2>
<ul>
        [list icon="luna-flecha-derecha-2″ color="#a62055″]<a title="Eventos híbridos"
            href="/es/eventos-hibridos/">Eventos híbridos</a>[/list]<br />
[list icon="luna-flecha-derecha-2″ color="#a62055″]<a title="Conferencias, actos, reuniones"
            href="/es/conferencias-eventos-reuniones-clasico-hibrido-digital-virtual-a-distancia/">Conferencias, eventos, reuniones – clásico, híbrido, digital, virtual, a distancia</a>[/list]</ul>
</div>

<p>Conceptos de eventos flexibles [rev_slider alias=“events-1″][/rev_slider] [spacer size=“20″] Las condiciones marco de los eventos presenciales cambian cada día. Un alto grado de flexibilidad es crucial para que su evento no solo pueda celebrarse, sino también llegar lo mejor posible a su público. Lo ideal es que su evento sea lo suficientemente adaptable como para funcionar de forma óptima tanto virtualmente como con un público presencial. El lugar y el concepto de su evento deben cumplir los [...]</p>
