{"id":3687,"date":"2013-11-13T13:09:32","date_gmt":"2013-11-13T11:09:32","guid":{"rendered":"https:\/\/konferenztechnik.de\/?page_id=3687"},"modified":"2023-07-05T14:25:16","modified_gmt":"2023-07-05T12:25:16","slug":"dividendo-digital","status":"publish","type":"page","link":"https:\/\/konferenztechnik.de\/es\/dividendo-digital\/","title":{"rendered":"Dividendo digital"},"content":{"rendered":"<h1>Dividendo digital<\/h1>\n<p>A partir de ahora, pueden producirse ca\u00eddas y problemas de recepci\u00f3n al utilizar micr\u00f3fonos inal\u00e1mbricos. Esto se debe a que las frecuencias para la transmisi\u00f3n inal\u00e1mbrica han sido modificadas y redistribuidas por la Agencia Federal de Redes.<br \/>\nTodo ello se conoce como el dividendo digital.<br \/>\n<img fetchpriority=\"high\" decoding=\"async\" class=\"size-full wp-image-3708\" src=\"https:\/\/konferenztechnik.de\/wp-content\/uploads\/2016\/10\/sennheiser-skm5200.jpg\" alt=\"Las nuevas frecuencias asignadas tambi\u00e9n funcionan en paralelo con LTE sin interferencias. Aqu\u00ed est\u00e1 el Sennheiser SKM5200\" width=\"850\" height=\"358\" title=\"\"><\/p>\n<div style=\"font-size: 0.8em; padding-bottom: 20px;\">Las nuevas frecuencias asignadas tambi\u00e9n pueden utilizarse en paralelo con LTE sin interferencias. Aqu\u00ed est\u00e1 el Sennheiser SKM5200<\/div>\n<p>A partir de 2016, ya no estar\u00e1 permitido (ni siquiera ser\u00e1 posible) utilizar la mayor\u00eda de los sistemas inal\u00e1mbricos actualmente en uso.<br \/>\nEsto afecta a todos los \u00e1mbitos y lugares en los que se utilizan micr\u00f3fonos inal\u00e1mbricos: por ejemplo, teatros, iglesias, salas de conciertos, clubes, musicales, salas de conferencias y reuniones o estadios deportivos. Tambi\u00e9n afecta al refuerzo de sonido m\u00f3vil, por ejemplo para giras o empresas de alquiler.<\/p>\n<p>Benef\u00edciese ahora de las distintas promociones de intercambio y refrecuencia por tiempo limitado para sistemas de microfon\u00eda inal\u00e1mbrica.<\/p>\n<p>P\u00f3ngase en contacto con nosotros, nuestros especialistas estar\u00e1n encantados de ayudarle.<\/p>\n<h4>Preguntas y respuestas sobre el dividendo digital<\/h4>\n<p>El dividendo digital es el t\u00e9rmino utilizado para describir las bandas de frecuencia liberadas por el paso de la televisi\u00f3n anal\u00f3gica (PAL) a la digital (DVB-T). Estas frecuencias fueron subastadas al mejor postor por la Agencia Federal de Redes en 2010 y adquiridas por los tres mayores proveedores de telefon\u00eda m\u00f3vil que operan en Alemania. A partir de 2016, solo peque\u00f1as partes de esta banda de frecuencias estar\u00e1n disponibles para el uso de micr\u00f3fonos inal\u00e1mbricos.<\/p>\n<p>La mayor\u00eda de los sistemas de micr\u00f3fonos inal\u00e1mbricos con asignaciones de frecuencias antiguas ya no pueden ni podr\u00e1n funcionar a partir de 2016. Los sistemas antiguos deben sustituirse por otros nuevos o, si es posible, volver a frecuenciarse.<\/p>\n<p>Se ve afectada toda la gama UHF de 470\u2013865 MHz. Esto incluye las subgamas en las que antes pod\u00edan utilizarse micr\u00f3fonos inal\u00e1mbricos. La gama 863\u2013865 MHz sigue siendo de uso libre.<\/p>\n<p>Lo mejor es hacerlo de inmediato, ya que muchos fabricantes ofrecen ahora programas de sustituci\u00f3n o cambio de frecuencia de duraci\u00f3n limitada. Adem\u00e1s, en muchas regiones de Alemania ya se est\u00e1n llevando a cabo operaciones de prueba de LTE, lo que significa que all\u00ed ya no se puede garantizar el uso sin problemas de los micr\u00f3fonos inal\u00e1mbricos.<\/p>\n<p>Long Term Evolution es un est\u00e1ndar de comunicaciones m\u00f3viles que se especifica como sucesor de UMTS. LTE permite utilizar Internet en movimiento a velocidades de datos muy altas, como las necesarias para la transmisi\u00f3n de v\u00eddeo. Con LTE se pretende garantizar un acceso r\u00e1pido a Internet en regiones sin conexi\u00f3n ADSL por cable.<\/p>\n<p><a href=\"https:\/\/www.ltemobile.de\/lte-verfuegbarkeit\/\" target=\"_blank\" rel=\"noopener\">Enlace: Disponibilidad de LTE en Alemania<\/a><\/p>\n<p>Seg\u00fan Vvn\u00f6ml, a partir de 2016 habr\u00e1 cuatro grupos de usuarios para las frecuencias UHF. Estaremos encantados de aclararte a qu\u00e9 grupo est\u00e1s asignado. Solo tiene que ponerse en contacto con nosotros.<\/p>\n<ul>\n<li>Podemos asesorarle en todas las cuestiones relacionadas con el dividendo digital.<\/li>\n<li>Nos encargamos de la sustituci\u00f3n y recentrado de sistemas.<\/li>\n<li>Le ofrecemos asesoramiento independiente del fabricante para la selecci\u00f3n de nuevos sistemas, que puede adquirir directamente en nuestro departamento de ventas.<\/li>\n<li>Podemos ayudarle a rellenar formularios o a registrar las frecuencias que necesite.<\/li>\n<li>Instalamos los nuevos sistemas y garantizamos una integraci\u00f3n sin problemas en su sistema actual.<\/li>\n<li>Si es necesario, formamos al personal en el uso de los nuevos sistemas.<\/li>\n<\/ul>","protected":false},"excerpt":{"rendered":"<p>Dividendo digital A partir de ahora pueden producirse ca\u00eddas y problemas de recepci\u00f3n al utilizar micr\u00f3fonos inal\u00e1mbricos. Esto se debe a que las frecuencias para la transmisi\u00f3n inal\u00e1mbrica est\u00e1n siendo modificadas y redistribuidas por la Agencia Federal de Redes. Es lo que se conoce como dividendo digital. Las nuevas frecuencias asignadas tambi\u00e9n pueden utilizarse en paralelo con LTE sin interferencias. Aqu\u00ed [...]<\/p>","protected":false},"author":1,"featured_media":45482,"parent":0,"menu_order":111,"comment_status":"closed","ping_status":"open","template":"","meta":{"_acf_changed":false,"footnotes":""},"class_list":["post-3687","page","type-page","status-publish","has-post-thumbnail","hentry"],"acf":[],"_links":{"self":[{"href":"https:\/\/konferenztechnik.de\/es\/wp-json\/wp\/v2\/pages\/3687","targetHints":{"allow":["GET"]}}],"collection":[{"href":"https:\/\/konferenztechnik.de\/es\/wp-json\/wp\/v2\/pages"}],"about":[{"href":"https:\/\/konferenztechnik.de\/es\/wp-json\/wp\/v2\/types\/page"}],"author":[{"embeddable":true,"href":"https:\/\/konferenztechnik.de\/es\/wp-json\/wp\/v2\/users\/1"}],"replies":[{"embeddable":true,"href":"https:\/\/konferenztechnik.de\/es\/wp-json\/wp\/v2\/comments?post=3687"}],"version-history":[{"count":0,"href":"https:\/\/konferenztechnik.de\/es\/wp-json\/wp\/v2\/pages\/3687\/revisions"}],"wp:featuredmedia":[{"embeddable":true,"href":"https:\/\/konferenztechnik.de\/es\/wp-json\/wp\/v2\/media\/45482"}],"wp:attachment":[{"href":"https:\/\/konferenztechnik.de\/es\/wp-json\/wp\/v2\/media?parent=3687"}],"curies":[{"name":"wp","href":"https:\/\/api.w.org\/{rel}","templated":true}]}}

<h1>Dividendo digital</h1>
<p>A partir de ahora, pueden producirse caídas y problemas de recepción al utilizar micrófonos inalámbricos. Esto se debe a que las frecuencias para la transmisión inalámbrica han sido modificadas y redistribuidas por la Agencia Federal de Redes.<br />
Todo ello se conoce como el dividendo digital.<br />
<img fetchpriority="high" decoding="async" class="size-full wp-image-3708" src="https://konferenztechnik.de/wp-content/uploads/2016/10/sennheiser-skm5200.jpg" alt="Las nuevas frecuencias asignadas también funcionan en paralelo con LTE sin interferencias. Aquí está el Sennheiser SKM5200" width="850" height="358" title=""></p>
<div style="font-size: 0.8em; padding-bottom: 20px;">Las nuevas frecuencias asignadas también pueden utilizarse en paralelo con LTE sin interferencias. Aquí está el Sennheiser SKM5200</div>
<p>A partir de 2016, ya no estará permitido (ni siquiera será posible) utilizar la mayoría de los sistemas inalámbricos actualmente en uso.<br />
Esto afecta a todos los ámbitos y lugares en los que se utilizan micrófonos inalámbricos: por ejemplo, teatros, iglesias, salas de conciertos, clubes, musicales, salas de conferencias y reuniones o estadios deportivos. También afecta al refuerzo de sonido móvil, por ejemplo para giras o empresas de alquiler.</p>
<p>Benefíciese ahora de las distintas promociones de intercambio y refrecuencia por tiempo limitado para sistemas de microfonía inalámbrica.</p>
<p>Póngase en contacto con nosotros, nuestros especialistas estarán encantados de ayudarle.</p>
<h4>Preguntas y respuestas sobre el dividendo digital</h4>
<p>El dividendo digital es el término utilizado para describir las bandas de frecuencia liberadas por el paso de la televisión analógica (PAL) a la digital (DVB-T). Estas frecuencias fueron subastadas al mejor postor por la Agencia Federal de Redes en 2010 y adquiridas por los tres mayores proveedores de telefonía móvil que operan en Alemania. A partir de 2016, solo pequeñas partes de esta banda de frecuencias estarán disponibles para el uso de micrófonos inalámbricos.</p>
<p>La mayoría de los sistemas de micrófonos inalámbricos con asignaciones de frecuencias antiguas ya no pueden ni podrán funcionar a partir de 2016. Los sistemas antiguos deben sustituirse por otros nuevos o, si es posible, volver a frecuenciarse.</p>
<p>Se ve afectada toda la gama UHF de 470–865 MHz. Esto incluye las subgamas en las que antes podían utilizarse micrófonos inalámbricos. La gama 863–865 MHz sigue siendo de uso libre.</p>
<p>Lo mejor es hacerlo de inmediato, ya que muchos fabricantes ofrecen ahora programas de sustitución o cambio de frecuencia de duración limitada. Además, en muchas regiones de Alemania ya se están llevando a cabo operaciones de prueba de LTE, lo que significa que allí ya no se puede garantizar el uso sin problemas de los micrófonos inalámbricos.</p>
<p>Long Term Evolution es un estándar de comunicaciones móviles que se especifica como sucesor de UMTS. LTE permite utilizar Internet en movimiento a velocidades de datos muy altas, como las necesarias para la transmisión de vídeo. Con LTE se pretende garantizar un acceso rápido a Internet en regiones sin conexión ADSL por cable.</p>
<p><a href="https://www.ltemobile.de/lte-verfuegbarkeit/" target="_blank" rel="noopener">Enlace: Disponibilidad de LTE en Alemania</a></p>
<p>Según Vvnöml, a partir de 2016 habrá cuatro grupos de usuarios para las frecuencias UHF. Estaremos encantados de aclararte a qué grupo estás asignado. Solo tiene que ponerse en contacto con nosotros.</p>
<ul>
<li>Podemos asesorarle en todas las cuestiones relacionadas con el dividendo digital.</li>
<li>Nos encargamos de la sustitución y recentrado de sistemas.</li>
<li>Le ofrecemos asesoramiento independiente del fabricante para la selección de nuevos sistemas, que puede adquirir directamente en nuestro departamento de ventas.</li>
<li>Podemos ayudarle a rellenar formularios o a registrar las frecuencias que necesite.</li>
<li>Instalamos los nuevos sistemas y garantizamos una integración sin problemas en su sistema actual.</li>
<li>Si es necesario, formamos al personal en el uso de los nuevos sistemas.</li>
</ul>

<p>Dividendo digital A partir de ahora pueden producirse caídas y problemas de recepción al utilizar micrófonos inalámbricos. Esto se debe a que las frecuencias para la transmisión inalámbrica están siendo modificadas y redistribuidas por la Agencia Federal de Redes. Es lo que se conoce como dividendo digital. Las nuevas frecuencias asignadas también pueden utilizarse en paralelo con LTE sin interferencias. Aquí [...]</p>
