{"id":1226,"date":"2013-08-23T10:56:17","date_gmt":"2013-08-23T08:56:17","guid":{"rendered":"https:\/\/pcs-miete.de\/?page_id=1226"},"modified":"2023-07-05T15:00:54","modified_gmt":"2023-07-05T13:00:54","slug":"systemes-dascenseurs","status":"publish","type":"page","link":"https:\/\/konferenztechnik.de\/fr\/distribution-de-materiel-de-conference-et-de-medias-audiovisuels\/technique-video-2\/systemes-dascenseurs\/","title":{"rendered":"L\u00e8ve-personnes pour vid\u00e9oprojecteurs et \u00e9crans"},"content":{"rendered":"<h1>Syst\u00e8mes de levage pour vid\u00e9oprojecteurs et \u00e9crans<\/h1>\n<p>Mettez votre \u00e9cran ou votre \u00e9cran tactile en position d'une simple pression sur un bouton \u2013 rapide, silencieux et flexible. PCS met \u00e0 votre disposition diff\u00e9rents syst\u00e8mes d'\u00e9l\u00e9vateurs : \u00e9l\u00e9vateurs \u00e0 ciseaux, \u00e9l\u00e9vateurs \u00e0 levage et \u00e9l\u00e9vateurs \u00e0 traction. Votre vid\u00e9o, votre pr\u00e9sentation ou vos photos sont ainsi toujours bien visibles au moment voulu et \u00e0 l'endroit souhait\u00e9.<\/p>\n<p>Cach\u00e9s dans les murs, les sols, les plafonds ou les meubles, les \u00e9crans plats, les moniteurs ou les vid\u00e9oprojecteurs ne sont visibles que lorsqu'ils sont utilis\u00e9s.<\/p>\n<p>Nous vous proposons des solutions individuelles, parfaitement adapt\u00e9es \u00e0 vos besoins et \u00e0 vos locaux. Les interfaces universelles des ascenseurs et des supports permettent de monter des appareils de presque tous les fabricants, types et tailles.<\/p>\n<p><img fetchpriority=\"high\" decoding=\"async\" class=\"size-full wp-image-1368\" src=\"https:\/\/konferenztechnik.de\/wp-content\/uploads\/2013\/08\/03-beamer-wandsysteme.jpg\" alt=\"Syst\u00e8mes muraux\" width=\"288\" height=\"198\" title=\"\"> Syst\u00e8mes muraux<\/p>\n<p><img decoding=\"async\" class=\"size-full wp-image-1369\" src=\"https:\/\/konferenztechnik.de\/wp-content\/uploads\/2013\/08\/04-beamer-einbaulifte.jpg\" alt=\"Ascenseurs encastr\u00e9s\" width=\"288\" height=\"198\" title=\"\"> Ascenseurs encastr\u00e9s<\/p>\n<p><img decoding=\"async\" class=\"size-full wp-image-1367\" src=\"https:\/\/konferenztechnik.de\/wp-content\/uploads\/2013\/08\/02-beamer-deckenlifte.jpg\" alt=\"Ascenseurs de plafond\" width=\"288\" height=\"198\" title=\"\"> Ascenseurs de plafond<\/p>\n<p>La taille de la pi\u00e8ce ne joue aucun r\u00f4le. Les applications se trouvent dans les salles de formation et de r\u00e9union, les amphith\u00e9\u00e2tres, les \u00e9coles, les \u00e9tages de conf\u00e9rence des h\u00f4tels et dans la maison intelligente \u2013 en tant que syst\u00e8me autonome ou int\u00e9gr\u00e9 dans votre commande m\u00e9dia.<\/p>\n<p>Il vous suffit de convenir d'un entretien individuel avec nos sp\u00e9cialistes.<\/p>","protected":false},"excerpt":{"rendered":"<p>Liftsysteme f\u00fcr Beamer und Displays Bringen Sie Ihr Display oder Ihren Touchscreen mit nur einem Knopfdruck in Position &#8211; schnell, leise und flexibel. Bei PCS stehen Ihnen unterschiedlichen Liftsysteme zur Verf\u00fcgung: Scherenliften, Hublifte und Zuglifte. Ihr Video, Ihre Pr\u00e4sentation oder Ihre Bilder sind somit immer zum richtigen Zeitpunkt gut sichtbar am gew\u00fcnschten Ort. Verborgen in [&hellip;]<\/p>","protected":false},"author":1,"featured_media":45482,"parent":1138,"menu_order":227,"comment_status":"closed","ping_status":"open","template":"","meta":{"_acf_changed":false,"footnotes":""},"class_list":["post-1226","page","type-page","status-publish","has-post-thumbnail","hentry"],"acf":[],"_links":{"self":[{"href":"https:\/\/konferenztechnik.de\/fr\/wp-json\/wp\/v2\/pages\/1226","targetHints":{"allow":["GET"]}}],"collection":[{"href":"https:\/\/konferenztechnik.de\/fr\/wp-json\/wp\/v2\/pages"}],"about":[{"href":"https:\/\/konferenztechnik.de\/fr\/wp-json\/wp\/v2\/types\/page"}],"author":[{"embeddable":true,"href":"https:\/\/konferenztechnik.de\/fr\/wp-json\/wp\/v2\/users\/1"}],"replies":[{"embeddable":true,"href":"https:\/\/konferenztechnik.de\/fr\/wp-json\/wp\/v2\/comments?post=1226"}],"version-history":[{"count":0,"href":"https:\/\/konferenztechnik.de\/fr\/wp-json\/wp\/v2\/pages\/1226\/revisions"}],"up":[{"embeddable":true,"href":"https:\/\/konferenztechnik.de\/fr\/wp-json\/wp\/v2\/pages\/1138"}],"wp:featuredmedia":[{"embeddable":true,"href":"https:\/\/konferenztechnik.de\/fr\/wp-json\/wp\/v2\/media\/45482"}],"wp:attachment":[{"href":"https:\/\/konferenztechnik.de\/fr\/wp-json\/wp\/v2\/media?parent=1226"}],"curies":[{"name":"wp","href":"https:\/\/api.w.org\/{rel}","templated":true}]}}

Lève-personnes pour vidéoprojecteurs et écrans

<h1>Systèmes de levage pour vidéoprojecteurs et écrans</h1>
<p>Mettez votre écran ou votre écran tactile en position d'une simple pression sur un bouton – rapide, silencieux et flexible. PCS met à votre disposition différents systèmes d'élévateurs : élévateurs à ciseaux, élévateurs à levage et élévateurs à traction. Votre vidéo, votre présentation ou vos photos sont ainsi toujours bien visibles au moment voulu et à l'endroit souhaité.</p>
<p>Cachés dans les murs, les sols, les plafonds ou les meubles, les écrans plats, les moniteurs ou les vidéoprojecteurs ne sont visibles que lorsqu'ils sont utilisés.</p>
<p>Nous vous proposons des solutions individuelles, parfaitement adaptées à vos besoins et à vos locaux. Les interfaces universelles des ascenseurs et des supports permettent de monter des appareils de presque tous les fabricants, types et tailles.</p>
<p><img fetchpriority="high" decoding="async" class="size-full wp-image-1368" src="https://konferenztechnik.de/wp-content/uploads/2013/08/03-beamer-wandsysteme.jpg" alt="Systèmes muraux" width="288" height="198" title=""> Systèmes muraux</p>
<p><img decoding="async" class="size-full wp-image-1369" src="https://konferenztechnik.de/wp-content/uploads/2013/08/04-beamer-einbaulifte.jpg" alt="Ascenseurs encastrés" width="288" height="198" title=""> Ascenseurs encastrés</p>
<p><img decoding="async" class="size-full wp-image-1367" src="https://konferenztechnik.de/wp-content/uploads/2013/08/02-beamer-deckenlifte.jpg" alt="Ascenseurs de plafond" width="288" height="198" title=""> Ascenseurs de plafond</p>
<p>La taille de la pièce ne joue aucun rôle. Les applications se trouvent dans les salles de formation et de réunion, les amphithéâtres, les écoles, les étages de conférence des hôtels et dans la maison intelligente – en tant que système autonome ou intégré dans votre commande média.</p>
<p>Il vous suffit de convenir d'un entretien individuel avec nos spécialistes.</p>

<p>Liftsysteme für Beamer und Displays Bringen Sie Ihr Display oder Ihren Touchscreen mit nur einem Knopfdruck in Position &#8211; schnell, leise und flexibel. Bei PCS stehen Ihnen unterschiedlichen Liftsysteme zur Verfügung: Scherenliften, Hublifte und Zuglifte. Ihr Video, Ihre Präsentation oder Ihre Bilder sind somit immer zum richtigen Zeitpunkt gut sichtbar am gewünschten Ort. Verborgen in [&hellip;]</p>
