{"id":13534,"date":"2018-07-17T12:32:11","date_gmt":"2018-07-17T11:32:11","guid":{"rendered":"https:\/\/www.konferenztechnik.de\/?page_id=13534"},"modified":"2023-07-04T15:36:02","modified_gmt":"2023-07-04T13:36:02","slug":"acheter-audipack-silent-9300","status":"publish","type":"page","link":"https:\/\/konferenztechnik.de\/fr\/acheter-audipack-silent-9300\/","title":{"rendered":"Acheter Audipack Silent 9300"},"content":{"rendered":"<div data-elementor-type=\"wp-page\" data-elementor-id=\"13534\" class=\"elementor elementor-13534\" data-elementor-post-type=\"page\">\n\t\t\t\t<div data-particle_enable=\"false\" data-particle-mobile-disabled=\"false\" class=\"elementor-element elementor-element-089a2dc e-flex e-con-boxed e-con e-parent\" data-id=\"089a2dc\" data-element_type=\"container\">\n\t\t\t\t\t<div class=\"e-con-inner\">\n\t\t<div data-particle_enable=\"false\" data-particle-mobile-disabled=\"false\" class=\"elementor-element elementor-element-e060cf2 e-flex e-con-boxed e-con e-parent\" data-id=\"e060cf2\" data-element_type=\"container\">\n\t\t\t\t\t<div class=\"e-con-inner\">\n\t\t\t\t<div class=\"elementor-element elementor-element-d6221e7 elementor-widget elementor-widget-heading\" data-id=\"d6221e7\" data-element_type=\"widget\" data-settings=\"{&quot;_animation&quot;:&quot;none&quot;}\" data-widget_type=\"heading.default\">\n\t\t\t\t<div class=\"elementor-widget-container\">\n\t\t\t\t\t<h1 class=\"elementor-heading-title elementor-size-default\">Acheter, louer ou prendre en leasing des cabines d'interpr\u00e9tation Audipack Silent 9300<\/h1>\t\t\t\t<\/div>\n\t\t\t\t<\/div>\n\t\t\t\t\t<\/div>\n\t\t\t\t<\/div>\n\t\t<div data-particle_enable=\"false\" data-particle-mobile-disabled=\"false\" class=\"elementor-element elementor-element-ebc183b e-grid e-con-boxed e-con e-parent\" data-id=\"ebc183b\" data-element_type=\"container\">\n\t\t\t\t\t<div class=\"e-con-inner\">\n\t\t\t\t<div class=\"elementor-element elementor-element-a76df13 elementor-widget elementor-widget-image\" data-id=\"a76df13\" data-element_type=\"widget\" data-widget_type=\"image.default\">\n\t\t\t\t<div class=\"elementor-widget-container\">\n\t\t\t\t\t\t\t\t\t\t\t\t\t\t\t<img fetchpriority=\"high\" decoding=\"async\" width=\"800\" height=\"600\" src=\"https:\/\/konferenztechnik.de\/wp-content\/uploads\/2013\/09\/9300-Interpreter-booth.jpg\" class=\"attachment-large size-large wp-image-3475\" alt=\"Cabine d&#039;interpr\u00e9tation Audipack Silent 9300\" srcset=\"https:\/\/konferenztechnik.de\/wp-content\/uploads\/2013\/09\/9300-Interpreter-booth.jpg 800w, https:\/\/konferenztechnik.de\/wp-content\/uploads\/2013\/09\/9300-Interpreter-booth-300x225.jpg 300w, https:\/\/konferenztechnik.de\/wp-content\/uploads\/2013\/09\/9300-Interpreter-booth-768x576.jpg 768w\" sizes=\"(max-width: 800px) 100vw, 800px\" title=\"\">\t\t\t\t\t\t\t\t\t\t\t\t\t\t\t<\/div>\n\t\t\t\t<\/div>\n\t\t\t\t<div class=\"elementor-element elementor-element-fa3c6d6 content-align-cta-default elementor-widget elementor-widget-eael-cta-box\" data-id=\"fa3c6d6\" data-element_type=\"widget\" data-widget_type=\"eael-cta-box.default\">\n\t\t\t\t<div class=\"elementor-widget-container\">\n\t\t\t\t\t\t\t<div class=\"eael-call-to-action cta-basic bg-lite cta-preset-1\">\n        <h2 class=\"title eael-cta-heading\">Audipack Silent 9300<\/h2><p>Le 9300 n'est plus fabriqu\u00e9<\/p><p>Le successeur est le Silent 9600<\/p><p>Le 9600 r\u00e9pond aux normes les plus r\u00e9centes<\/p><a href=\"https:\/\/konferenztechnik.de\/fr\/audipack-silent-9600-achat-location-leasing\/\" class=\"cta-button cta-preset-1\">Voir Silent 9600<\/a>\t<\/div>\n\t\t\t\t\t\t\t\t<\/div>\n\t\t\t\t<\/div>\n\t\t\t\t\t<\/div>\n\t\t\t\t<\/div>\n\t\t<div data-particle_enable=\"false\" data-particle-mobile-disabled=\"false\" class=\"elementor-element elementor-element-f3c3475 e-flex e-con-boxed e-con e-parent\" data-id=\"f3c3475\" data-element_type=\"container\">\n\t\t\t\t\t<div class=\"e-con-inner\">\n\t\t\t\t<div class=\"elementor-element elementor-element-6e1876c elementor-widget__width-inherit elementor-widget elementor-widget-text-editor\" data-id=\"6e1876c\" data-element_type=\"widget\" data-widget_type=\"text-editor.default\">\n\t\t\t\t<div class=\"elementor-widget-container\">\n\t\t\t\t\t\t\t\t\t<p>La cabine d'interpr\u00e9tation Audipack Silent 9300 MK II n'est plus fabriqu\u00e9e depuis 2018. La raison en est une norme ISO am\u00e9lior\u00e9e, publi\u00e9e fin 2016. Pour cette raison, les s\u00e9ries de mod\u00e8les existantes comme la Silent Series 9300 MK II ont \u00e9t\u00e9 revues et am\u00e9lior\u00e9es. Le mod\u00e8le qui succ\u00e8de \u00e0 l'Audipack Silent 9300 MK II, qui s'est impos\u00e9 ces derni\u00e8res ann\u00e9es comme une r\u00e9f\u00e9rence dans le domaine des conf\u00e9rences, est le nouvel Audipack Silent 9600.<\/p>\t\t\t\t\t\t\t\t<\/div>\n\t\t\t\t<\/div>\n\t\t\t\t<div class=\"elementor-element elementor-element-13606a3 elementor-widget elementor-widget-heading\" data-id=\"13606a3\" data-element_type=\"widget\" data-settings=\"{&quot;_animation&quot;:&quot;none&quot;}\" data-widget_type=\"heading.default\">\n\t\t\t\t<div class=\"elementor-widget-container\">\n\t\t\t\t\t<h2 class=\"elementor-heading-title elementor-size-default\">Nouveau mod\u00e8le : cabine d'interpr\u00e9tation Audipack Silent 9600<\/h2>\t\t\t\t<\/div>\n\t\t\t\t<\/div>\n\t\t\t\t<div class=\"elementor-element elementor-element-c2880ac elementor-widget__width-inherit elementor-widget elementor-widget-text-editor\" data-id=\"c2880ac\" data-element_type=\"widget\" data-widget_type=\"text-editor.default\">\n\t\t\t\t<div class=\"elementor-widget-container\">\n\t\t\t\t\t\t\t\t\t<p>Par rapport au Silent 9300 MK II, le Silent 9600 dispose entre autres d'une meilleure insonorisation, d'une fen\u00eatre d'observation plus grande et d'un \u00e9clairage LED au plafond. En option, il est toujours possible de surveiller la qualit\u00e9 de l'air. La nouvelle Audipack Silent 9600 est certifi\u00e9e conforme \u00e0 la derni\u00e8re norme ISO pour les cabines d'interpr\u00e9tation mobiles (ISO 4043:2016). Les cabines d'interpr\u00e9tation Audipack Silent 9600 sont actuellement disponibles imm\u00e9diatement dans l'entrep\u00f4t de PCS.<\/p>\t\t\t\t\t\t\t\t<\/div>\n\t\t\t\t<\/div>\n\t\t\t\t<div class=\"elementor-element elementor-element-627bebe elementor-widget__width-auto elementor-widget elementor-widget-button\" data-id=\"627bebe\" data-element_type=\"widget\" data-widget_type=\"button.default\">\n\t\t\t\t<div class=\"elementor-widget-container\">\n\t\t\t\t\t\t\t\t\t<div class=\"elementor-button-wrapper\">\n\t\t\t\t\t<a class=\"elementor-button elementor-button-link elementor-size-sm\" href=\"https:\/\/konferenztechnik.de\/fr\/audipack-silent-9600-achat-location-leasing\/\">\n\t\t\t\t\t\t<span class=\"elementor-button-content-wrapper\">\n\t\t\t\t\t\t\t\t\t<span class=\"elementor-button-text\">Directement vers le Silent 9600<\/span>\n\t\t\t\t\t<\/span>\n\t\t\t\t\t<\/a>\n\t\t\t\t<\/div>\n\t\t\t\t\t\t\t\t<\/div>\n\t\t\t\t<\/div>\n\t\t\t\t\t<\/div>\n\t\t\t\t<\/div>\n\t\t\t\t<div class=\"elementor-element elementor-element-c4c5899 elementor-widget elementor-widget-shortcode\" data-id=\"c4c5899\" data-element_type=\"widget\" data-widget_type=\"shortcode.default\">\n\t\t\t\t<div class=\"elementor-widget-container\">\n\t\t\t\t\t\t\t<div class=\"elementor-shortcode\"><\/div>\n\t\t\t\t\t\t<\/div>\n\t\t\t\t<\/div>\n\t\t\t\t\t<\/div>\n\t\t\t\t<\/div>\n\t\t<div data-particle_enable=\"false\" data-particle-mobile-disabled=\"false\" class=\"elementor-element elementor-element-8ccd1e3 e-flex e-con-boxed e-con e-parent\" data-id=\"8ccd1e3\" data-element_type=\"container\">\n\t\t\t\t\t<div class=\"e-con-inner\">\n\t\t\t\t<div class=\"elementor-element elementor-element-de0f5e8 elementor-widget elementor-widget-shortcode\" data-id=\"de0f5e8\" data-element_type=\"widget\" data-widget_type=\"shortcode.default\">\n\t\t\t\t<div class=\"elementor-widget-container\">\n\t\t\t\t\t\t\t<div class=\"elementor-shortcode\"><\/div>\n\t\t\t\t\t\t<\/div>\n\t\t\t\t<\/div>\n\t\t\t\t\t<\/div>\n\t\t\t\t<\/div>\n\t\t\t\t<\/div>","protected":false},"excerpt":{"rendered":"<p>Audipack Silent 9300 Dolmetscherkabinen kaufen, mieten oder leasen Audipack Silent 9300 Die 9300 wird nicht mehr hergestellt Nachfolgerin ist die Silent 9600 Die 9600 entspricht neusten Normen Silent 9600 ansehen Die Dolmetschkabine Audipack Silent 9300 wird seit 2018 nicht mehr hergestellt. Der Grund daf\u00fcr ist eine verbesserte ISO-Norm, die Ende 2016 ver\u00f6ffentlicht wurde. Aus diesem [&hellip;]<\/p>","protected":false},"author":1,"featured_media":45482,"parent":0,"menu_order":0,"comment_status":"closed","ping_status":"closed","template":"","meta":{"_acf_changed":false,"footnotes":""},"class_list":["post-13534","page","type-page","status-publish","has-post-thumbnail","hentry"],"acf":[],"_links":{"self":[{"href":"https:\/\/konferenztechnik.de\/fr\/wp-json\/wp\/v2\/pages\/13534","targetHints":{"allow":["GET"]}}],"collection":[{"href":"https:\/\/konferenztechnik.de\/fr\/wp-json\/wp\/v2\/pages"}],"about":[{"href":"https:\/\/konferenztechnik.de\/fr\/wp-json\/wp\/v2\/types\/page"}],"author":[{"embeddable":true,"href":"https:\/\/konferenztechnik.de\/fr\/wp-json\/wp\/v2\/users\/1"}],"replies":[{"embeddable":true,"href":"https:\/\/konferenztechnik.de\/fr\/wp-json\/wp\/v2\/comments?post=13534"}],"version-history":[{"count":0,"href":"https:\/\/konferenztechnik.de\/fr\/wp-json\/wp\/v2\/pages\/13534\/revisions"}],"wp:featuredmedia":[{"embeddable":true,"href":"https:\/\/konferenztechnik.de\/fr\/wp-json\/wp\/v2\/media\/45482"}],"wp:attachment":[{"href":"https:\/\/konferenztechnik.de\/fr\/wp-json\/wp\/v2\/media?parent=13534"}],"curies":[{"name":"wp","href":"https:\/\/api.w.org\/{rel}","templated":true}]}}

<div data-elementor-type="wp-page" data-elementor-id="13534" class="elementor elementor-13534" data-elementor-post-type="page">
				<div data-particle_enable="false" data-particle-mobile-disabled="false" class="elementor-element elementor-element-089a2dc e-flex e-con-boxed e-con e-parent" data-id="089a2dc" data-element_type="container">
					<div class="e-con-inner">
		<div data-particle_enable="false" data-particle-mobile-disabled="false" class="elementor-element elementor-element-e060cf2 e-flex e-con-boxed e-con e-parent" data-id="e060cf2" data-element_type="container">
					<div class="e-con-inner">
				<div class="elementor-element elementor-element-d6221e7 elementor-widget elementor-widget-heading" data-id="d6221e7" data-element_type="widget" data-settings="{&quot;_animation&quot;:&quot;none&quot;}" data-widget_type="heading.default">
				<div class="elementor-widget-container">
					<h1 class="elementor-heading-title elementor-size-default">Acheter, louer ou prendre en leasing des cabines d'interprétation Audipack Silent 9300</h1>				</div>
				</div>
					</div>
				</div>
		<div data-particle_enable="false" data-particle-mobile-disabled="false" class="elementor-element elementor-element-ebc183b e-grid e-con-boxed e-con e-parent" data-id="ebc183b" data-element_type="container">
					<div class="e-con-inner">
				<div class="elementor-element elementor-element-a76df13 elementor-widget elementor-widget-image" data-id="a76df13" data-element_type="widget" data-widget_type="image.default">
				<div class="elementor-widget-container">
															<img fetchpriority="high" decoding="async" width="800" height="600" src="https://konferenztechnik.de/wp-content/uploads/2013/09/9300-Interpreter-booth.jpg" class="attachment-large size-large wp-image-3475" alt="Cabine d&#039;interprétation Audipack Silent 9300" srcset="https://konferenztechnik.de/wp-content/uploads/2013/09/9300-Interpreter-booth.jpg 800w, https://konferenztechnik.de/wp-content/uploads/2013/09/9300-Interpreter-booth-300x225.jpg 300w, https://konferenztechnik.de/wp-content/uploads/2013/09/9300-Interpreter-booth-768x576.jpg 768w" sizes="(max-width: 800px) 100vw, 800px" title="">															</div>
				</div>
				<div class="elementor-element elementor-element-fa3c6d6 content-align-cta-default elementor-widget elementor-widget-eael-cta-box" data-id="fa3c6d6" data-element_type="widget" data-widget_type="eael-cta-box.default">
				<div class="elementor-widget-container">
							<div class="eael-call-to-action cta-basic bg-lite cta-preset-1">
        <h2 class="title eael-cta-heading">Audipack Silent 9300</h2><p>Le 9300 n'est plus fabriqué</p><p>Le successeur est le Silent 9600</p><p>Le 9600 répond aux normes les plus récentes</p><a href="https://konferenztechnik.de/fr/audipack-silent-9600-achat-location-leasing/" class="cta-button cta-preset-1">Voir Silent 9600</a>	</div>
								</div>
				</div>
					</div>
				</div>
		<div data-particle_enable="false" data-particle-mobile-disabled="false" class="elementor-element elementor-element-f3c3475 e-flex e-con-boxed e-con e-parent" data-id="f3c3475" data-element_type="container">
					<div class="e-con-inner">
				<div class="elementor-element elementor-element-6e1876c elementor-widget__width-inherit elementor-widget elementor-widget-text-editor" data-id="6e1876c" data-element_type="widget" data-widget_type="text-editor.default">
				<div class="elementor-widget-container">
									<p>La cabine d'interprétation Audipack Silent 9300 MK II n'est plus fabriquée depuis 2018. La raison en est une norme ISO améliorée, publiée fin 2016. Pour cette raison, les séries de modèles existantes comme la Silent Series 9300 MK II ont été revues et améliorées. Le modèle qui succède à l'Audipack Silent 9300 MK II, qui s'est imposé ces dernières années comme une référence dans le domaine des conférences, est le nouvel Audipack Silent 9600.</p>								</div>
				</div>
				<div class="elementor-element elementor-element-13606a3 elementor-widget elementor-widget-heading" data-id="13606a3" data-element_type="widget" data-settings="{&quot;_animation&quot;:&quot;none&quot;}" data-widget_type="heading.default">
				<div class="elementor-widget-container">
					<h2 class="elementor-heading-title elementor-size-default">Nouveau modèle : cabine d'interprétation Audipack Silent 9600</h2>				</div>
				</div>
				<div class="elementor-element elementor-element-c2880ac elementor-widget__width-inherit elementor-widget elementor-widget-text-editor" data-id="c2880ac" data-element_type="widget" data-widget_type="text-editor.default">
				<div class="elementor-widget-container">
									<p>Par rapport au Silent 9300 MK II, le Silent 9600 dispose entre autres d'une meilleure insonorisation, d'une fenêtre d'observation plus grande et d'un éclairage LED au plafond. En option, il est toujours possible de surveiller la qualité de l'air. La nouvelle Audipack Silent 9600 est certifiée conforme à la dernière norme ISO pour les cabines d'interprétation mobiles (ISO 4043:2016). Les cabines d'interprétation Audipack Silent 9600 sont actuellement disponibles immédiatement dans l'entrepôt de PCS.</p>								</div>
				</div>
				<div class="elementor-element elementor-element-627bebe elementor-widget__width-auto elementor-widget elementor-widget-button" data-id="627bebe" data-element_type="widget" data-widget_type="button.default">
				<div class="elementor-widget-container">
									<div class="elementor-button-wrapper">
					<a class="elementor-button elementor-button-link elementor-size-sm" href="https://konferenztechnik.de/fr/audipack-silent-9600-achat-location-leasing/">
						<span class="elementor-button-content-wrapper">
									<span class="elementor-button-text">Directement vers le Silent 9600</span>
					</span>
					</a>
				</div>
								</div>
				</div>
					</div>
				</div>
				<div class="elementor-element elementor-element-c4c5899 elementor-widget elementor-widget-shortcode" data-id="c4c5899" data-element_type="widget" data-widget_type="shortcode.default">
				<div class="elementor-widget-container">
							<div class="elementor-shortcode"></div>
						</div>
				</div>
					</div>
				</div>
		<div data-particle_enable="false" data-particle-mobile-disabled="false" class="elementor-element elementor-element-8ccd1e3 e-flex e-con-boxed e-con e-parent" data-id="8ccd1e3" data-element_type="container">
					<div class="e-con-inner">
				<div class="elementor-element elementor-element-de0f5e8 elementor-widget elementor-widget-shortcode" data-id="de0f5e8" data-element_type="widget" data-widget_type="shortcode.default">
				<div class="elementor-widget-container">
							<div class="elementor-shortcode"></div>
						</div>
				</div>
					</div>
				</div>
				</div>

<p>Audipack Silent 9300 Dolmetscherkabinen kaufen, mieten oder leasen Audipack Silent 9300 Die 9300 wird nicht mehr hergestellt Nachfolgerin ist die Silent 9600 Die 9600 entspricht neusten Normen Silent 9600 ansehen Die Dolmetschkabine Audipack Silent 9300 wird seit 2018 nicht mehr hergestellt. Der Grund dafür ist eine verbesserte ISO-Norm, die Ende 2016 veröffentlicht wurde. Aus diesem [&hellip;]</p>
