{"id":15542,"date":"2020-01-13T11:20:39","date_gmt":"2020-01-13T10:20:39","guid":{"rendered":"https:\/\/www.konferenztechnik.de\/?page_id=15542"},"modified":"2023-08-29T14:45:39","modified_gmt":"2023-08-29T12:45:39","slug":"service-des-ventes","status":"publish","type":"page","link":"https:\/\/konferenztechnik.de\/fr\/service-des-ventes\/","title":{"rendered":"Service des ventes"},"content":{"rendered":"<div data-elementor-type=\"wp-page\" data-elementor-id=\"15542\" class=\"elementor elementor-15542\" data-elementor-post-type=\"page\">\n\t\t\t\t\t\t<section data-particle_enable=\"false\" data-particle-mobile-disabled=\"false\" class=\"elementor-section elementor-top-section elementor-element elementor-element-1642ea5a elementor-section-boxed elementor-section-height-default elementor-section-height-default\" data-id=\"1642ea5a\" data-element_type=\"section\">\n\t\t\t\t\t\t<div class=\"elementor-container elementor-column-gap-default\">\n\t\t\t\t\t<div class=\"elementor-column elementor-col-100 elementor-top-column elementor-element elementor-element-5d2018ab\" data-id=\"5d2018ab\" data-element_type=\"column\">\n\t\t\t<div class=\"elementor-widget-wrap elementor-element-populated\">\n\t\t\t\t\t\t<div class=\"elementor-element elementor-element-5096329c elementor-widget elementor-widget-text-editor\" data-id=\"5096329c\" data-element_type=\"widget\" data-widget_type=\"text-editor.default\">\n\t\t\t\t<div class=\"elementor-widget-container\">\n\t\t\t\t\t\t\t\t\t<h1>Ventes -Technologie de conf\u00e9rence et multim\u00e9dia<\/h1>\n<p><br><\/p>\n<p>PCS distribue des technologies professionnelles \u00e0 usage commercial \u00e0 des conditions r\u00e9guli\u00e8rement mises \u00e0 jour, et propose des services de conseil et de service apr\u00e8s-vente.<\/p>\n<p>Nous vous conseillons ind\u00e9pendamment des fabricants et nous nous ferons un plaisir de vous mettre en place un syst\u00e8me adapt\u00e9 \u00e0 vos besoins.<\/p>\n<p>Vous recherchez des syst\u00e8mes de conf\u00e9rence et de multim\u00e9dias ou vous avez besoin d'une technologie audio ou vid\u00e9o ?<br>Nous sommes les partenaires de distribution des plus grands fabricants professionnels renomm\u00e9s dans ces domaines.<br>Vous pouvez vous procurer chez nous des syst\u00e8mes audiovisuels de petite et grande taille ainsi que des composants individuels, des pi\u00e8ces de rechange et des accessoires.<\/p>\n<h2>S\u00e9lection par groupes de produits<\/h2>\n<p><br><\/p>\n<p><img decoding=\"async\" src=\"https:\/\/konferenztechnik.de\/wp-content\/uploads\/2018\/07\/fuehrungsanlagen-kaufen-1.jpg\" alt=\"Acheter des syst\u00e8mes de guidage\" class=\"alignleft size-full wp-image-13481\" title=\"\"><\/p>\n<h3><b><br><\/b><\/h3><h3><b><br><\/b><\/h3><h3><b><br><\/b><\/h3><h3><b><br><\/b><\/h3><h3><b>Acheter un syst\u00e8me \/ casque audio guide (Tourguide Systems)<\/b><\/h3>\n<p>Robuste, excellente qualit\u00e9 sonore, nouvelles batteries lithium-ion avec une longue dur\u00e9e de vie<\/p>\n<p><br><\/p>\n<p><img decoding=\"async\" class=\"alignnone size-full wp-image-1287\" src=\"https:\/\/konferenztechnik.de\/wp-content\/uploads\/2013\/06\/quinta.jpg\" alt=\"quinta\" title=\"\"><\/p>\n<h3><b>Acheter des microphones de table<\/b><\/h3>\n<p>Achetez du mat\u00e9riel professionnel chez nous : avec ou sans fil \u2013 avec une excellente qualit\u00e9 audio<\/p>\n<p><br><\/p>\n<p><img decoding=\"async\" src=\"https:\/\/konferenztechnik.de\/wp-content\/uploads\/2018\/07\/dolmetscherkabinen-kaufen-1.jpg\" alt=\"Acheter des cabines d&#039;interpr\u00e9tation\" class=\"alignleft size-full wp-image-13486\" title=\"\"><\/p>\n<h3><b><br><\/b><\/h3><h3><b><br><\/b><\/h3><h3><b><br><\/b><\/h3><h3><b><br><\/b><\/h3><h3><b>Acheter des cabines d'interpr\u00e9tation<\/b><\/h3>\n<p>Cabines d'interpr\u00e9tation,<br>certifi\u00e9es ISO,<br>mobiles et flexibles<br>disponibles imm\u00e9diatement \u00e0 partir de l'entrep\u00f4t PCS<\/p>\n<p><br><\/p>\n<p><img fetchpriority=\"high\" decoding=\"async\" width=\"288\" height=\"198\" class=\"alignleft size-full wp-image-3750\" src=\"https:\/\/konferenztechnik.de\/wp-content\/uploads\/2013\/11\/03-mediensteuerungen.jpg\" alt=\"Commandes de m\u00e9dias chez PCS - Crestron, AMX, RTI\" title=\"\"><\/p>\n<h3><b><br><\/b><\/h3><h3><b><br><\/b><\/h3><h3><b><br><\/b><\/h3><h3><b><br><\/b><\/h3><h3><b><br><\/b><\/h3><h3><b>Commande multim\u00e9dia<\/b><\/h3>\n<p>Syst\u00e8me domotique command\u00e9 : G\u00e9rer de mani\u00e8re centralis\u00e9e les installations techniques multim\u00e9dia (vid\u00e9o, audio et \u00e9clairage) de vos salles et b\u00e2timents.<\/p>\n<p><br><\/p>\n<p><img decoding=\"async\" width=\"288\" height=\"198\" class=\"alignleft size-full wp-image-3748\" src=\"https:\/\/konferenztechnik.de\/wp-content\/uploads\/2013\/11\/01-i3.jpg\" alt=\"Tableau blanc interactif Vanerum i3\" title=\"\"><\/p>\n<h3><b><br><\/b><\/h3><h3><b><br><\/b><\/h3><h3><b><br><\/b><\/h3><h3><b><br><\/b><\/h3><h3><b><br><\/b><\/h3><h3><b>Outils d'apprentissage, de pr\u00e9sentation et de travail collaboratif.<\/b><\/h3>\n<p>Tableau blanc virtuel, \u00e9crans et vid\u00e9oprojecteurs interactifs<\/p>\n<p><br><\/p>\n<p><img decoding=\"async\" src=\"https:\/\/konferenztechnik.de\/wp-content\/uploads\/2018\/07\/dolmetschertechnik-kaufen-1.jpg\" alt=\"Acheter la technique d&#039;interpr\u00e9tation\" class=\"alignleft size-full wp-image-13484\" title=\"\"><\/p>\n<h3><b><br><\/b><\/h3><h3><b><br><\/b><\/h3><h3><b><br><\/b><\/h3><h3><b><br><\/b><\/h3><h3><b><br><\/b><\/h3><h3><b>\u00c9quipement d'interpr\u00e9tation<\/b><\/h3>\n<p>Cabines d'interpr\u00e8tes, pupitres d'interpr\u00e8tes, technique d'interpr\u00e9tation par infrarouge, technique d'interpr\u00e9tation par liaison radio \/ hertzienne<\/p>\n<p><br><\/p>\n<p><img decoding=\"async\" width=\"288\" height=\"198\" class=\"alignleft size-full wp-image-3751\" src=\"https:\/\/konferenztechnik.de\/wp-content\/uploads\/2013\/11\/07-projektorenhalterungen.jpg\" alt=\"Supports pour projecteurs et vid\u00e9oprojecteurs\" title=\"\"><\/p>\n<h3><b><br><\/b><\/h3><h3><b><br><\/b><\/h3><h3><b><br><\/b><\/h3><h3><b><br><\/b><\/h3><h3><b><br><\/b><\/h3><h3><b>Supports \/ fixation d'\u00e9cran et de projecteur<\/b><\/h3>\n<p>Fixation plafond, tr\u00e9pieds d'\u00e9cran, syst\u00e8mes d'installation de projecteurs et d'\u00e9crans, sysme d'installation de projecteurs, enceintes d'insonorisation et d'isolation acoustique<\/p>\n<p><br><\/p>\n<p><img loading=\"lazy\" decoding=\"async\" width=\"288\" height=\"198\" class=\"alignleft size-full wp-image-3752\" src=\"https:\/\/konferenztechnik.de\/wp-content\/uploads\/2013\/11\/08-funklautsprecher.jpg\" alt=\"Haut-parleur sans fil Sennheiser LSP 500 PRO\" title=\"\"><\/p>\n<h3><b><br><\/b><\/h3><h3><b><br><\/b><\/h3><h3><b><br><\/b><\/h3><h3><b><br><\/b><\/h3><h3><b><br><\/b><\/h3><h3><b>Technologie audio, technologie vid\u00e9o<\/b><\/h3>\n<p>Syst\u00e8mes de sonorisation, microphones, tables de mixage, vid\u00e9oprojecteurs, afficheurs, \u00e9crans, visualiseurs, \u00e9crans de projection, signalisation num\u00e9rique<\/p>\n<p><br><\/p>\n<p>\n<img loading=\"lazy\" decoding=\"async\" width=\"288\" height=\"198\" class=\"alignnone size-full wp-image-3851\" src=\"https:\/\/konferenztechnik.de\/wp-content\/uploads\/2013\/11\/barco_clickshare_bei-pcs.jpg\" alt=\"barco_clickshare_bei-pcs\" title=\"\"><\/p>\n<h3><br><\/h3><div class=\"rahmen\">\n<p><br><\/p><\/div>\t\t\t\t\t\t\t\t<\/div>\n\t\t\t\t<\/div>\n\t\t\t\t\t<\/div>\n\t\t<\/div>\n\t\t\t\t\t<\/div>\n\t\t<\/section>\n\t\t\t\t<\/div>","protected":false},"excerpt":{"rendered":"<p>Ventes -Technologie de conf\u00e9rence et multimedias PCS distribue des technologies professionnelles \u00e0 usage commercial \u00e0 des conditions r\u00e9guli\u00e8rement mises \u00e0 jour, et propose des services de conseil et de service apr\u00e8s-vente. Nous vous conseillons ind\u00e9pendamment des fabricants et nous nous ferons un plaisir de vous mettre en place un syst\u00e8me adapt\u00e9 \u00e0 vos besoins. Vous [&hellip;]<\/p>","protected":false},"author":1,"featured_media":45482,"parent":0,"menu_order":0,"comment_status":"closed","ping_status":"closed","template":"","meta":{"_acf_changed":false,"footnotes":""},"class_list":["post-15542","page","type-page","status-publish","has-post-thumbnail","hentry"],"acf":[],"_links":{"self":[{"href":"https:\/\/konferenztechnik.de\/fr\/wp-json\/wp\/v2\/pages\/15542","targetHints":{"allow":["GET"]}}],"collection":[{"href":"https:\/\/konferenztechnik.de\/fr\/wp-json\/wp\/v2\/pages"}],"about":[{"href":"https:\/\/konferenztechnik.de\/fr\/wp-json\/wp\/v2\/types\/page"}],"author":[{"embeddable":true,"href":"https:\/\/konferenztechnik.de\/fr\/wp-json\/wp\/v2\/users\/1"}],"replies":[{"embeddable":true,"href":"https:\/\/konferenztechnik.de\/fr\/wp-json\/wp\/v2\/comments?post=15542"}],"version-history":[{"count":0,"href":"https:\/\/konferenztechnik.de\/fr\/wp-json\/wp\/v2\/pages\/15542\/revisions"}],"wp:featuredmedia":[{"embeddable":true,"href":"https:\/\/konferenztechnik.de\/fr\/wp-json\/wp\/v2\/media\/45482"}],"wp:attachment":[{"href":"https:\/\/konferenztechnik.de\/fr\/wp-json\/wp\/v2\/media?parent=15542"}],"curies":[{"name":"wp","href":"https:\/\/api.w.org\/{rel}","templated":true}]}}

<div data-elementor-type="wp-page" data-elementor-id="15542" class="elementor elementor-15542" data-elementor-post-type="page">
						<section data-particle_enable="false" data-particle-mobile-disabled="false" class="elementor-section elementor-top-section elementor-element elementor-element-1642ea5a elementor-section-boxed elementor-section-height-default elementor-section-height-default" data-id="1642ea5a" data-element_type="section">
						<div class="elementor-container elementor-column-gap-default">
					<div class="elementor-column elementor-col-100 elementor-top-column elementor-element elementor-element-5d2018ab" data-id="5d2018ab" data-element_type="column">
			<div class="elementor-widget-wrap elementor-element-populated">
						<div class="elementor-element elementor-element-5096329c elementor-widget elementor-widget-text-editor" data-id="5096329c" data-element_type="widget" data-widget_type="text-editor.default">
				<div class="elementor-widget-container">
									<h1>Ventes -Technologie de conférence et multimédia</h1>
<p><br></p>
<p>PCS distribue des technologies professionnelles à usage commercial à des conditions régulièrement mises à jour, et propose des services de conseil et de service après-vente.</p>
<p>Nous vous conseillons indépendamment des fabricants et nous nous ferons un plaisir de vous mettre en place un système adapté à vos besoins.</p>
<p>Vous recherchez des systèmes de conférence et de multimédias ou vous avez besoin d'une technologie audio ou vidéo ?<br>Nous sommes les partenaires de distribution des plus grands fabricants professionnels renommés dans ces domaines.<br>Vous pouvez vous procurer chez nous des systèmes audiovisuels de petite et grande taille ainsi que des composants individuels, des pièces de rechange et des accessoires.</p>
<h2>Sélection par groupes de produits</h2>
<p><br></p>
<p><img decoding="async" src="https://konferenztechnik.de/wp-content/uploads/2018/07/fuehrungsanlagen-kaufen-1.jpg" alt="Acheter des systèmes de guidage" class="alignleft size-full wp-image-13481" title=""></p>
<h3><b><br></b></h3><h3><b><br></b></h3><h3><b><br></b></h3><h3><b><br></b></h3><h3><b>Acheter un système / casque audio guide (Tourguide Systems)</b></h3>
<p>Robuste, excellente qualité sonore, nouvelles batteries lithium-ion avec une longue durée de vie</p>
<p><br></p>
<p><img decoding="async" class="alignnone size-full wp-image-1287" src="https://konferenztechnik.de/wp-content/uploads/2013/06/quinta.jpg" alt="quinta" title=""></p>
<h3><b>Acheter des microphones de table</b></h3>
<p>Achetez du matériel professionnel chez nous : avec ou sans fil – avec une excellente qualité audio</p>
<p><br></p>
<p><img decoding="async" src="https://konferenztechnik.de/wp-content/uploads/2018/07/dolmetscherkabinen-kaufen-1.jpg" alt="Acheter des cabines d&#039;interprétation" class="alignleft size-full wp-image-13486" title=""></p>
<h3><b><br></b></h3><h3><b><br></b></h3><h3><b><br></b></h3><h3><b><br></b></h3><h3><b>Acheter des cabines d'interprétation</b></h3>
<p>Cabines d'interprétation,<br>certifiées ISO,<br>mobiles et flexibles<br>disponibles immédiatement à partir de l'entrepôt PCS</p>
<p><br></p>
<p><img fetchpriority="high" decoding="async" width="288" height="198" class="alignleft size-full wp-image-3750" src="https://konferenztechnik.de/wp-content/uploads/2013/11/03-mediensteuerungen.jpg" alt="Commandes de médias chez PCS - Crestron, AMX, RTI" title=""></p>
<h3><b><br></b></h3><h3><b><br></b></h3><h3><b><br></b></h3><h3><b><br></b></h3><h3><b><br></b></h3><h3><b>Commande multimédia</b></h3>
<p>Système domotique commandé : Gérer de manière centralisée les installations techniques multimédia (vidéo, audio et éclairage) de vos salles et bâtiments.</p>
<p><br></p>
<p><img decoding="async" width="288" height="198" class="alignleft size-full wp-image-3748" src="https://konferenztechnik.de/wp-content/uploads/2013/11/01-i3.jpg" alt="Tableau blanc interactif Vanerum i3" title=""></p>
<h3><b><br></b></h3><h3><b><br></b></h3><h3><b><br></b></h3><h3><b><br></b></h3><h3><b><br></b></h3><h3><b>Outils d'apprentissage, de présentation et de travail collaboratif.</b></h3>
<p>Tableau blanc virtuel, écrans et vidéoprojecteurs interactifs</p>
<p><br></p>
<p><img decoding="async" src="https://konferenztechnik.de/wp-content/uploads/2018/07/dolmetschertechnik-kaufen-1.jpg" alt="Acheter la technique d&#039;interprétation" class="alignleft size-full wp-image-13484" title=""></p>
<h3><b><br></b></h3><h3><b><br></b></h3><h3><b><br></b></h3><h3><b><br></b></h3><h3><b><br></b></h3><h3><b>Équipement d'interprétation</b></h3>
<p>Cabines d'interprètes, pupitres d'interprètes, technique d'interprétation par infrarouge, technique d'interprétation par liaison radio / hertzienne</p>
<p><br></p>
<p><img decoding="async" width="288" height="198" class="alignleft size-full wp-image-3751" src="https://konferenztechnik.de/wp-content/uploads/2013/11/07-projektorenhalterungen.jpg" alt="Supports pour projecteurs et vidéoprojecteurs" title=""></p>
<h3><b><br></b></h3><h3><b><br></b></h3><h3><b><br></b></h3><h3><b><br></b></h3><h3><b><br></b></h3><h3><b>Supports / fixation d'écran et de projecteur</b></h3>
<p>Fixation plafond, trépieds d'écran, systèmes d'installation de projecteurs et d'écrans, sysme d'installation de projecteurs, enceintes d'insonorisation et d'isolation acoustique</p>
<p><br></p>
<p><img loading="lazy" decoding="async" width="288" height="198" class="alignleft size-full wp-image-3752" src="https://konferenztechnik.de/wp-content/uploads/2013/11/08-funklautsprecher.jpg" alt="Haut-parleur sans fil Sennheiser LSP 500 PRO" title=""></p>
<h3><b><br></b></h3><h3><b><br></b></h3><h3><b><br></b></h3><h3><b><br></b></h3><h3><b><br></b></h3><h3><b>Technologie audio, technologie vidéo</b></h3>
<p>Systèmes de sonorisation, microphones, tables de mixage, vidéoprojecteurs, afficheurs, écrans, visualiseurs, écrans de projection, signalisation numérique</p>
<p><br></p>
<p>
<img loading="lazy" decoding="async" width="288" height="198" class="alignnone size-full wp-image-3851" src="https://konferenztechnik.de/wp-content/uploads/2013/11/barco_clickshare_bei-pcs.jpg" alt="barco_clickshare_bei-pcs" title=""></p>
<h3><br></h3><div class="rahmen">
<p><br></p></div>								</div>
				</div>
					</div>
		</div>
					</div>
		</section>
				</div>

<p>Ventes -Technologie de conférence et multimedias PCS distribue des technologies professionnelles à usage commercial à des conditions régulièrement mises à jour, et propose des services de conseil et de service après-vente. Nous vous conseillons indépendamment des fabricants et nous nous ferons un plaisir de vous mettre en place un système adapté à vos besoins. Vous [&hellip;]</p>
