{"id":18584,"date":"2021-10-05T11:33:23","date_gmt":"2021-10-05T10:33:23","guid":{"rendered":"https:\/\/www.konferenztechnik.de\/?page_id=18584"},"modified":"2023-09-01T11:51:05","modified_gmt":"2023-09-01T09:51:05","slug":"planificateur-de-projet-w-d-m-dans-le-domaine-de-la-technique-de-conference-et-de-levenementiel","status":"publish","type":"page","link":"https:\/\/konferenztechnik.de\/fr\/planificateur-de-projet-w-d-m-dans-le-domaine-de-la-technique-de-conference-et-de-levenementiel\/","title":{"rendered":"Planificateur(trice) de projet dans le domaine de la technique de conf\u00e9rence et de l'\u00e9v\u00e9nementiel (f\/d\/m)"},"content":{"rendered":"<p>[column size=\"3-4\u2033 last=\"0\u2033]<br \/>\n[note color=\"#FFCC00\u2033]<br \/>\n[spacer size=\"20\u2033]<br \/>\nLe poste a \u00e9t\u00e9 pourvu entre-temps. Nous vous remercions pour vos candidatures !<br \/>\n[spacer size=\"20\u2033]<br \/>\n[\/note]<\/p>\n<h1><strong>Nous recherchons des planificateurs de projets (f\/d\/m) dans le domaine de la technique de conf\u00e9rence et de l'\u00e9v\u00e9nementiel<\/strong><\/h1>\n<p>Pour tous les sites, nous recherchons d\u00e8s maintenant un(e) planificateur(trice) de projet dans le domaine de la technique de conf\u00e9rence, de la technique simultan\u00e9e et de l'\u00e9v\u00e9nementiel.<\/p>\n<h2><strong>Vos t\u00e2ches<\/strong><\/h2>\n<ul>\n<li>Vous prenez en charge des t\u00e2ches de planification sp\u00e9cialis\u00e9e pour nos projets.<\/li>\n<li>Ils organisent et contr\u00f4lent les processus avant, pendant et apr\u00e8s les projets : Planification technique, planification du personnel, logistique des v\u00e9hicules, retours de marchandises et briefings.<\/li>\n<li>Vous planifiez le mat\u00e9riel et les ressources (techniciens\/techniciennes, v\u00e9hicules) pour nos projets dans le logiciel de projet EasyJob.<\/li>\n<li>Vous organisez et surveillez le bon d\u00e9roulement des \u00e9changes de marchandises entre nos filiales et garantissez ainsi la disponibilit\u00e9 des ressources et du mat\u00e9riel pour tous les projets en cours et \u00e0 venir.<\/li>\n<li>Vous \u00eates l'interlocuteur(trice) de nos clients et partenaires, mais aussi, en interne, de nos techniciens, planificateurs de projets et logisticiens d'entrep\u00f4t.<\/li>\n<\/ul>\n<p>[\/column]<br \/>\n[column size=\"1-4\u2033 last=\"1\u2033]<\/p>\n<div class=\"box1-4\" style=\"margin-bottom: 0!important; margin-top:50px\">\n<b><span class=\"pcs-color\">Candidatures et demandes de renseignements<\/span><\/b><br \/>\n<img fetchpriority=\"high\" decoding=\"async\" width=\"800\" height=\"533\" src=\"https:\/\/konferenztechnik.de\/wp-content\/uploads\/2013\/09\/thorsten_geissler_pcs-gmbh.jpg\" alt=\"Thorsten Gei\u00dfler\" class=\"alignleft size-full wp-image-2317\" title=\"\" srcset=\"https:\/\/konferenztechnik.de\/wp-content\/uploads\/2013\/09\/thorsten_geissler_pcs-gmbh.jpg 800w, https:\/\/konferenztechnik.de\/wp-content\/uploads\/2013\/09\/thorsten_geissler_pcs-gmbh-300x200.jpg 300w, https:\/\/konferenztechnik.de\/wp-content\/uploads\/2013\/09\/thorsten_geissler_pcs-gmbh-768x512.jpg 768w\" sizes=\"(max-width: 800px) 100vw, 800px\" \/><\/p>\n<p>Thorsten Gei\u00dfler<br \/>\n<a href=\"tel:+4921173779816\"><b>+49 211 737798 16<\/b><\/a><br \/>\n<span class=\"volleansicht\"><a href=\"mailto:geissler@konferenztechnik.de\" onclick=\"ga('send', 'event', 'Email-Klick', 'Kontakt bewerben');\">geissler@konferenztechnik.de<\/a><br \/>\n<\/span><br \/>\n<span class=\"mobileansicht\"><a href=\"mailto:geissler@konferenztechnik.de\" onclick=\"ga('send', 'event', 'Email-Klick', 'Kontakt bewerben');\">\u00e9crire<\/a><br \/>\n<\/span><\/p>\n<\/div>\n<p>[\/column]<\/p>\n<p>[spacer size=\"20\u2033]<\/p>\n<h2><strong>Votre exp\u00e9rience et vos connaissances<\/strong><\/h2>\n<ul>\n<li>Exp\u00e9rience dans le domaine de l'ordonnancement ou de la planification de projets dans le secteur de l'\u00e9v\u00e9nementiel<\/li>\n<li>Connaissance des logiciels de projet et des syst\u00e8mes de gestion des marchandises, de pr\u00e9f\u00e9rence avec Protonic EasyJob<\/li>\n<li>Tr\u00e8s bonnes connaissances des domaines de la technique des m\u00e9dias audiovisuels ainsi que de la technique de conf\u00e9rence et de simultan\u00e9it\u00e9<\/li>\n<li>Vous travaillez en \u00e9tant fortement orient\u00e9 vers le client et le service<\/li>\n<li>Vous aimez travailler en \u00e9quipe et \u00e9changer avec vos coll\u00e8gues<\/li>\n<li>Vous avez une capacit\u00e9 de compr\u00e9hension rapide et d\u00e9veloppez rapidement des solutions.<\/li>\n<li>vous travaillez de mani\u00e8re tr\u00e8s structur\u00e9e et gardez toujours une vue d'ensemble<\/li>\n<li>Tr\u00e8s bonnes connaissances informatiques (PC, Windows, Microsoft Office)<\/li>\n<li>Tr\u00e8s bonne connaissance de l'allemand \u00e0 l'oral et \u00e0 l'\u00e9crit<\/li>\n<li>Bonne connaissance de l'anglais \u00e0 l'oral et \u00e0 l'\u00e9crit<\/li>\n<\/ul>\n<p>[spacer size=\"20\u2033]<\/p>\n<h2><strong>Ce que nous offrons<\/strong><\/h2>\n<ul>\n<li>Un emploi fixe (mod\u00e8les de travail flexibles : temps plein, temps partiel, mini-job, mi-job ou \u00e9tudiant(e) salari\u00e9(e) possibles)<\/li>\n<li>La possibilit\u00e9 de travailler de mani\u00e8re mobile<\/li>\n<li>Pr\u00e9voyance retraite d'entreprise<\/li>\n<li>Assurance maladie d'entreprise (compl\u00e9mentaire dentaire, lunettes)<\/li>\n<li>V\u00e9lo de travail<\/li>\n<li>Des projets int\u00e9ressants et vari\u00e9s<\/li>\n<li>Une \u00e9quipe motiv\u00e9e qui a du plaisir et de la joie \u00e0 travailler<\/li>\n<li>Horaires de travail flexibles<\/li>\n<li>Hi\u00e9rarchies plates<\/li>\n<\/ul>","protected":false},"excerpt":{"rendered":"<p>[column size=\"3-4\u2033 last=\"0\u2033] [note color=\"#FFCC00\u2033] [spacer size=\"20\u2033] Le poste est \u00e0 pr\u00e9sent pourvu. Merci beaucoup pour vos candidatures ! [spacer size=\"20\u2033] [\/note] Nous recherchons un(e) planificateur(trice) de projet dans le domaine de la technique de conf\u00e9rence et de l'\u00e9v\u00e9nementiel Pour tous les sites, nous recherchons d\u00e8s maintenant un(e) planificateur(trice) de projet dans le domaine de la technique de conf\u00e9rence, de la technique simultan\u00e9e et de l'\u00e9v\u00e9nementiel. Vos t\u00e2ches Vous prenez en charge des t\u00e2ches de planification technique pour nos projets. Vous [...]<\/p>","protected":false},"author":1,"featured_media":45482,"parent":0,"menu_order":0,"comment_status":"closed","ping_status":"closed","template":"","meta":{"_acf_changed":false,"footnotes":""},"class_list":["post-18584","page","type-page","status-publish","has-post-thumbnail","hentry"],"acf":[],"_links":{"self":[{"href":"https:\/\/konferenztechnik.de\/fr\/wp-json\/wp\/v2\/pages\/18584","targetHints":{"allow":["GET"]}}],"collection":[{"href":"https:\/\/konferenztechnik.de\/fr\/wp-json\/wp\/v2\/pages"}],"about":[{"href":"https:\/\/konferenztechnik.de\/fr\/wp-json\/wp\/v2\/types\/page"}],"author":[{"embeddable":true,"href":"https:\/\/konferenztechnik.de\/fr\/wp-json\/wp\/v2\/users\/1"}],"replies":[{"embeddable":true,"href":"https:\/\/konferenztechnik.de\/fr\/wp-json\/wp\/v2\/comments?post=18584"}],"version-history":[{"count":0,"href":"https:\/\/konferenztechnik.de\/fr\/wp-json\/wp\/v2\/pages\/18584\/revisions"}],"wp:featuredmedia":[{"embeddable":true,"href":"https:\/\/konferenztechnik.de\/fr\/wp-json\/wp\/v2\/media\/45482"}],"wp:attachment":[{"href":"https:\/\/konferenztechnik.de\/fr\/wp-json\/wp\/v2\/media?parent=18584"}],"curies":[{"name":"wp","href":"https:\/\/api.w.org\/{rel}","templated":true}]}}

Planificateur(trice) de projet dans le domaine de la technique de conférence et de l'événementiel (f/d/m)

<p>[column size="3-4″ last="0″]<br />
[note color="#FFCC00″]<br />
[spacer size="20″]<br />
Le poste a été pourvu entre-temps. Nous vous remercions pour vos candidatures !<br />
[spacer size="20″]<br />
[/note]</p>
<h1><strong>Nous recherchons des planificateurs de projets (f/d/m) dans le domaine de la technique de conférence et de l'événementiel</strong></h1>
<p>Pour tous les sites, nous recherchons dès maintenant un(e) planificateur(trice) de projet dans le domaine de la technique de conférence, de la technique simultanée et de l'événementiel.</p>
<h2><strong>Vos tâches</strong></h2>
<ul>
<li>Vous prenez en charge des tâches de planification spécialisée pour nos projets.</li>
<li>Ils organisent et contrôlent les processus avant, pendant et après les projets : Planification technique, planification du personnel, logistique des véhicules, retours de marchandises et briefings.</li>
<li>Vous planifiez le matériel et les ressources (techniciens/techniciennes, véhicules) pour nos projets dans le logiciel de projet EasyJob.</li>
<li>Vous organisez et surveillez le bon déroulement des échanges de marchandises entre nos filiales et garantissez ainsi la disponibilité des ressources et du matériel pour tous les projets en cours et à venir.</li>
<li>Vous êtes l'interlocuteur(trice) de nos clients et partenaires, mais aussi, en interne, de nos techniciens, planificateurs de projets et logisticiens d'entrepôt.</li>
</ul>
<p>[/column]<br />
[column size="1-4″ last="1″]</p>
<div class="box1-4" style="margin-bottom: 0!important; margin-top:50px">
<b><span class="pcs-color">Candidatures et demandes de renseignements</span></b><br />
<img fetchpriority="high" decoding="async" width="800" height="533" src="https://konferenztechnik.de/wp-content/uploads/2013/09/thorsten_geissler_pcs-gmbh.jpg" alt="Thorsten Geißler" class="alignleft size-full wp-image-2317" title="" srcset="https://konferenztechnik.de/wp-content/uploads/2013/09/thorsten_geissler_pcs-gmbh.jpg 800w, https://konferenztechnik.de/wp-content/uploads/2013/09/thorsten_geissler_pcs-gmbh-300x200.jpg 300w, https://konferenztechnik.de/wp-content/uploads/2013/09/thorsten_geissler_pcs-gmbh-768x512.jpg 768w" sizes="(max-width: 800px) 100vw, 800px" /></p>
<p>Thorsten Geißler<br />
<a href="tel:+4921173779816"><b>+49 211 737798 16</b></a><br />
<span class="volleansicht"><a href="mailto:geissler@konferenztechnik.de" onclick="ga('send', 'event', 'Email-Klick', 'Kontakt bewerben');">geissler@konferenztechnik.de</a><br />
</span><br />
<span class="mobileansicht"><a href="mailto:geissler@konferenztechnik.de" onclick="ga('send', 'event', 'Email-Klick', 'Kontakt bewerben');">écrire</a><br />
</span></p>
</div>
<p>[/column]</p>
<p>[spacer size="20″]</p>
<h2><strong>Votre expérience et vos connaissances</strong></h2>
<ul>
<li>Expérience dans le domaine de l'ordonnancement ou de la planification de projets dans le secteur de l'événementiel</li>
<li>Connaissance des logiciels de projet et des systèmes de gestion des marchandises, de préférence avec Protonic EasyJob</li>
<li>Très bonnes connaissances des domaines de la technique des médias audiovisuels ainsi que de la technique de conférence et de simultanéité</li>
<li>Vous travaillez en étant fortement orienté vers le client et le service</li>
<li>Vous aimez travailler en équipe et échanger avec vos collègues</li>
<li>Vous avez une capacité de compréhension rapide et développez rapidement des solutions.</li>
<li>vous travaillez de manière très structurée et gardez toujours une vue d'ensemble</li>
<li>Très bonnes connaissances informatiques (PC, Windows, Microsoft Office)</li>
<li>Très bonne connaissance de l'allemand à l'oral et à l'écrit</li>
<li>Bonne connaissance de l'anglais à l'oral et à l'écrit</li>
</ul>
<p>[spacer size="20″]</p>
<h2><strong>Ce que nous offrons</strong></h2>
<ul>
<li>Un emploi fixe (modèles de travail flexibles : temps plein, temps partiel, mini-job, mi-job ou étudiant(e) salarié(e) possibles)</li>
<li>La possibilité de travailler de manière mobile</li>
<li>Prévoyance retraite d'entreprise</li>
<li>Assurance maladie d'entreprise (complémentaire dentaire, lunettes)</li>
<li>Vélo de travail</li>
<li>Des projets intéressants et variés</li>
<li>Une équipe motivée qui a du plaisir et de la joie à travailler</li>
<li>Horaires de travail flexibles</li>
<li>Hiérarchies plates</li>
</ul>

<p>[column size="3-4″ last="0″] [note color="#FFCC00″] [spacer size="20″] Le poste est à présent pourvu. Merci beaucoup pour vos candidatures ! [spacer size="20″] [/note] Nous recherchons un(e) planificateur(trice) de projet dans le domaine de la technique de conférence et de l'événementiel Pour tous les sites, nous recherchons dès maintenant un(e) planificateur(trice) de projet dans le domaine de la technique de conférence, de la technique simultanée et de l'événementiel. Vos tâches Vous prenez en charge des tâches de planification technique pour nos projets. Vous [...]</p>
