{"id":3768,"date":"2013-11-27T14:19:01","date_gmt":"2013-11-27T12:19:01","guid":{"rendered":"https:\/\/konferenztechnik.de\/?page_id=3768"},"modified":"2023-09-27T11:58:03","modified_gmt":"2023-09-27T09:58:03","slug":"vanerum-i3","status":"publish","type":"page","link":"https:\/\/konferenztechnik.de\/fr\/distribution-de-materiel-de-conference-et-de-medias-audiovisuels\/vanerum-i3\/","title":{"rendered":"Vanerum i3"},"content":{"rendered":"<p>[column size=\"2-3\u2033 last=\"0\u2033]<\/p>\n<h1>Apprendre, travailler, pr\u00e9senter de mani\u00e8re interactive<\/h1>\n<p>Vanerum est un sp\u00e9cialiste belge du mobilier de formation. PCS distribue les solutions de communication interactives, y compris les lecteurs et les p\u00e9riph\u00e9riques correspondants.<br \/>\nNous vous proposons des syst\u00e8mes de pr\u00e9sentation interactifs haut de gamme \u00e0 des prix imbattables, avec le plus haut niveau de qualit\u00e9 de fabrication, d'aptitude \u00e0 l'usage quotidien et d'utilisation harmonieuse. Un point culminant pas seulement pour les \u00e9coles et les universit\u00e9s.<\/p>\n<p>[\/column]<\/p>\n<p>[column size=\"1-4\u2033 last=\"1\u2033]<\/p>\n<div style=\"padding-top:60px;\">\n<img decoding=\"async\" class=\"alignright size-full wp-image-3771\" alt=\"Logo du Vanerum i3\" src=\"https:\/\/konferenztechnik.de\/wp-content\/uploads\/2013\/11\/vanerum_i3_logo.jpg\" width=\"185\" height=\"208\" title=\"\"><\/div>\n<p>[\/column]<\/p>\n<h4>Tableau blanc interactif avec projecteur i3BOARD de Vanerum<\/h4>\n<p>[column size=\"2-3\u2033 last=\"0\u2033]<br \/>\n[tabs style=\"1\u2033]<br \/>\n[tab title=\"Images\"]<img fetchpriority=\"high\" decoding=\"async\" class=\"alignnone size-full wp-image-3791\" alt=\"Vanerum i3 BOARD\" src=\"https:\/\/konferenztechnik.de\/wp-content\/uploads\/2013\/11\/i3-von-vanerum-02small.jpg\" width=\"484\" height=\"389\" title=\"\" srcset=\"https:\/\/konferenztechnik.de\/wp-content\/uploads\/2013\/11\/i3-von-vanerum-02small.jpg 484w, https:\/\/konferenztechnik.de\/wp-content\/uploads\/2013\/11\/i3-von-vanerum-02small-300x241.jpg 300w\" sizes=\"(max-width: 484px) 100vw, 484px\" \/><br \/>\n[\/tab]<br \/>\n[tab title=\"Particularit\u00e9s\"]<\/p>\n<ul>\n<li>Interaction multi-utilisateurs avec jusqu'\u00e0 dix touchers simultan\u00e9s<\/li>\n<li>Saisie \u00e0 l'aide de stylos et du bout des doigts<\/li>\n<li>technologie tactile V-Sense pr\u00e9cise et \u00e9prouv\u00e9e<\/li>\n<li>cadre en aluminium ultra-mince de 24 mm<\/li>\n<li>surface durable en acier \u00e9maill\u00e9 garantie \u00e0 vie<\/li>\n<li>utilisable avec des marqueurs pour tableaux blancs effa\u00e7ables \u00e0 sec<\/li>\n<li>grande vitesse de r\u00e9ponse<\/li>\n<li>fixation murale standard incluse<\/li>\n<li>ind\u00e9pendant du syst\u00e8me d'exploitation, id\u00e9al pour l'utilisation de toute forme de logiciel d'enseignement<\/li>\n<li>technologie tactile V-Sense r\u00e9sistante \u00e0 la poussi\u00e8re<\/li>\n<li>d\u00e9tection automatique de la source<\/li>\n<li>longue dur\u00e9e de vie de la lampe du projecteur<\/li>\n<\/ul>\n<p>[\/tab]<br \/>\n[tab title=\"Caract\u00e9ristiques techniques\"]<\/p>\n<ul>\n<li>Rapport d'image : 4:3<\/li>\n<li>R\u00e9solution : 32.767 \u00d7 32.767<\/li>\n<li>Dimensions i3BOARD (77\u2033) : H\/L\/P 122,2 x 161,3 x 3,5 cm<\/li>\n<li>Dimensions de la zone active : 117,2 x 156,3 cm<\/li>\n<li>surface d'\u00e9criture : acier \u00e9maill\u00e9 blanc, antireflet<\/li>\n<li>Technologie tactile : V-Sense Multi<\/li>\n<li>Interface USB 2.0 ou sup\u00e9rieure<\/li>\n<li>Consommation d'\u00e9nergie \u2264 400 mA<\/li>\n<li>Projecteur de 2 800 lumens<\/li>\n<li>WXGA 1.280 x 800<\/li>\n<li>zone interactive : 75\u2033 \u00e0 115\u2033 en diagonale<\/li>\n<li>d\u00e9tection automatique de la source<\/li>\n<li>Dur\u00e9e de vie de la lampe du projecteur : 5.000 heures (en mode \u00e9co)<\/li>\n<\/ul>\n<p>[\/tab]<br \/>\n[\/tabs]<br \/>\n[\/column]<\/p>\n<p>[column size=\"1-4\u2033 last=\"1\u2033]<br \/>\n[spacer size=\"40\u2033]<\/p>\n<p>Compar\u00e9 aux tableaux blancs traditionnels, l'i3BOARD se distingue par des caract\u00e9ristiques uniques. Outre la saisie au stylet et au doigt, la technologie tactile V-Sense, pr\u00e9cise et \u00e9prouv\u00e9e, permet une interaction multi-utilisateurs.<\/p>\n<p>Le cadre en aluminium ultrafin conf\u00e8re au i3BOARD un aspect rac\u00e9, facilite l'entretien et r\u00e9duit en outre le co\u00fbt total de possession.<\/p>\n<p>[\/column]<\/p>\n<p>[spacer size=\"20\u2033]<\/p>\n<h4>\u00c9cran interactif avec i3TOUCH<\/h4>\n<p>[column size=\"2-3\u2033 last=\"0\u2033]<br \/>\n[tabs style=\"1\u2033]<br \/>\n[tab title=\"Images\"]<img decoding=\"async\" src=\"https:\/\/konferenztechnik.de\/wp-content\/uploads\/2013\/11\/11123515-standard.jpg\" alt=\"Tableau blanc Vanerum i3\" width=\"665\" height=\"441\" class=\"alignleft size-full wp-image-4344\" title=\"\" srcset=\"https:\/\/konferenztechnik.de\/wp-content\/uploads\/2013\/11\/11123515-standard.jpg 665w, https:\/\/konferenztechnik.de\/wp-content\/uploads\/2013\/11\/11123515-standard-300x199.jpg 300w\" sizes=\"(max-width: 665px) 100vw, 665px\" \/><br \/>\n[\/tab]<br \/>\n[tab title=\"Particularit\u00e9s\"]<\/p>\n<ul>\n<li>deux personnes peuvent \u00e9crire, dessiner ou interagir avec du contenu en utilisant leurs doigts ou un stylo en m\u00eame temps<\/li>\n<li>des images brillantes et une exp\u00e9rience tactile pr\u00e9cise gr\u00e2ce \u00e0 une surface sans ombre<\/li>\n<li>La d\u00e9tection de pr\u00e9sence permet d'\u00e9conomiser de l'\u00e9nergie et de prolonger la dur\u00e9e de vie de l'\u00e9cran<\/li>\n<li>la superposition d'\u00e9crans interactifs combine les fonctions d'un \u00e9cran tactile avec les avantages d'un \u00e9cran plat<\/li>\n<li>support au sol SMART mobile en option<\/li>\n<\/ul>\n<p>[\/tab]<br \/>\n[tab title=\"Caract\u00e9ristiques techniques\"]<\/p>\n<ul>\n<li>\u00c9cran LCD haute d\u00e9finition<\/li>\n<li>Double touche<\/li>\n<li>tailles disponibles : 133 x 82 x 9,3 cm et 168,5 x 103,8 x 25 cm<\/li>\n<li>Rapport d'image : 16:9<\/li>\n<\/ul>\n<p>[\/tab]<br \/>\n[\/tabs]<br \/>\n[\/column]<\/p>\n<p>[column size=\"1-4\u2033 last=\"1\u2033]<br \/>\n[spacer size=\"40\u2033]<\/p>\n<p>Combinez les fonctions tactiles d'un tableau blanc interactif avec les images tr\u00e8s nettes de la technologie \u00e0 \u00e9cran plat.<\/p>\n<p>L'\u00e9cran interactif 8070i offre une solution enti\u00e8rement int\u00e9gr\u00e9e.<\/p>\n<p>[\/column]<\/p>\n<p>[spacer size=\"20\u2033]<\/p>\n<h4>\u00c9cran public haut de gamme avec i3TOUCH<\/h4>\n<p>[column size=\"2-3\u2033 last=\"0\u2033]<br \/>\n[tabs style=\"1\u2033]<br \/>\n[tab title=\"Images\"]<img loading=\"lazy\" decoding=\"async\" class=\"alignnone size-full wp-image-3801\" alt=\"i3-du-vanerum-04small\" src=\"https:\/\/konferenztechnik.de\/wp-content\/uploads\/2013\/11\/i3-von-vanerum-04small.jpg\" width=\"608\" height=\"382\" title=\"\" srcset=\"https:\/\/konferenztechnik.de\/wp-content\/uploads\/2013\/11\/i3-von-vanerum-04small.jpg 608w, https:\/\/konferenztechnik.de\/wp-content\/uploads\/2013\/11\/i3-von-vanerum-04small-300x188.jpg 300w\" sizes=\"(max-width: 608px) 100vw, 608px\" \/><br \/>\n[\/tab]<br \/>\n[tab title=\"Particularit\u00e9s\"]<\/p>\n<ul>\n<li>une fiabilit\u00e9 sans compromis<\/li>\n<li>interfaces DisplayPort et LAN ultramodernes<\/li>\n<li>consommation d'\u00e9nergie minimale gr\u00e2ce aux capteurs de lumi\u00e8re ambiante impl\u00e9ment\u00e9s<\/li>\n<li>solution id\u00e9ale pour les applications d'affichage dynamique dans le commerce de d\u00e9tail, les salles de r\u00e9union, les vid\u00e9oconf\u00e9rences et les applications dans les domaines du transport et de la circulation ainsi que les salles de contr\u00f4le et de commande<\/li>\n<li>Prise en charge DICOM pour les applications m\u00e9dicales<\/li>\n<\/ul>\n<p>[\/tab]<br \/>\n[tab title=\"Caract\u00e9ristiques techniques\"]<\/p>\n<ul>\n<li>Taille : de 40 \u00e0 82 pouces<\/li>\n<li>Contraste : 2000:1, 3000:1, 3500:1<\/li>\n<li>Consommation \u00e9lectrique [W] : 145 \u00e0 680<\/li>\n<li>Rapport d'aspect : 16:9<\/li>\n<li>Technologie du panneau : S-PVA<\/li>\n<li>Luminosit\u00e9 [cd\/m\u00b2] : 700<\/li>\n<li>R\u00e9solution : 1.920 x 1.080<\/li>\n<li>capteur de lumi\u00e8re ambiante programmable pour une luminosit\u00e9 optimis\u00e9e<\/li>\n<li>priorit\u00e9 d'entr\u00e9e d\u00e9finie par l'utilisateur<\/li>\n<li>Prise en charge DICOM<\/li>\n<li>contr\u00f4le avanc\u00e9 des ventilateurs<\/li>\n<li>\u00e9talonnage des couleurs bas\u00e9 sur le mat\u00e9riel<\/li>\n<li>Interface RS232<\/li>\n<li>M\u00e9moire matricielle<\/li>\n<li>changement rapide de l'entr\u00e9e<\/li>\n<li>TileMatrix (10 x 10)<\/li>\n<li>diff\u00e9rentes options d'image dans l'image<\/li>\n<li>Calendrier<\/li>\n<\/ul>\n<p>[\/tab]<br \/>\n[\/tabs]<br \/>\n[\/column]<\/p>\n<p>[column size=\"1-4\u2033 last=\"1\u2033]<br \/>\n[spacer size=\"40\u2033]<\/p>\n<p>La solution tactile i3TOUCH LCD fournit des images haute r\u00e9solution d'une clart\u00e9 cristalline. La technologie tactile optique peut \u00eatre utilis\u00e9e avec le doigt ou un stylet et l'\u00e9cran r\u00e9agit imm\u00e9diatement.<\/p>\n<p>Les \u00e9crans i3TOUCH supportent la technologie Optical Sensing, garantissant ainsi un travail particuli\u00e8rement rapide et pr\u00e9cis avec l'\u00e9cran interactif. Cela en fait la solution parfaite pour une utilisation dans les \u00e9coles et les salles de classe !<\/p>\n<p>[\/column]<\/p>\n<p>[spacer size=\"20\u2033]<\/p>","protected":false},"excerpt":{"rendered":"<p>[column size=&#8220;2-3&#8243; last=&#8220;0&#8243;] Interaktives Lernen, Arbeiten, Pr\u00e4sentieren Vanerum ist ein Spezialist f\u00fcr Schulungsm\u00f6bel aus Belgien. PCS vertreibt die interaktiven Kommunikationsl\u00f6sungen inklusive passenden Zuspielern und Peripherie. Wir bieten Ihnen interaktive Pr\u00e4sentationssysteme der Spitzenklasse zu unschlagbar g\u00fcnstigen Preisen, mit h\u00f6chstem Ma\u00df an Fertigungsqualit\u00e4t, Alltagstauglichkeit und harmonischer Anwendung. Ein H\u00f6hepunkt nicht nur f\u00fcr Schulen und Universit\u00e4ten. [\/column] [column [&hellip;]<\/p>","protected":false},"author":1,"featured_media":45482,"parent":3614,"menu_order":106,"comment_status":"closed","ping_status":"open","template":"","meta":{"_acf_changed":false,"footnotes":""},"class_list":["post-3768","page","type-page","status-publish","has-post-thumbnail","hentry"],"acf":[],"_links":{"self":[{"href":"https:\/\/konferenztechnik.de\/fr\/wp-json\/wp\/v2\/pages\/3768","targetHints":{"allow":["GET"]}}],"collection":[{"href":"https:\/\/konferenztechnik.de\/fr\/wp-json\/wp\/v2\/pages"}],"about":[{"href":"https:\/\/konferenztechnik.de\/fr\/wp-json\/wp\/v2\/types\/page"}],"author":[{"embeddable":true,"href":"https:\/\/konferenztechnik.de\/fr\/wp-json\/wp\/v2\/users\/1"}],"replies":[{"embeddable":true,"href":"https:\/\/konferenztechnik.de\/fr\/wp-json\/wp\/v2\/comments?post=3768"}],"version-history":[{"count":0,"href":"https:\/\/konferenztechnik.de\/fr\/wp-json\/wp\/v2\/pages\/3768\/revisions"}],"up":[{"embeddable":true,"href":"https:\/\/konferenztechnik.de\/fr\/wp-json\/wp\/v2\/pages\/3614"}],"wp:featuredmedia":[{"embeddable":true,"href":"https:\/\/konferenztechnik.de\/fr\/wp-json\/wp\/v2\/media\/45482"}],"wp:attachment":[{"href":"https:\/\/konferenztechnik.de\/fr\/wp-json\/wp\/v2\/media?parent=3768"}],"curies":[{"name":"wp","href":"https:\/\/api.w.org\/{rel}","templated":true}]}}

<p>[column size="2-3″ last="0″]</p>
<h1>Apprendre, travailler, présenter de manière interactive</h1>
<p>Vanerum est un spécialiste belge du mobilier de formation. PCS distribue les solutions de communication interactives, y compris les lecteurs et les périphériques correspondants.<br />
Nous vous proposons des systèmes de présentation interactifs haut de gamme à des prix imbattables, avec le plus haut niveau de qualité de fabrication, d'aptitude à l'usage quotidien et d'utilisation harmonieuse. Un point culminant pas seulement pour les écoles et les universités.</p>
<p>[/column]</p>
<p>[column size="1-4″ last="1″]</p>
<div style="padding-top:60px;">
<img decoding="async" class="alignright size-full wp-image-3771" alt="Logo du Vanerum i3" src="https://konferenztechnik.de/wp-content/uploads/2013/11/vanerum_i3_logo.jpg" width="185" height="208" title=""></div>
<p>[/column]</p>
<h4>Tableau blanc interactif avec projecteur i3BOARD de Vanerum</h4>
<p>[column size="2-3″ last="0″]<br />
[tabs style="1″]<br />
[tab title="Images"]<img fetchpriority="high" decoding="async" class="alignnone size-full wp-image-3791" alt="Vanerum i3 BOARD" src="https://konferenztechnik.de/wp-content/uploads/2013/11/i3-von-vanerum-02small.jpg" width="484" height="389" title="" srcset="https://konferenztechnik.de/wp-content/uploads/2013/11/i3-von-vanerum-02small.jpg 484w, https://konferenztechnik.de/wp-content/uploads/2013/11/i3-von-vanerum-02small-300x241.jpg 300w" sizes="(max-width: 484px) 100vw, 484px" /><br />
[/tab]<br />
[tab title="Particularités"]</p>
<ul>
<li>Interaction multi-utilisateurs avec jusqu'à dix touchers simultanés</li>
<li>Saisie à l'aide de stylos et du bout des doigts</li>
<li>technologie tactile V-Sense précise et éprouvée</li>
<li>cadre en aluminium ultra-mince de 24 mm</li>
<li>surface durable en acier émaillé garantie à vie</li>
<li>utilisable avec des marqueurs pour tableaux blancs effaçables à sec</li>
<li>grande vitesse de réponse</li>
<li>fixation murale standard incluse</li>
<li>indépendant du système d'exploitation, idéal pour l'utilisation de toute forme de logiciel d'enseignement</li>
<li>technologie tactile V-Sense résistante à la poussière</li>
<li>détection automatique de la source</li>
<li>longue durée de vie de la lampe du projecteur</li>
</ul>
<p>[/tab]<br />
[tab title="Caractéristiques techniques"]</p>
<ul>
<li>Rapport d'image : 4:3</li>
<li>Résolution : 32.767 × 32.767</li>
<li>Dimensions i3BOARD (77″) : H/L/P 122,2 x 161,3 x 3,5 cm</li>
<li>Dimensions de la zone active : 117,2 x 156,3 cm</li>
<li>surface d'écriture : acier émaillé blanc, antireflet</li>
<li>Technologie tactile : V-Sense Multi</li>
<li>Interface USB 2.0 ou supérieure</li>
<li>Consommation d'énergie ≤ 400 mA</li>
<li>Projecteur de 2 800 lumens</li>
<li>WXGA 1.280 x 800</li>
<li>zone interactive : 75″ à 115″ en diagonale</li>
<li>détection automatique de la source</li>
<li>Durée de vie de la lampe du projecteur : 5.000 heures (en mode éco)</li>
</ul>
<p>[/tab]<br />
[/tabs]<br />
[/column]</p>
<p>[column size="1-4″ last="1″]<br />
[spacer size="40″]</p>
<p>Comparé aux tableaux blancs traditionnels, l'i3BOARD se distingue par des caractéristiques uniques. Outre la saisie au stylet et au doigt, la technologie tactile V-Sense, précise et éprouvée, permet une interaction multi-utilisateurs.</p>
<p>Le cadre en aluminium ultrafin confère au i3BOARD un aspect racé, facilite l'entretien et réduit en outre le coût total de possession.</p>
<p>[/column]</p>
<p>[spacer size="20″]</p>
<h4>Écran interactif avec i3TOUCH</h4>
<p>[column size="2-3″ last="0″]<br />
[tabs style="1″]<br />
[tab title="Images"]<img decoding="async" src="https://konferenztechnik.de/wp-content/uploads/2013/11/11123515-standard.jpg" alt="Tableau blanc Vanerum i3" width="665" height="441" class="alignleft size-full wp-image-4344" title="" srcset="https://konferenztechnik.de/wp-content/uploads/2013/11/11123515-standard.jpg 665w, https://konferenztechnik.de/wp-content/uploads/2013/11/11123515-standard-300x199.jpg 300w" sizes="(max-width: 665px) 100vw, 665px" /><br />
[/tab]<br />
[tab title="Particularités"]</p>
<ul>
<li>deux personnes peuvent écrire, dessiner ou interagir avec du contenu en utilisant leurs doigts ou un stylo en même temps</li>
<li>des images brillantes et une expérience tactile précise grâce à une surface sans ombre</li>
<li>La détection de présence permet d'économiser de l'énergie et de prolonger la durée de vie de l'écran</li>
<li>la superposition d'écrans interactifs combine les fonctions d'un écran tactile avec les avantages d'un écran plat</li>
<li>support au sol SMART mobile en option</li>
</ul>
<p>[/tab]<br />
[tab title="Caractéristiques techniques"]</p>
<ul>
<li>Écran LCD haute définition</li>
<li>Double touche</li>
<li>tailles disponibles : 133 x 82 x 9,3 cm et 168,5 x 103,8 x 25 cm</li>
<li>Rapport d'image : 16:9</li>
</ul>
<p>[/tab]<br />
[/tabs]<br />
[/column]</p>
<p>[column size="1-4″ last="1″]<br />
[spacer size="40″]</p>
<p>Combinez les fonctions tactiles d'un tableau blanc interactif avec les images très nettes de la technologie à écran plat.</p>
<p>L'écran interactif 8070i offre une solution entièrement intégrée.</p>
<p>[/column]</p>
<p>[spacer size="20″]</p>
<h4>Écran public haut de gamme avec i3TOUCH</h4>
<p>[column size="2-3″ last="0″]<br />
[tabs style="1″]<br />
[tab title="Images"]<img loading="lazy" decoding="async" class="alignnone size-full wp-image-3801" alt="i3-du-vanerum-04small" src="https://konferenztechnik.de/wp-content/uploads/2013/11/i3-von-vanerum-04small.jpg" width="608" height="382" title="" srcset="https://konferenztechnik.de/wp-content/uploads/2013/11/i3-von-vanerum-04small.jpg 608w, https://konferenztechnik.de/wp-content/uploads/2013/11/i3-von-vanerum-04small-300x188.jpg 300w" sizes="(max-width: 608px) 100vw, 608px" /><br />
[/tab]<br />
[tab title="Particularités"]</p>
<ul>
<li>une fiabilité sans compromis</li>
<li>interfaces DisplayPort et LAN ultramodernes</li>
<li>consommation d'énergie minimale grâce aux capteurs de lumière ambiante implémentés</li>
<li>solution idéale pour les applications d'affichage dynamique dans le commerce de détail, les salles de réunion, les vidéoconférences et les applications dans les domaines du transport et de la circulation ainsi que les salles de contrôle et de commande</li>
<li>Prise en charge DICOM pour les applications médicales</li>
</ul>
<p>[/tab]<br />
[tab title="Caractéristiques techniques"]</p>
<ul>
<li>Taille : de 40 à 82 pouces</li>
<li>Contraste : 2000:1, 3000:1, 3500:1</li>
<li>Consommation électrique [W] : 145 à 680</li>
<li>Rapport d'aspect : 16:9</li>
<li>Technologie du panneau : S-PVA</li>
<li>Luminosité [cd/m²] : 700</li>
<li>Résolution : 1.920 x 1.080</li>
<li>capteur de lumière ambiante programmable pour une luminosité optimisée</li>
<li>priorité d'entrée définie par l'utilisateur</li>
<li>Prise en charge DICOM</li>
<li>contrôle avancé des ventilateurs</li>
<li>étalonnage des couleurs basé sur le matériel</li>
<li>Interface RS232</li>
<li>Mémoire matricielle</li>
<li>changement rapide de l'entrée</li>
<li>TileMatrix (10 x 10)</li>
<li>différentes options d'image dans l'image</li>
<li>Calendrier</li>
</ul>
<p>[/tab]<br />
[/tabs]<br />
[/column]</p>
<p>[column size="1-4″ last="1″]<br />
[spacer size="40″]</p>
<p>La solution tactile i3TOUCH LCD fournit des images haute résolution d'une clarté cristalline. La technologie tactile optique peut être utilisée avec le doigt ou un stylet et l'écran réagit immédiatement.</p>
<p>Les écrans i3TOUCH supportent la technologie Optical Sensing, garantissant ainsi un travail particulièrement rapide et précis avec l'écran interactif. Cela en fait la solution parfaite pour une utilisation dans les écoles et les salles de classe !</p>
<p>[/column]</p>
<p>[spacer size="20″]</p>

<p>[column size=&#8220;2-3&#8243; last=&#8220;0&#8243;] Interaktives Lernen, Arbeiten, Präsentieren Vanerum ist ein Spezialist für Schulungsmöbel aus Belgien. PCS vertreibt die interaktiven Kommunikationslösungen inklusive passenden Zuspielern und Peripherie. Wir bieten Ihnen interaktive Präsentationssysteme der Spitzenklasse zu unschlagbar günstigen Preisen, mit höchstem Maß an Fertigungsqualität, Alltagstauglichkeit und harmonischer Anwendung. Ein Höhepunkt nicht nur für Schulen und Universitäten. [/column] [column [&hellip;]</p>
