{"id":3858,"date":"2013-11-28T16:34:43","date_gmt":"2013-11-28T14:34:43","guid":{"rendered":"https:\/\/konferenztechnik.de\/?page_id=3858"},"modified":"2023-07-05T14:25:44","modified_gmt":"2023-07-05T12:25:44","slug":"supports-pour-ecrans-et-projecteurs","status":"publish","type":"page","link":"https:\/\/konferenztechnik.de\/fr\/distribution-de-materiel-de-conference-et-de-medias-audiovisuels\/supports-pour-ecrans-et-projecteurs\/","title":{"rendered":"Supports pour \u00e9crans et projecteurs"},"content":{"rendered":"<h1>Supports pour \u00e9crans et projecteurs<\/h1>\n<p>Apr\u00e8s l'achat d'un projecteur ou d'un \u00e9cran, vous vous posez certainement l'une des questions suivantes<\/p>\n<ul>\n<li>Comment et o\u00f9 monter l'appareil ?<\/li>\n<li>O\u00f9 puis-je le ranger lorsqu'il n'est pas utilis\u00e9 ?<\/li>\n<li>Comment puis-je prot\u00e9ger mon appareil contre le vol ou les dommages ?<\/li>\n<\/ul>\n<p>Nous vous proposons des solutions flexibles et professionnelles pour le montage de vos syst\u00e8mes vid\u00e9o : <a href=\"\/fr\/distribution-de-materiel-de-conference-et-de-medias-audiovisuels\/technique-video-2\/supports-pour-ecrans-et-beamers\/supports-de-plafond\/\">Supports de plafond<\/a>, <a href=\"\/fr\/distribution-de-materiel-de-conference-et-de-medias-audiovisuels\/technique-video-2\/supports-pour-ecrans-et-beamers\/supports-muraux\/\">Supports muraux<\/a> ou <a href=\"\/fr\/distribution-de-materiel-de-conference-et-de-medias-audiovisuels\/technique-video-2\/supports-pour-ecrans-et-beamers\/supports-de-traverses\/\">Supports de traverses<\/a>, <a href=\"\/fr\/distribution-de-materiel-de-conference-et-de-medias-audiovisuels\/technique-video-2\/supports-pour-ecrans-et-beamers\/support-au-sol\/\">Support au sol<\/a>, <a href=\"\/fr\/distribution-de-materiel-de-conference-et-de-medias-audiovisuels\/technique-video-2\/systemes-dascenseurs\/\">Remont\u00e9es m\u00e9caniques<\/a>, <a href=\"\/fr\/distribution-de-materiel-de-conference-et-de-medias-audiovisuels\/technique-video-2\/housing\/\">Solutions d'affichage num\u00e9rique<\/a>tables \u00e0 \u00e9cran tactile ou des <a href=\"\/fr\/distribution-de-materiel-de-conference-et-de-medias-audiovisuels\/technique-video-2\/supports-pour-ecrans-et-beamers\/mobilier-de-conference\/\">Mobilier de conf\u00e9rence<\/a> pour les syst\u00e8mes de vid\u00e9oconf\u00e9rence.<\/p>\n<p>Nous trouvons le syst\u00e8me qui convient \u00e0 votre appareil. Ind\u00e9pendamment du fabricant, pour presque toutes les tailles et presque tous les poids. Nous proposons des supports pour des installations fixes mais aussi pour la location.<\/p>\n<p>Bien entendu, vous pouvez aussi faire livrer et installer nos syst\u00e8mes par nos \u00e9quipes de service. Notre site <a href=\"\/fr\/installation-et-integration-de-materiel-de-conference-et-de-systemes-media\/\">Service d'installation<\/a> se charge de la planification, de l'installation et du suivi de salles de conf\u00e9rence compl\u00e8tes.<\/p>\n<p>N'h\u00e9sitez pas \u00e0 nous contacter, nous nous ferons un plaisir de vous conseiller.<\/p>\n<p><a href=\"\/fr\/distribution-de-materiel-de-conference-et-de-medias-audiovisuels\/technique-video-2\/supports-pour-ecrans-et-beamers\/\"><img fetchpriority=\"high\" decoding=\"async\" src=\"https:\/\/konferenztechnik.de\/wp-content\/uploads\/2013\/08\/videotechnik03.jpg\" alt=\"Supports pour \u00e9crans et vid\u00e9oprojecteurs\" width=\"288\" height=\"198\" class=\"alignnone size-full wp-image-1209\" title=\"\"><\/a><a href=\"\/fr\/distribution-de-materiel-de-conference-et-de-medias-audiovisuels\/technique-video-2\/supports-pour-ecrans-et-beamers\/\"><br \/>\nSupports<\/a><\/p>\n<p><a href=\"\/fr\/distribution-de-materiel-de-conference-et-de-medias-audiovisuels\/technique-video-2\/systemes-dascenseurs\/\"><img decoding=\"async\" src=\"https:\/\/konferenztechnik.de\/wp-content\/uploads\/2013\/08\/videotechnik04.jpg\" alt=\"L\u00e8ve-personnes pour vid\u00e9oprojecteurs et projecteurs\" width=\"288\" height=\"198\" class=\"alignleft size-full wp-image-1210\" title=\"\"><\/a><a href=\"\/fr\/distribution-de-materiel-de-conference-et-de-medias-audiovisuels\/technique-video-2\/systemes-dascenseurs\/\"><br \/>\nSyst\u00e8mes d'ascenseurs<\/a><\/p>\n<p><a href=\"\/fr\/distribution-de-materiel-de-conference-et-de-medias-audiovisuels\/technique-video-2\/housing-2\/\"><img decoding=\"async\" src=\"https:\/\/konferenztechnik.de\/wp-content\/uploads\/2013\/08\/videotechnik05.jpg\" alt=\"Housing pour projecteurs\" width=\"288\" height=\"198\" class=\"alignnone size-full wp-image-1211\" title=\"\"><\/a><a href=\"\/fr\/distribution-de-materiel-de-conference-et-de-medias-audiovisuels\/technique-video-2\/housing-2\/\"><br \/>\nHousings<\/a><\/p>\n<div class=\"boxcontainer\">\n<div class=\"box1-2\">\n<h1>Personne de contact<\/h1>\n<\/div>\n<div class=\"box1-2-order\">\n<h1>Liens compl\u00e9mentaires<\/h1>\n<\/div>\n<div class=\"box1-4\">\n<div class=\"box-head\">Distribution et vente<\/div>\n<\/div>\n<div class=\"box2-4-2\" style=\"order:1;\">\n<div class=\"weiterlinks\">\n<ul>\n<a title=\"Distribution par groupe de produits\" href=\"\/fr\/groupes-de-produits\/\">Distribution par groupe de produits<\/a><br \/>\n<a title=\"Distribution par fabricant\" href=\"\/fr\/fabricant\/\">Distribution par fabricant<\/a><br \/>\n<a title=\"Fabrications sp\u00e9ciales, entretien et r\u00e9parations\" href=\"\/fr\/services\/entretien-et-reparation\/\">Fabrications sp\u00e9ciales, entretien et r\u00e9parations<\/a><br \/>\n<a title=\"10 bonnes raisons de choisir PCS\" href=\"\/fr\/a-propos-de-nous-2\/10-bonnes-raisons-pour-les-pc\/\">10 bonnes raisons de choisir PCS<\/a><br \/>\n<a title=\"R\u00e9f\u00e9rences\" href=\"\/fr\/a-propos-de-nous-2\/liste-de-reference-installation\/\">R\u00e9f\u00e9rences Installation et int\u00e9gration<\/a><br \/>\n<a title=\"PCS : Aper\u00e7u de toutes les prestations\" href=\"\/fr\/services\/\">PCS : Aper\u00e7u de tous les services<\/a><\/ul>\n<\/div>\n<\/div>\n<\/div>","protected":false},"excerpt":{"rendered":"<p>Display- und Projektorhalterungen Nach der Anschaffung eines Projektors oder Displays stellen Sie sich bestimmt eine der folgenden Fragen Wie und wo montiere ich das Ger\u00e4t? Wo verstaue ich es, wenn es nicht ben\u00f6tigt wird? Wie kann ich mein Ger\u00e4t vor Diebstahl oder Besch\u00e4digungen sch\u00fctzen? Wir bieten Ihnen flexible und professionelle L\u00f6sungen f\u00fcr die Montage Ihrer [&hellip;]<\/p>","protected":false},"author":1,"featured_media":45482,"parent":3614,"menu_order":104,"comment_status":"closed","ping_status":"open","template":"","meta":{"_acf_changed":false,"footnotes":""},"class_list":["post-3858","page","type-page","status-publish","has-post-thumbnail","hentry"],"acf":[],"_links":{"self":[{"href":"https:\/\/konferenztechnik.de\/fr\/wp-json\/wp\/v2\/pages\/3858","targetHints":{"allow":["GET"]}}],"collection":[{"href":"https:\/\/konferenztechnik.de\/fr\/wp-json\/wp\/v2\/pages"}],"about":[{"href":"https:\/\/konferenztechnik.de\/fr\/wp-json\/wp\/v2\/types\/page"}],"author":[{"embeddable":true,"href":"https:\/\/konferenztechnik.de\/fr\/wp-json\/wp\/v2\/users\/1"}],"replies":[{"embeddable":true,"href":"https:\/\/konferenztechnik.de\/fr\/wp-json\/wp\/v2\/comments?post=3858"}],"version-history":[{"count":0,"href":"https:\/\/konferenztechnik.de\/fr\/wp-json\/wp\/v2\/pages\/3858\/revisions"}],"up":[{"embeddable":true,"href":"https:\/\/konferenztechnik.de\/fr\/wp-json\/wp\/v2\/pages\/3614"}],"wp:featuredmedia":[{"embeddable":true,"href":"https:\/\/konferenztechnik.de\/fr\/wp-json\/wp\/v2\/media\/45482"}],"wp:attachment":[{"href":"https:\/\/konferenztechnik.de\/fr\/wp-json\/wp\/v2\/media?parent=3858"}],"curies":[{"name":"wp","href":"https:\/\/api.w.org\/{rel}","templated":true}]}}

Supports pour écrans et projecteurs

<h1>Supports pour écrans et projecteurs</h1>
<p>Après l'achat d'un projecteur ou d'un écran, vous vous posez certainement l'une des questions suivantes</p>
<ul>
<li>Comment et où monter l'appareil ?</li>
<li>Où puis-je le ranger lorsqu'il n'est pas utilisé ?</li>
<li>Comment puis-je protéger mon appareil contre le vol ou les dommages ?</li>
</ul>
<p>Nous vous proposons des solutions flexibles et professionnelles pour le montage de vos systèmes vidéo : <a href="/fr/distribution-de-materiel-de-conference-et-de-medias-audiovisuels/technique-video-2/supports-pour-ecrans-et-beamers/supports-de-plafond/">Supports de plafond</a>, <a href="/fr/distribution-de-materiel-de-conference-et-de-medias-audiovisuels/technique-video-2/supports-pour-ecrans-et-beamers/supports-muraux/">Supports muraux</a> ou <a href="/fr/distribution-de-materiel-de-conference-et-de-medias-audiovisuels/technique-video-2/supports-pour-ecrans-et-beamers/supports-de-traverses/">Supports de traverses</a>, <a href="/fr/distribution-de-materiel-de-conference-et-de-medias-audiovisuels/technique-video-2/supports-pour-ecrans-et-beamers/support-au-sol/">Support au sol</a>, <a href="/fr/distribution-de-materiel-de-conference-et-de-medias-audiovisuels/technique-video-2/systemes-dascenseurs/">Remontées mécaniques</a>, <a href="/fr/distribution-de-materiel-de-conference-et-de-medias-audiovisuels/technique-video-2/housing/">Solutions d'affichage numérique</a>tables à écran tactile ou des <a href="/fr/distribution-de-materiel-de-conference-et-de-medias-audiovisuels/technique-video-2/supports-pour-ecrans-et-beamers/mobilier-de-conference/">Mobilier de conférence</a> pour les systèmes de vidéoconférence.</p>
<p>Nous trouvons le système qui convient à votre appareil. Indépendamment du fabricant, pour presque toutes les tailles et presque tous les poids. Nous proposons des supports pour des installations fixes mais aussi pour la location.</p>
<p>Bien entendu, vous pouvez aussi faire livrer et installer nos systèmes par nos équipes de service. Notre site <a href="/fr/installation-et-integration-de-materiel-de-conference-et-de-systemes-media/">Service d'installation</a> se charge de la planification, de l'installation et du suivi de salles de conférence complètes.</p>
<p>N'hésitez pas à nous contacter, nous nous ferons un plaisir de vous conseiller.</p>
<p><a href="/fr/distribution-de-materiel-de-conference-et-de-medias-audiovisuels/technique-video-2/supports-pour-ecrans-et-beamers/"><img fetchpriority="high" decoding="async" src="https://konferenztechnik.de/wp-content/uploads/2013/08/videotechnik03.jpg" alt="Supports pour écrans et vidéoprojecteurs" width="288" height="198" class="alignnone size-full wp-image-1209" title=""></a><a href="/fr/distribution-de-materiel-de-conference-et-de-medias-audiovisuels/technique-video-2/supports-pour-ecrans-et-beamers/"><br />
Supports</a></p>
<p><a href="/fr/distribution-de-materiel-de-conference-et-de-medias-audiovisuels/technique-video-2/systemes-dascenseurs/"><img decoding="async" src="https://konferenztechnik.de/wp-content/uploads/2013/08/videotechnik04.jpg" alt="Lève-personnes pour vidéoprojecteurs et projecteurs" width="288" height="198" class="alignleft size-full wp-image-1210" title=""></a><a href="/fr/distribution-de-materiel-de-conference-et-de-medias-audiovisuels/technique-video-2/systemes-dascenseurs/"><br />
Systèmes d'ascenseurs</a></p>
<p><a href="/fr/distribution-de-materiel-de-conference-et-de-medias-audiovisuels/technique-video-2/housing-2/"><img decoding="async" src="https://konferenztechnik.de/wp-content/uploads/2013/08/videotechnik05.jpg" alt="Housing pour projecteurs" width="288" height="198" class="alignnone size-full wp-image-1211" title=""></a><a href="/fr/distribution-de-materiel-de-conference-et-de-medias-audiovisuels/technique-video-2/housing-2/"><br />
Housings</a></p>
<div class="boxcontainer">
<div class="box1-2">
<h1>Personne de contact</h1>
</div>
<div class="box1-2-order">
<h1>Liens complémentaires</h1>
</div>
<div class="box1-4">
<div class="box-head">Distribution et vente</div>
</div>
<div class="box2-4-2" style="order:1;">
<div class="weiterlinks">
<ul>
<a title="Distribution par groupe de produits" href="/fr/groupes-de-produits/">Distribution par groupe de produits</a><br />
<a title="Distribution par fabricant" href="/fr/fabricant/">Distribution par fabricant</a><br />
<a title="Fabrications spéciales, entretien et réparations" href="/fr/services/entretien-et-reparation/">Fabrications spéciales, entretien et réparations</a><br />
<a title="10 bonnes raisons de choisir PCS" href="/fr/a-propos-de-nous-2/10-bonnes-raisons-pour-les-pc/">10 bonnes raisons de choisir PCS</a><br />
<a title="Références" href="/fr/a-propos-de-nous-2/liste-de-reference-installation/">Références Installation et intégration</a><br />
<a title="PCS : Aperçu de toutes les prestations" href="/fr/services/">PCS : Aperçu de tous les services</a></ul>
</div>
</div>
</div>

<p>Display- und Projektorhalterungen Nach der Anschaffung eines Projektors oder Displays stellen Sie sich bestimmt eine der folgenden Fragen Wie und wo montiere ich das Gerät? Wo verstaue ich es, wenn es nicht benötigt wird? Wie kann ich mein Gerät vor Diebstahl oder Beschädigungen schützen? Wir bieten Ihnen flexible und professionelle Lösungen für die Montage Ihrer [&hellip;]</p>
