{"id":8529,"date":"2016-10-14T12:13:43","date_gmt":"2016-10-14T10:13:43","guid":{"rendered":"https:\/\/konferenztechnik.de\/?page_id=8529"},"modified":"2023-06-29T14:07:19","modified_gmt":"2023-06-29T12:07:19","slug":"systemes-daccord-ted-systeme","status":"publish","type":"page","link":"https:\/\/konferenztechnik.de\/fr\/location-de-materiel-de-conference\/systemes-daccord-ted-systeme\/","title":{"rendered":"Syst\u00e8mes de vote, syst\u00e8mes TED"},"content":{"rendered":"<h1>Syst\u00e8mes de vote, syst\u00e8mes TED<\/h1>\n<p>Le bon choix pour les sondages d'opinion, les quiz et les r\u00e9unions d'actionnaires.<\/p>\n<p>Notre syst\u00e8me d\u00e9termine rapidement l'opinion et l'exp\u00e9rience des participants et rend les r\u00e9sultats visibles pour tous en s\u00e9ance pl\u00e9ni\u00e8re. Chaque participant peut comparer et classer sa propre opinion avec les r\u00e9sultats globaux.<\/p>\n<p>L'utilisation de ce syst\u00e8me de vote interactif suscite une attention accrue de la part des participants et leur donne le sentiment d'avoir leur mot \u00e0 dire sur les \u00e9v\u00e9nements sans avoir \u00e0 se pr\u00e9senter. Le vote se fait alors de mani\u00e8re anonyme.<\/p>\n<p>Le degr\u00e9 d'information augmente \u00e0 mesure que les participants s'impliquent activement dans les sujets.<\/p>\n<p><img fetchpriority=\"high\" decoding=\"async\" width=\"1200\" height=\"346\" src=\"https:\/\/konferenztechnik.de\/wp-content\/uploads\/2016\/10\/abstimmanlage-mieten.jpg\" alt=\"location d&#039;un syst\u00e8me de vote\" class=\"alignnone size-full wp-image-8532\" title=\"\" srcset=\"https:\/\/konferenztechnik.de\/wp-content\/uploads\/2016\/10\/abstimmanlage-mieten.jpg 1200w, https:\/\/konferenztechnik.de\/wp-content\/uploads\/2016\/10\/abstimmanlage-mieten-300x87.jpg 300w, https:\/\/konferenztechnik.de\/wp-content\/uploads\/2016\/10\/abstimmanlage-mieten-1024x295.jpg 1024w, https:\/\/konferenztechnik.de\/wp-content\/uploads\/2016\/10\/abstimmanlage-mieten-768x221.jpg 768w\" sizes=\"(max-width: 1200px) 100vw, 1200px\" \/><\/p>\n<h2>Comment fonctionne le syst\u00e8me de vote ?<\/h2>\n<h3>La question<\/h3>\n<p>Tous les participants re\u00e7oivent une unit\u00e9 de vote sans fil au d\u00e9but du symposium. Les intervenants posent \u00e0 l'auditoire des questions avec jusqu'\u00e0 10 possibilit\u00e9s de r\u00e9ponse. Les questions peuvent \u00eatre pr\u00e9sent\u00e9es par projection de donn\u00e9es \u00e0 l'aide d'un PC et d'un vid\u00e9oprojecteur.<\/p>\n<h3>Le vote<\/h3>\n<p>Apr\u00e8s avoir mod\u00e9r\u00e9 la question, l'orateur invite l'assembl\u00e9e \u00e0 voter. Un compte \u00e0 rebours appara\u00eet en grands chiffres sur l'\u00e9cran. Un temps de vote de 10 secondes a fait ses preuves. Pendant ce temps, les participants peuvent se d\u00e9cider et appuyer sur le bouton correspondant.<\/p>\n<h3>Le r\u00e9sultat<\/h3>\n<p>D\u00e8s que le compte \u00e0 rebours est termin\u00e9, l'ordinateur calcule les votes exprim\u00e9s et pr\u00e9sente le r\u00e9sultat \u00e0 l'\u00e9cran en quelques secondes, par exemple sous la forme d'un graphique \u00e0 barres color\u00e9.<\/p>\n<p><img decoding=\"async\" src=\"https:\/\/konferenztechnik.de\/wp-content\/uploads\/2016\/10\/voting-mieten.jpg\" alt=\"locations de votes\" class=\"alignnone size-full wp-image-8537\" title=\"\"><\/p>\n<h2>Aper\u00e7u des performances du syst\u00e8me de vote PCS<\/h2>\n<ul>\n<li>Unit\u00e9s d'accordage portables sans fil<\/li>\n<li>Clavier num\u00e9rique avec jusqu'\u00e0 10 possibilit\u00e9s de s\u00e9lection et touche de correction<\/li>\n<li>Plus de 3 500 unit\u00e9s d'accord utilisables simultan\u00e9ment dans la version standard<\/li>\n<li>Dans une \u00e9dition sp\u00e9ciale, jusqu'\u00e0 18.000 unit\u00e9s de vote utilisables simultan\u00e9ment<\/li>\n<li>Vote ouvert ou secret<\/li>\n<li>Sondage d'opinion, quiz ou r\u00e9union d'actionnaires<\/li>\n<li>Vote de groupe possible<\/li>\n<li>Si vous le souhaitez, vous pouvez attribuer un nom \u00e0 chaque bo\u00eetier de vote.<\/li>\n<li>Il est \u00e9galement possible de pond\u00e9rer les voix pour chaque appareil.<\/li>\n<li>Connexion PC avec logiciel TED variable avec connexion \u00e0 la projection de donn\u00e9es<\/li>\n<li>Pr\u00e9sentation des r\u00e9sultats sous forme de graphique \u00e0 barres, \u00e0 colonnes ou de camembert<\/li>\n<li>Pr\u00e9sentation des r\u00e9sultats de la requ\u00eate sous forme de chiffres absolus ou de pourcentages<\/li>\n<li>Possibilit\u00e9 d'organiser librement les diff\u00e9rentes pages<\/li>\n<li>Importation de logos et autres images \u00e0 partir de programmes graphiques<\/li>\n<li>Exportation des r\u00e9sultats dans des tableurs pour l'\u00e9valuation<\/li>\n<\/ul>\n<p>[spacer size=\"30\u2033]<\/p>\n<div class=\"su-callout\">\n<div class=\"callout-content\">\nOui ? Non, peut-\u00eatre ? Profitez du pouvoir de l'interaction et donnez la parole \u00e0 votre public. Vous serez surpris par l'enthousiasme, les id\u00e9es et les opinions de vos participants.<\/div>\n<div class=\"clear\"><\/div>\n<\/div>\n<div class=\"spacer\" style=\"height:20px\"><\/div>\n<div class=\"clear\"><\/div>\n<div class=\"boxcontainer\">\n<div class=\"box1-4\">\n<div class=\"box-head\">Nord et Ouest<\/div>\n<p><img decoding=\"async\" width=\"800\" height=\"533\" src=\"https:\/\/konferenztechnik.de\/wp-content\/uploads\/2013\/09\/monika_van_den_boogaard_pcs-gmbh.jpg\" alt=\"monika_van_den_boogaard_pcs-gmbh\" class=\"alignleft size-full wp-image-2312\" title=\"\" srcset=\"https:\/\/konferenztechnik.de\/wp-content\/uploads\/2013\/09\/monika_van_den_boogaard_pcs-gmbh.jpg 800w, https:\/\/konferenztechnik.de\/wp-content\/uploads\/2013\/09\/monika_van_den_boogaard_pcs-gmbh-300x200.jpg 300w, https:\/\/konferenztechnik.de\/wp-content\/uploads\/2013\/09\/monika_van_den_boogaard_pcs-gmbh-768x512.jpg 768w\" sizes=\"(max-width: 800px) 100vw, 800px\" \/><br \/>\nMonika van den Boogaard<br \/>\nConseiller en projets de location<br \/>\nT\u00e9l. +49 211 737798 10<br \/>\n<span class=\"volleansicht\">Courrier \u00e9lectronique <a href=\"mailto:vandenboogaard@konferenztechnik.de\" onclick=\"ga('send', 'event', 'Email-Klick', 'Kontakt Boogaard');\">\u00e9crire<\/a><br \/>\n<\/span><br \/>\n<span class=\"mobileansicht\">Courrier \u00e9lectronique <a href=\"mailto:vandenboogaard@konferenztechnik.de\" onclick=\"ga('send', 'event', 'Email-Klick', 'Kontakt Boogaard');\">\u00e9crire<\/a><br \/>\n<\/span><\/p>\n<\/div>\n<div class=\"box1-4\">\n<div class=\"box-head\">Est<\/div>\n<p><img decoding=\"async\" width=\"2316\" height=\"1543\" src=\"https:\/\/konferenztechnik.de\/wp-content\/uploads\/2017\/05\/sebastian-meyer-pcs-gmbh.jpg\" alt=\"Sebastian Meyer PCS GmbH - Disposition\" class=\"alignleft size-full wp-image-10048\" title=\"\" srcset=\"https:\/\/konferenztechnik.de\/wp-content\/uploads\/2017\/05\/sebastian-meyer-pcs-gmbh.jpg 2316w, https:\/\/konferenztechnik.de\/wp-content\/uploads\/2017\/05\/sebastian-meyer-pcs-gmbh-300x200.jpg 300w, https:\/\/konferenztechnik.de\/wp-content\/uploads\/2017\/05\/sebastian-meyer-pcs-gmbh-1024x682.jpg 1024w, https:\/\/konferenztechnik.de\/wp-content\/uploads\/2017\/05\/sebastian-meyer-pcs-gmbh-768x512.jpg 768w, https:\/\/konferenztechnik.de\/wp-content\/uploads\/2017\/05\/sebastian-meyer-pcs-gmbh-1536x1023.jpg 1536w, https:\/\/konferenztechnik.de\/wp-content\/uploads\/2017\/05\/sebastian-meyer-pcs-gmbh-2048x1364.jpg 2048w\" sizes=\"(max-width: 2316px) 100vw, 2316px\" \/><br \/>\nS\u00e9bastien Meyer<br \/>\nConseiller en projets de location<br \/>\nT\u00e9l. +49 30 6959690 15<br \/>\n<span class=\"volleansicht\">Courrier \u00e9lectronique <a href=\"mailto:meyer@konferenztechnik.de\" onclick=\"ga('send', 'event', 'Email-Klick', 'Kontakt Meyer');\">\u00e9crire<\/a><br \/>\n<\/span><br \/>\n<span class=\"mobileansicht\">Courrier \u00e9lectronique <a href=\"mailto:meyer@konferenztechnik.de\" onclick=\"ga('send', 'event', 'Email-Klick', 'Kontakt Meyer');\">\u00e9crire<\/a><br \/>\n<\/span><\/p>\n<\/div>\n<div class=\"box1-4\">\n<div class=\"box-head\">Sud<\/div>\n<p><img loading=\"lazy\" decoding=\"async\" width=\"800\" height=\"533\" src=\"https:\/\/konferenztechnik.de\/wp-content\/uploads\/2013\/09\/sebastian_gegusch_pcs-gmbh.jpg\" alt=\"Sebastian Gegusch PCS-GmbH\" class=\"alignleft size-full wp-image-3153\" title=\"\" srcset=\"https:\/\/konferenztechnik.de\/wp-content\/uploads\/2013\/09\/sebastian_gegusch_pcs-gmbh.jpg 800w, https:\/\/konferenztechnik.de\/wp-content\/uploads\/2013\/09\/sebastian_gegusch_pcs-gmbh-300x200.jpg 300w, https:\/\/konferenztechnik.de\/wp-content\/uploads\/2013\/09\/sebastian_gegusch_pcs-gmbh-768x512.jpg 768w\" sizes=\"(max-width: 800px) 100vw, 800px\" \/><br \/>\nS\u00e9bastien Gegusch<br \/>\nDirection de projet et disposition<br \/>\nT\u00e9l. +49 89 248830021<br \/>\n<span class=\"volleansicht\">Courrier \u00e9lectronique <a href=\"mailto:gegusch@konferenztechnik.de\" onclick=\"ga('send', 'event', 'Email-Klick', 'Kontakt Gegusch');\">\u00e9crire<\/a><br \/>\n<\/span><br \/>\n<span class=\"mobileansicht\">Courrier \u00e9lectronique <a href=\"mailto:gegusch@konferenztechnik.de\" onclick=\"ga('send', 'event', 'Email-Klick', 'Kontakt Gegusch');\">\u00e9crire<\/a><br \/>\n<\/span><\/p>\n<\/div>\n<div class=\"box1-4-empty\"><\/div>\n<\/div>\n<div class=\"clear\"><\/div>","protected":false},"excerpt":{"rendered":"<p>Syst\u00e8mes de vote, syst\u00e8mes TED Le bon choix pour les sondages d'opinion, les quiz et les r\u00e9unions d'actionnaires. Notre syst\u00e8me d\u00e9termine rapidement l'opinion et l'exp\u00e9rience des participants et rend les r\u00e9sultats visibles pour tous en s\u00e9ance pl\u00e9ni\u00e8re. Chaque participant peut comparer et classer sa propre opinion avec les r\u00e9sultats globaux. L'utilisation de ce syst\u00e8me de vote interactif g\u00e9n\u00e8re une attention accrue de la part des participants et donne [...].<\/p>","protected":false},"author":1,"featured_media":45482,"parent":3618,"menu_order":73,"comment_status":"closed","ping_status":"closed","template":"","meta":{"_acf_changed":false,"footnotes":""},"class_list":["post-8529","page","type-page","status-publish","has-post-thumbnail","hentry"],"acf":[],"_links":{"self":[{"href":"https:\/\/konferenztechnik.de\/fr\/wp-json\/wp\/v2\/pages\/8529","targetHints":{"allow":["GET"]}}],"collection":[{"href":"https:\/\/konferenztechnik.de\/fr\/wp-json\/wp\/v2\/pages"}],"about":[{"href":"https:\/\/konferenztechnik.de\/fr\/wp-json\/wp\/v2\/types\/page"}],"author":[{"embeddable":true,"href":"https:\/\/konferenztechnik.de\/fr\/wp-json\/wp\/v2\/users\/1"}],"replies":[{"embeddable":true,"href":"https:\/\/konferenztechnik.de\/fr\/wp-json\/wp\/v2\/comments?post=8529"}],"version-history":[{"count":0,"href":"https:\/\/konferenztechnik.de\/fr\/wp-json\/wp\/v2\/pages\/8529\/revisions"}],"up":[{"embeddable":true,"href":"https:\/\/konferenztechnik.de\/fr\/wp-json\/wp\/v2\/pages\/3618"}],"wp:featuredmedia":[{"embeddable":true,"href":"https:\/\/konferenztechnik.de\/fr\/wp-json\/wp\/v2\/media\/45482"}],"wp:attachment":[{"href":"https:\/\/konferenztechnik.de\/fr\/wp-json\/wp\/v2\/media?parent=8529"}],"curies":[{"name":"wp","href":"https:\/\/api.w.org\/{rel}","templated":true}]}}

Systèmes de vote, systèmes TED

<h1>Systèmes de vote, systèmes TED</h1>
<p>Le bon choix pour les sondages d'opinion, les quiz et les réunions d'actionnaires.</p>
<p>Notre système détermine rapidement l'opinion et l'expérience des participants et rend les résultats visibles pour tous en séance plénière. Chaque participant peut comparer et classer sa propre opinion avec les résultats globaux.</p>
<p>L'utilisation de ce système de vote interactif suscite une attention accrue de la part des participants et leur donne le sentiment d'avoir leur mot à dire sur les événements sans avoir à se présenter. Le vote se fait alors de manière anonyme.</p>
<p>Le degré d'information augmente à mesure que les participants s'impliquent activement dans les sujets.</p>
<p><img fetchpriority="high" decoding="async" width="1200" height="346" src="https://konferenztechnik.de/wp-content/uploads/2016/10/abstimmanlage-mieten.jpg" alt="location d&#039;un système de vote" class="alignnone size-full wp-image-8532" title="" srcset="https://konferenztechnik.de/wp-content/uploads/2016/10/abstimmanlage-mieten.jpg 1200w, https://konferenztechnik.de/wp-content/uploads/2016/10/abstimmanlage-mieten-300x87.jpg 300w, https://konferenztechnik.de/wp-content/uploads/2016/10/abstimmanlage-mieten-1024x295.jpg 1024w, https://konferenztechnik.de/wp-content/uploads/2016/10/abstimmanlage-mieten-768x221.jpg 768w" sizes="(max-width: 1200px) 100vw, 1200px" /></p>
<h2>Comment fonctionne le système de vote ?</h2>
<h3>La question</h3>
<p>Tous les participants reçoivent une unité de vote sans fil au début du symposium. Les intervenants posent à l'auditoire des questions avec jusqu'à 10 possibilités de réponse. Les questions peuvent être présentées par projection de données à l'aide d'un PC et d'un vidéoprojecteur.</p>
<h3>Le vote</h3>
<p>Après avoir modéré la question, l'orateur invite l'assemblée à voter. Un compte à rebours apparaît en grands chiffres sur l'écran. Un temps de vote de 10 secondes a fait ses preuves. Pendant ce temps, les participants peuvent se décider et appuyer sur le bouton correspondant.</p>
<h3>Le résultat</h3>
<p>Dès que le compte à rebours est terminé, l'ordinateur calcule les votes exprimés et présente le résultat à l'écran en quelques secondes, par exemple sous la forme d'un graphique à barres coloré.</p>
<p><img decoding="async" src="https://konferenztechnik.de/wp-content/uploads/2016/10/voting-mieten.jpg" alt="locations de votes" class="alignnone size-full wp-image-8537" title=""></p>
<h2>Aperçu des performances du système de vote PCS</h2>
<ul>
<li>Unités d'accordage portables sans fil</li>
<li>Clavier numérique avec jusqu'à 10 possibilités de sélection et touche de correction</li>
<li>Plus de 3 500 unités d'accord utilisables simultanément dans la version standard</li>
<li>Dans une édition spéciale, jusqu'à 18.000 unités de vote utilisables simultanément</li>
<li>Vote ouvert ou secret</li>
<li>Sondage d'opinion, quiz ou réunion d'actionnaires</li>
<li>Vote de groupe possible</li>
<li>Si vous le souhaitez, vous pouvez attribuer un nom à chaque boîtier de vote.</li>
<li>Il est également possible de pondérer les voix pour chaque appareil.</li>
<li>Connexion PC avec logiciel TED variable avec connexion à la projection de données</li>
<li>Présentation des résultats sous forme de graphique à barres, à colonnes ou de camembert</li>
<li>Présentation des résultats de la requête sous forme de chiffres absolus ou de pourcentages</li>
<li>Possibilité d'organiser librement les différentes pages</li>
<li>Importation de logos et autres images à partir de programmes graphiques</li>
<li>Exportation des résultats dans des tableurs pour l'évaluation</li>
</ul>
<p>[spacer size="30″]</p>
<div class="su-callout">
<div class="callout-content">
Oui ? Non, peut-être ? Profitez du pouvoir de l'interaction et donnez la parole à votre public. Vous serez surpris par l'enthousiasme, les idées et les opinions de vos participants.</div>
<div class="clear"></div>
</div>
<div class="spacer" style="height:20px"></div>
<div class="clear"></div>
<div class="boxcontainer">
<div class="box1-4">
<div class="box-head">Nord et Ouest</div>
<p><img decoding="async" width="800" height="533" src="https://konferenztechnik.de/wp-content/uploads/2013/09/monika_van_den_boogaard_pcs-gmbh.jpg" alt="monika_van_den_boogaard_pcs-gmbh" class="alignleft size-full wp-image-2312" title="" srcset="https://konferenztechnik.de/wp-content/uploads/2013/09/monika_van_den_boogaard_pcs-gmbh.jpg 800w, https://konferenztechnik.de/wp-content/uploads/2013/09/monika_van_den_boogaard_pcs-gmbh-300x200.jpg 300w, https://konferenztechnik.de/wp-content/uploads/2013/09/monika_van_den_boogaard_pcs-gmbh-768x512.jpg 768w" sizes="(max-width: 800px) 100vw, 800px" /><br />
Monika van den Boogaard<br />
Conseiller en projets de location<br />
Tél. +49 211 737798 10<br />
<span class="volleansicht">Courrier électronique <a href="mailto:vandenboogaard@konferenztechnik.de" onclick="ga('send', 'event', 'Email-Klick', 'Kontakt Boogaard');">écrire</a><br />
</span><br />
<span class="mobileansicht">Courrier électronique <a href="mailto:vandenboogaard@konferenztechnik.de" onclick="ga('send', 'event', 'Email-Klick', 'Kontakt Boogaard');">écrire</a><br />
</span></p>
</div>
<div class="box1-4">
<div class="box-head">Est</div>
<p><img decoding="async" width="2316" height="1543" src="https://konferenztechnik.de/wp-content/uploads/2017/05/sebastian-meyer-pcs-gmbh.jpg" alt="Sebastian Meyer PCS GmbH - Disposition" class="alignleft size-full wp-image-10048" title="" srcset="https://konferenztechnik.de/wp-content/uploads/2017/05/sebastian-meyer-pcs-gmbh.jpg 2316w, https://konferenztechnik.de/wp-content/uploads/2017/05/sebastian-meyer-pcs-gmbh-300x200.jpg 300w, https://konferenztechnik.de/wp-content/uploads/2017/05/sebastian-meyer-pcs-gmbh-1024x682.jpg 1024w, https://konferenztechnik.de/wp-content/uploads/2017/05/sebastian-meyer-pcs-gmbh-768x512.jpg 768w, https://konferenztechnik.de/wp-content/uploads/2017/05/sebastian-meyer-pcs-gmbh-1536x1023.jpg 1536w, https://konferenztechnik.de/wp-content/uploads/2017/05/sebastian-meyer-pcs-gmbh-2048x1364.jpg 2048w" sizes="(max-width: 2316px) 100vw, 2316px" /><br />
Sébastien Meyer<br />
Conseiller en projets de location<br />
Tél. +49 30 6959690 15<br />
<span class="volleansicht">Courrier électronique <a href="mailto:meyer@konferenztechnik.de" onclick="ga('send', 'event', 'Email-Klick', 'Kontakt Meyer');">écrire</a><br />
</span><br />
<span class="mobileansicht">Courrier électronique <a href="mailto:meyer@konferenztechnik.de" onclick="ga('send', 'event', 'Email-Klick', 'Kontakt Meyer');">écrire</a><br />
</span></p>
</div>
<div class="box1-4">
<div class="box-head">Sud</div>
<p><img loading="lazy" decoding="async" width="800" height="533" src="https://konferenztechnik.de/wp-content/uploads/2013/09/sebastian_gegusch_pcs-gmbh.jpg" alt="Sebastian Gegusch PCS-GmbH" class="alignleft size-full wp-image-3153" title="" srcset="https://konferenztechnik.de/wp-content/uploads/2013/09/sebastian_gegusch_pcs-gmbh.jpg 800w, https://konferenztechnik.de/wp-content/uploads/2013/09/sebastian_gegusch_pcs-gmbh-300x200.jpg 300w, https://konferenztechnik.de/wp-content/uploads/2013/09/sebastian_gegusch_pcs-gmbh-768x512.jpg 768w" sizes="(max-width: 800px) 100vw, 800px" /><br />
Sébastien Gegusch<br />
Direction de projet et disposition<br />
Tél. +49 89 248830021<br />
<span class="volleansicht">Courrier électronique <a href="mailto:gegusch@konferenztechnik.de" onclick="ga('send', 'event', 'Email-Klick', 'Kontakt Gegusch');">écrire</a><br />
</span><br />
<span class="mobileansicht">Courrier électronique <a href="mailto:gegusch@konferenztechnik.de" onclick="ga('send', 'event', 'Email-Klick', 'Kontakt Gegusch');">écrire</a><br />
</span></p>
</div>
<div class="box1-4-empty"></div>
</div>
<div class="clear"></div>

<p>Systèmes de vote, systèmes TED Le bon choix pour les sondages d'opinion, les quiz et les réunions d'actionnaires. Notre système détermine rapidement l'opinion et l'expérience des participants et rend les résultats visibles pour tous en séance plénière. Chaque participant peut comparer et classer sa propre opinion avec les résultats globaux. L'utilisation de ce système de vote interactif génère une attention accrue de la part des participants et donne [...].</p>
