{"id":1813,"date":"2013-09-05T11:30:23","date_gmt":"2013-09-05T09:30:23","guid":{"rendered":"https:\/\/konferenztechnik.de\/?page_id=1813"},"modified":"2023-06-29T14:15:16","modified_gmt":"2023-06-29T12:15:16","slug":"tecnologia-av-microfoni-sistemi-audio-proiettori","status":"publish","type":"page","link":"https:\/\/konferenztechnik.de\/it\/noleggio-di-attrezzature-per-conferenze\/tecnologia-av-microfoni-sistemi-audio-proiettori\/","title":{"rendered":"Tecnologia AV: microfoni, apparecchiature audio, proiettore."},"content":{"rendered":"<h1>Tecnologia AV: microfoni, apparecchiature audio, proiettore.<\/h1>\n<p>Microfoni, tecnologia per la comunicazione al pubblico, leggii, ibridi telefonici, distributori stampa, software di registrazione per stenofoni, dispositivi di registrazione, dispositivi di segnalazione, proiettori, schermi e molto altro ancora... Le nostre apparecchiature audio e video sono progettate per conferenze e congressi di tutte le dimensioni.<\/p>\n<p><img fetchpriority=\"high\" decoding=\"async\" width=\"1200\" height=\"387\" src=\"https:\/\/konferenztechnik.de\/wp-content\/uploads\/2016\/10\/audio-videotechnik-mieten.jpg\" alt=\"noleggio di tecnologie audio-video\" class=\"alignnone size-full wp-image-8507\" title=\"\" srcset=\"https:\/\/konferenztechnik.de\/wp-content\/uploads\/2016\/10\/audio-videotechnik-mieten.jpg 1200w, https:\/\/konferenztechnik.de\/wp-content\/uploads\/2016\/10\/audio-videotechnik-mieten-300x97.jpg 300w, https:\/\/konferenztechnik.de\/wp-content\/uploads\/2016\/10\/audio-videotechnik-mieten-1024x330.jpg 1024w, https:\/\/konferenztechnik.de\/wp-content\/uploads\/2016\/10\/audio-videotechnik-mieten-768x248.jpg 768w\" sizes=\"(max-width: 1200px) 100vw, 1200px\" \/><br \/>\n<img decoding=\"async\" src=\"https:\/\/konferenztechnik.de\/wp-content\/uploads\/2016\/10\/beamer-beschallung-mieten.jpg\" alt=\"noleggio di sistemi audio per proiettori\" class=\"alignnone size-full wp-image-8506\" title=\"\"><br \/>\n<img decoding=\"async\" width=\"1200\" height=\"346\" src=\"https:\/\/konferenztechnik.de\/wp-content\/uploads\/2016\/10\/event-technik-mieten.jpg\" alt=\"noleggio di tecnologia per eventi\" class=\"alignnone size-full wp-image-8510\" title=\"\" srcset=\"https:\/\/konferenztechnik.de\/wp-content\/uploads\/2016\/10\/event-technik-mieten.jpg 1200w, https:\/\/konferenztechnik.de\/wp-content\/uploads\/2016\/10\/event-technik-mieten-300x87.jpg 300w, https:\/\/konferenztechnik.de\/wp-content\/uploads\/2016\/10\/event-technik-mieten-1024x295.jpg 1024w, https:\/\/konferenztechnik.de\/wp-content\/uploads\/2016\/10\/event-technik-mieten-768x221.jpg 768w\" sizes=\"(max-width: 1200px) 100vw, 1200px\" \/><\/p>\n<p>[callout add_button=\"no\" button_text=\"Per saperne di pi\u00f9\" button_url=\"#\" button_color=\"#a62055\u2033]<br \/>\nNoleggiate da PCS a prezzi aggiornati quotidianamente dalla nostra ampia flotta di noleggio. Il nostro team competente vi invier\u00e0 immediatamente un'offerta interessante.<br \/>\n[\/callout]<\/p>\n<p>[spacer size=\"3\u2033]<br \/>\n[chiaro]<\/p>\n<div class=\"boxcontainer\">\n<div class=\"box1-4\">\n<div class=\"box-head\">Nord e Ovest<\/div>\n<p><img decoding=\"async\" width=\"800\" height=\"533\" src=\"https:\/\/konferenztechnik.de\/wp-content\/uploads\/2013\/09\/monika_van_den_boogaard_pcs-gmbh.jpg\" alt=\"monika_van_den_boogaard_pcs-gmbh\" class=\"alignleft size-full wp-image-2312\" title=\"\" srcset=\"https:\/\/konferenztechnik.de\/wp-content\/uploads\/2013\/09\/monika_van_den_boogaard_pcs-gmbh.jpg 800w, https:\/\/konferenztechnik.de\/wp-content\/uploads\/2013\/09\/monika_van_den_boogaard_pcs-gmbh-300x200.jpg 300w, https:\/\/konferenztechnik.de\/wp-content\/uploads\/2013\/09\/monika_van_den_boogaard_pcs-gmbh-768x512.jpg 768w\" sizes=\"(max-width: 800px) 100vw, 800px\" \/><br \/>\nMonika van den Boogaard<br \/>\nConsulente di progetto Locazione<br \/>\nTelefono +49 211 737798 10<br \/>\n<span class=\"volleansicht\">e-mail <a href=\"mailto:vandenboogaard@konferenztechnik.de\" onclick=\"ga('send', 'event', 'Email-Klick', 'Kontakt Boogaard');\">scrivere<\/a><br \/>\n<\/span><br \/>\n<span class=\"mobileansicht\">e-mail <a href=\"mailto:vandenboogaard@konferenztechnik.de\" onclick=\"ga('send', 'event', 'Email-Klick', 'Kontakt Boogaard');\">scrivere<\/a><br \/>\n<\/span><\/p>\n<\/div>\n<div class=\"box1-4\">\n<div class=\"box-head\">Est<\/div>\n<p><img loading=\"lazy\" decoding=\"async\" width=\"2316\" height=\"1543\" src=\"https:\/\/konferenztechnik.de\/wp-content\/uploads\/2017\/05\/sebastian-meyer-pcs-gmbh.jpg\" alt=\"Sebastian Meyer PCS GmbH - Cessione\" class=\"alignleft size-full wp-image-10048\" title=\"\" srcset=\"https:\/\/konferenztechnik.de\/wp-content\/uploads\/2017\/05\/sebastian-meyer-pcs-gmbh.jpg 2316w, https:\/\/konferenztechnik.de\/wp-content\/uploads\/2017\/05\/sebastian-meyer-pcs-gmbh-300x200.jpg 300w, https:\/\/konferenztechnik.de\/wp-content\/uploads\/2017\/05\/sebastian-meyer-pcs-gmbh-1024x682.jpg 1024w, https:\/\/konferenztechnik.de\/wp-content\/uploads\/2017\/05\/sebastian-meyer-pcs-gmbh-768x512.jpg 768w, https:\/\/konferenztechnik.de\/wp-content\/uploads\/2017\/05\/sebastian-meyer-pcs-gmbh-1536x1023.jpg 1536w, https:\/\/konferenztechnik.de\/wp-content\/uploads\/2017\/05\/sebastian-meyer-pcs-gmbh-2048x1364.jpg 2048w\" sizes=\"(max-width: 2316px) 100vw, 2316px\" \/><br \/>\nSebastian Meyer<br \/>\nConsulente di progetto Locazione<br \/>\nTelefono +49 30 6959690 15<br \/>\n<span class=\"volleansicht\">e-mail <a href=\"mailto:meyer@konferenztechnik.de\" onclick=\"ga('send', 'event', 'Email-Klick', 'Kontakt Meyer');\">scrivere<\/a><br \/>\n<\/span><br \/>\n<span class=\"mobileansicht\">e-mail <a href=\"mailto:meyer@konferenztechnik.de\" onclick=\"ga('send', 'event', 'Email-Klick', 'Kontakt Meyer');\">scrivere<\/a><br \/>\n<\/span><\/p>\n<\/div>\n<div class=\"box1-4\">\n<div class=\"box-head\">Sud<\/div>\n<p><img loading=\"lazy\" decoding=\"async\" width=\"800\" height=\"533\" src=\"https:\/\/konferenztechnik.de\/wp-content\/uploads\/2013\/09\/sebastian_gegusch_pcs-gmbh.jpg\" alt=\"Sebastian Gegusch PCS-GmbH\" class=\"alignleft size-full wp-image-3153\" title=\"\" srcset=\"https:\/\/konferenztechnik.de\/wp-content\/uploads\/2013\/09\/sebastian_gegusch_pcs-gmbh.jpg 800w, https:\/\/konferenztechnik.de\/wp-content\/uploads\/2013\/09\/sebastian_gegusch_pcs-gmbh-300x200.jpg 300w, https:\/\/konferenztechnik.de\/wp-content\/uploads\/2013\/09\/sebastian_gegusch_pcs-gmbh-768x512.jpg 768w\" sizes=\"(max-width: 800px) 100vw, 800px\" \/><br \/>\nSebastian Gegusch<br \/>\nGestione e programmazione dei progetti<br \/>\nTelefono +49 89 248830021<br \/>\n<span class=\"volleansicht\">e-mail <a href=\"mailto:gegusch@konferenztechnik.de\" onclick=\"ga('send', 'event', 'Email-Klick', 'Kontakt Gegusch');\">scrivere<\/a><br \/>\n<\/span><br \/>\n<span class=\"mobileansicht\">e-mail <a href=\"mailto:gegusch@konferenztechnik.de\" onclick=\"ga('send', 'event', 'Email-Klick', 'Kontakt Gegusch');\">scrivere<\/a><br \/>\n<\/span><\/p>\n<\/div>\n<div class=\"box1-4-empty\"><\/div>\n<\/div>","protected":false},"excerpt":{"rendered":"<p>AV-Technik: Mikrofone, Beschallungstechnik, Beamer Mikrofonierung, Beschallungstechnik, Rednerpulte, Telefonhybriden, Presseverteiler, steno-s Protokollierungssoftware, Aufzeichnungsger\u00e4te, Signalgeber, Beamer, Leinw\u00e4nde und vieles mehr&#8230; Unser Audio- und Videoequipment ist f\u00fcr Tagungen und Kongresse jeder Gr\u00f6\u00dfenordnung ausgelegt. [callout add_button=&#8220;no&#8220; button_text=&#8220;Learn More&#8220; button_url=&#8220;#&#8220; button_color=&#8220;#a62055&#8243;] Mieten Sie bei PCS zu tagesaktuellen Preisen aus unserem umfangreichen Vermietpark. Unser kompetentes Team l\u00e4sst Ihnen umgehend ein attraktives [&hellip;]<\/p>","protected":false},"author":1,"featured_media":45482,"parent":3618,"menu_order":157,"comment_status":"closed","ping_status":"open","template":"","meta":{"_acf_changed":false,"footnotes":""},"class_list":["post-1813","page","type-page","status-publish","has-post-thumbnail","hentry"],"acf":[],"_links":{"self":[{"href":"https:\/\/konferenztechnik.de\/it\/wp-json\/wp\/v2\/pages\/1813","targetHints":{"allow":["GET"]}}],"collection":[{"href":"https:\/\/konferenztechnik.de\/it\/wp-json\/wp\/v2\/pages"}],"about":[{"href":"https:\/\/konferenztechnik.de\/it\/wp-json\/wp\/v2\/types\/page"}],"author":[{"embeddable":true,"href":"https:\/\/konferenztechnik.de\/it\/wp-json\/wp\/v2\/users\/1"}],"replies":[{"embeddable":true,"href":"https:\/\/konferenztechnik.de\/it\/wp-json\/wp\/v2\/comments?post=1813"}],"version-history":[{"count":0,"href":"https:\/\/konferenztechnik.de\/it\/wp-json\/wp\/v2\/pages\/1813\/revisions"}],"up":[{"embeddable":true,"href":"https:\/\/konferenztechnik.de\/it\/wp-json\/wp\/v2\/pages\/3618"}],"wp:featuredmedia":[{"embeddable":true,"href":"https:\/\/konferenztechnik.de\/it\/wp-json\/wp\/v2\/media\/45482"}],"wp:attachment":[{"href":"https:\/\/konferenztechnik.de\/it\/wp-json\/wp\/v2\/media?parent=1813"}],"curies":[{"name":"wp","href":"https:\/\/api.w.org\/{rel}","templated":true}]}}

<h1>Tecnologia AV: microfoni, apparecchiature audio, proiettore.</h1>
<p>Microfoni, tecnologia per la comunicazione al pubblico, leggii, ibridi telefonici, distributori stampa, software di registrazione per stenofoni, dispositivi di registrazione, dispositivi di segnalazione, proiettori, schermi e molto altro ancora... Le nostre apparecchiature audio e video sono progettate per conferenze e congressi di tutte le dimensioni.</p>
<p><img fetchpriority="high" decoding="async" width="1200" height="387" src="https://konferenztechnik.de/wp-content/uploads/2016/10/audio-videotechnik-mieten.jpg" alt="noleggio di tecnologie audio-video" class="alignnone size-full wp-image-8507" title="" srcset="https://konferenztechnik.de/wp-content/uploads/2016/10/audio-videotechnik-mieten.jpg 1200w, https://konferenztechnik.de/wp-content/uploads/2016/10/audio-videotechnik-mieten-300x97.jpg 300w, https://konferenztechnik.de/wp-content/uploads/2016/10/audio-videotechnik-mieten-1024x330.jpg 1024w, https://konferenztechnik.de/wp-content/uploads/2016/10/audio-videotechnik-mieten-768x248.jpg 768w" sizes="(max-width: 1200px) 100vw, 1200px" /><br />
<img decoding="async" src="https://konferenztechnik.de/wp-content/uploads/2016/10/beamer-beschallung-mieten.jpg" alt="noleggio di sistemi audio per proiettori" class="alignnone size-full wp-image-8506" title=""><br />
<img decoding="async" width="1200" height="346" src="https://konferenztechnik.de/wp-content/uploads/2016/10/event-technik-mieten.jpg" alt="noleggio di tecnologia per eventi" class="alignnone size-full wp-image-8510" title="" srcset="https://konferenztechnik.de/wp-content/uploads/2016/10/event-technik-mieten.jpg 1200w, https://konferenztechnik.de/wp-content/uploads/2016/10/event-technik-mieten-300x87.jpg 300w, https://konferenztechnik.de/wp-content/uploads/2016/10/event-technik-mieten-1024x295.jpg 1024w, https://konferenztechnik.de/wp-content/uploads/2016/10/event-technik-mieten-768x221.jpg 768w" sizes="(max-width: 1200px) 100vw, 1200px" /></p>
<p>[callout add_button="no" button_text="Per saperne di più" button_url="#" button_color="#a62055″]<br />
Noleggiate da PCS a prezzi aggiornati quotidianamente dalla nostra ampia flotta di noleggio. Il nostro team competente vi invierà immediatamente un'offerta interessante.<br />
[/callout]</p>
<p>[spacer size="3″]<br />
[chiaro]</p>
<div class="boxcontainer">
<div class="box1-4">
<div class="box-head">Nord e Ovest</div>
<p><img decoding="async" width="800" height="533" src="https://konferenztechnik.de/wp-content/uploads/2013/09/monika_van_den_boogaard_pcs-gmbh.jpg" alt="monika_van_den_boogaard_pcs-gmbh" class="alignleft size-full wp-image-2312" title="" srcset="https://konferenztechnik.de/wp-content/uploads/2013/09/monika_van_den_boogaard_pcs-gmbh.jpg 800w, https://konferenztechnik.de/wp-content/uploads/2013/09/monika_van_den_boogaard_pcs-gmbh-300x200.jpg 300w, https://konferenztechnik.de/wp-content/uploads/2013/09/monika_van_den_boogaard_pcs-gmbh-768x512.jpg 768w" sizes="(max-width: 800px) 100vw, 800px" /><br />
Monika van den Boogaard<br />
Consulente di progetto Locazione<br />
Telefono +49 211 737798 10<br />
<span class="volleansicht">e-mail <a href="mailto:vandenboogaard@konferenztechnik.de" onclick="ga('send', 'event', 'Email-Klick', 'Kontakt Boogaard');">scrivere</a><br />
</span><br />
<span class="mobileansicht">e-mail <a href="mailto:vandenboogaard@konferenztechnik.de" onclick="ga('send', 'event', 'Email-Klick', 'Kontakt Boogaard');">scrivere</a><br />
</span></p>
</div>
<div class="box1-4">
<div class="box-head">Est</div>
<p><img loading="lazy" decoding="async" width="2316" height="1543" src="https://konferenztechnik.de/wp-content/uploads/2017/05/sebastian-meyer-pcs-gmbh.jpg" alt="Sebastian Meyer PCS GmbH - Cessione" class="alignleft size-full wp-image-10048" title="" srcset="https://konferenztechnik.de/wp-content/uploads/2017/05/sebastian-meyer-pcs-gmbh.jpg 2316w, https://konferenztechnik.de/wp-content/uploads/2017/05/sebastian-meyer-pcs-gmbh-300x200.jpg 300w, https://konferenztechnik.de/wp-content/uploads/2017/05/sebastian-meyer-pcs-gmbh-1024x682.jpg 1024w, https://konferenztechnik.de/wp-content/uploads/2017/05/sebastian-meyer-pcs-gmbh-768x512.jpg 768w, https://konferenztechnik.de/wp-content/uploads/2017/05/sebastian-meyer-pcs-gmbh-1536x1023.jpg 1536w, https://konferenztechnik.de/wp-content/uploads/2017/05/sebastian-meyer-pcs-gmbh-2048x1364.jpg 2048w" sizes="(max-width: 2316px) 100vw, 2316px" /><br />
Sebastian Meyer<br />
Consulente di progetto Locazione<br />
Telefono +49 30 6959690 15<br />
<span class="volleansicht">e-mail <a href="mailto:meyer@konferenztechnik.de" onclick="ga('send', 'event', 'Email-Klick', 'Kontakt Meyer');">scrivere</a><br />
</span><br />
<span class="mobileansicht">e-mail <a href="mailto:meyer@konferenztechnik.de" onclick="ga('send', 'event', 'Email-Klick', 'Kontakt Meyer');">scrivere</a><br />
</span></p>
</div>
<div class="box1-4">
<div class="box-head">Sud</div>
<p><img loading="lazy" decoding="async" width="800" height="533" src="https://konferenztechnik.de/wp-content/uploads/2013/09/sebastian_gegusch_pcs-gmbh.jpg" alt="Sebastian Gegusch PCS-GmbH" class="alignleft size-full wp-image-3153" title="" srcset="https://konferenztechnik.de/wp-content/uploads/2013/09/sebastian_gegusch_pcs-gmbh.jpg 800w, https://konferenztechnik.de/wp-content/uploads/2013/09/sebastian_gegusch_pcs-gmbh-300x200.jpg 300w, https://konferenztechnik.de/wp-content/uploads/2013/09/sebastian_gegusch_pcs-gmbh-768x512.jpg 768w" sizes="(max-width: 800px) 100vw, 800px" /><br />
Sebastian Gegusch<br />
Gestione e programmazione dei progetti<br />
Telefono +49 89 248830021<br />
<span class="volleansicht">e-mail <a href="mailto:gegusch@konferenztechnik.de" onclick="ga('send', 'event', 'Email-Klick', 'Kontakt Gegusch');">scrivere</a><br />
</span><br />
<span class="mobileansicht">e-mail <a href="mailto:gegusch@konferenztechnik.de" onclick="ga('send', 'event', 'Email-Klick', 'Kontakt Gegusch');">scrivere</a><br />
</span></p>
</div>
<div class="box1-4-empty"></div>
</div>

<p>AV-Technik: Mikrofone, Beschallungstechnik, Beamer Mikrofonierung, Beschallungstechnik, Rednerpulte, Telefonhybriden, Presseverteiler, steno-s Protokollierungssoftware, Aufzeichnungsgeräte, Signalgeber, Beamer, Leinwände und vieles mehr&#8230; Unser Audio- und Videoequipment ist für Tagungen und Kongresse jeder Größenordnung ausgelegt. [callout add_button=&#8220;no&#8220; button_text=&#8220;Learn More&#8220; button_url=&#8220;#&#8220; button_color=&#8220;#a62055&#8243;] Mieten Sie bei PCS zu tagesaktuellen Preisen aus unserem umfangreichen Vermietpark. Unser kompetentes Team lässt Ihnen umgehend ein attraktives [&hellip;]</p>
