{"id":2522,"date":"2013-09-23T13:37:16","date_gmt":"2013-09-23T11:37:16","guid":{"rendered":"https:\/\/konferenztechnik.de\/?page_id=2522"},"modified":"2023-07-05T15:01:31","modified_gmt":"2023-07-05T13:01:31","slug":"controlli-dei-media","status":"publish","type":"page","link":"https:\/\/konferenztechnik.de\/it\/distribuzione-di-tecnologia-per-conferenze-e-media-av\/controlli-dei-media\/","title":{"rendered":"Controlli multimediali"},"content":{"rendered":"<h1>Controlli multimediali<\/h1>\n<p>I sistemi di controllo multimediale regolano la tecnologia video, audio e di illuminazione di una stanza o addirittura di un intero edificio. Inoltre, altre tecnologie dell'edificio, come sistemi di riscaldamento, tende, schermi o sistemi di conferenza telefonica, possono essere comodamente gestite con un unico dispositivo di controllo. I sistemi di controllo multimediale sono utilizzati sia in ambienti aziendali (ad esempio, sale conferenze) che privati (ad esempio, soggiorni). La tecnologia pu\u00f2 essere gestita con semplici pannelli di controllo a parete, touch panel o persino con uno smartphone. I nostri collaboratori troveranno la soluzione ottimale per voi.<\/p>\n<h2>Controllo centralizzato \u2013 anche con uno smartphone<\/h2>\n<p>Un'unit\u00e0 operativa centrale consente un funzionamento semplice e sicuro dell'intera tecnologia. Sono disponibili diverse opzioni: Pannelli di controllo a parete, touch panel fissi o mobili di varie dimensioni o funzionamento tramite smartphone o tablet (ad es. iPad). A seconda del produttore, sono disponibili versioni per iOS, Android o Windows Phone. Le interfacce utente possono essere personalizzate a seconda delle esigenze (ad esempio adattate alla vostra CI o con il vostro logo).<\/p>\n<p><a href=\"https:\/\/konferenztechnik.de\/wp-content\/uploads\/2013\/09\/touchpanels_mediensteuerung.jpg\"><img decoding=\"async\" src=\"https:\/\/konferenztechnik.de\/wp-content\/uploads\/2013\/09\/touchpanels_mediensteuerung.jpg\" alt=\"Pannelli a sfioramento per i controlli dei media\" title=\"\"><\/a><\/p>\n<h2>Funzionamento semplice<\/h2>\n<p>Notebook, iPod o altre sorgenti esterne possono essere comodamente collegate al sistema di controllo dei media tramite pannelli di connessione nei tavoli o nel pavimento. Se necessario, le sorgenti integrate nel sistema possono essere riconosciute automaticamente:<\/p>\n<p><a href=\"https:\/\/konferenztechnik.de\/wp-content\/uploads\/2013\/09\/Mediensteuerung_Extron-Tischtank_gross.jpg\"><img fetchpriority=\"high\" decoding=\"async\" width=\"600\" height=\"326\" class=\"alignright size-full wp-image-2929\" src=\"https:\/\/konferenztechnik.de\/wp-content\/uploads\/2013\/09\/Mediensteuerung_Extron-Tischtank_gross.jpg\" alt=\"Serbatoio da tavolo Extron\" title=\"\" srcset=\"https:\/\/konferenztechnik.de\/wp-content\/uploads\/2013\/09\/Mediensteuerung_Extron-Tischtank_gross.jpg 600w, https:\/\/konferenztechnik.de\/wp-content\/uploads\/2013\/09\/Mediensteuerung_Extron-Tischtank_gross-300x163.jpg 300w\" sizes=\"(max-width: 600px) 100vw, 600px\" \/><\/a><\/p>\n<p>Se, ad esempio, viene collegato un notebook, il sistema lo riconosce automaticamente, avvia il proiettore ed estende lo schermo. Se il notebook viene nuovamente scollegato, il sistema si spegne automaticamente. In questo modo \u00e8 possibile programmare vari scenari per soddisfare un'ampia gamma di requisiti.<\/p>\n<h2>Funzionamento a distanza<\/h2>\n<p>Tutte le sale dotate di controllo dei media possono essere controllate anche a distanza tramite una rete o Internet, se necessario. Ci\u00f2 \u00e8 particolarmente utile, ad esempio, per monitorare la tecnologia installata, come supporto per la protezione contro i furti, per i lavori di manutenzione, per monitorare il tempo di combustione delle lampade dei proiettori o per poter richiamare diversi scenari di sala (ad esempio, anche nel fine settimana).<\/p>\n<p>Alcuni dei nostri partner nel campo del controllo dei media<\/p>\n<div class=\"rahmen\">\n<p><a href=\"https:\/\/konferenztechnik.de\/it\/produttore\/amx\/\"><img decoding=\"async\" width=\"250\" height=\"250\" class=\"alignleft size-full wp-image-6607\" src=\"https:\/\/konferenztechnik.de\/wp-content\/uploads\/2016\/04\/logo-amx.jpg\" alt=\"Logo AMX\" title=\"\" srcset=\"https:\/\/konferenztechnik.de\/wp-content\/uploads\/2016\/04\/logo-amx.jpg 250w, https:\/\/konferenztechnik.de\/wp-content\/uploads\/2016\/04\/logo-amx-150x150.jpg 150w\" sizes=\"(max-width: 250px) 100vw, 250px\" \/><\/a><\/p>\n<p><a href=\"https:\/\/konferenztechnik.de\/it\/crestron\/\"><img decoding=\"async\" width=\"250\" height=\"250\" class=\"alignnone size-full wp-image-6617\" src=\"https:\/\/konferenztechnik.de\/wp-content\/uploads\/2016\/04\/logo-crestron.jpg\" alt=\"Logo Crestron\" title=\"\" srcset=\"https:\/\/konferenztechnik.de\/wp-content\/uploads\/2016\/04\/logo-crestron.jpg 250w, https:\/\/konferenztechnik.de\/wp-content\/uploads\/2016\/04\/logo-crestron-150x150.jpg 150w\" sizes=\"(max-width: 250px) 100vw, 250px\" \/><\/a><\/p>\n<p><a href=\"https:\/\/konferenztechnik.de\/it\/estrone\/\"><img loading=\"lazy\" decoding=\"async\" width=\"250\" height=\"250\" class=\"alignnone size-full wp-image-6638\" src=\"https:\/\/konferenztechnik.de\/wp-content\/uploads\/2016\/04\/logo-extron.jpg\" alt=\"Logo Extron\" title=\"\" srcset=\"https:\/\/konferenztechnik.de\/wp-content\/uploads\/2016\/04\/logo-extron.jpg 250w, https:\/\/konferenztechnik.de\/wp-content\/uploads\/2016\/04\/logo-extron-150x150.jpg 150w\" sizes=\"(max-width: 250px) 100vw, 250px\" \/><\/a><\/p>\n<p><a href=\"https:\/\/konferenztechnik.de\/it\/rti\/\"><img loading=\"lazy\" decoding=\"async\" width=\"250\" height=\"250\" class=\"alignnone size-full wp-image-6656\" src=\"https:\/\/konferenztechnik.de\/wp-content\/uploads\/2016\/04\/logo-rti.jpg\" alt=\"Logo RTI\" title=\"\" srcset=\"https:\/\/konferenztechnik.de\/wp-content\/uploads\/2016\/04\/logo-rti.jpg 250w, https:\/\/konferenztechnik.de\/wp-content\/uploads\/2016\/04\/logo-rti-150x150.jpg 150w\" sizes=\"(max-width: 250px) 100vw, 250px\" \/><\/a><\/p>\n<\/div>\n<p><!--\n<a href=\"https:\/\/konferenztechnik.de\/wp-content\/uploads\/2013\/09\/partner_mediensteuerung_PCS.jpg\"><img loading=\"lazy\" decoding=\"async\" src=\"https:\/\/konferenztechnik.de\/wp-content\/uploads\/2013\/09\/partner_mediensteuerung_PCS.jpg\" alt=\"PCS-Partner im Bereich Mediensteuerungen\" width=\"650\" height=\"55\" class=\"alignleft size-full wp-image-2930\" title=\"\" srcset=\"https:\/\/konferenztechnik.de\/wp-content\/uploads\/2013\/09\/partner_mediensteuerung_PCS.jpg 650w, https:\/\/konferenztechnik.de\/wp-content\/uploads\/2013\/09\/partner_mediensteuerung_PCS-300x25.jpg 300w\" sizes=\"(max-width: 650px) 100vw, 650px\" \/><\/a>\n--><\/p>","protected":false},"excerpt":{"rendered":"<p>Mediensteuerungen Mediensteuerungen regeln die Video-, Audio- und Lichttechnik in einem Raum oder sogar einem ganzen Geb\u00e4ude. Au\u00dferdem l\u00e4sst sich weitere Geb\u00e4udetechnik wie Heizungsanlagen, Jalousien, Leinw\u00e4nde oder Telefonkonferenzsysteme bequem mit einem einzigen Steuerger\u00e4t bedienen. Mediensteuerungen kommen sowohl im gesch\u00e4ftlichen (z.B. Konferenzraum) als auch im privaten Bereich (z.B. Wohnzimmer) zum Einsatz. Die Bedienung der Technik kann mit [&hellip;]<\/p>","protected":false},"author":1,"featured_media":45482,"parent":3614,"menu_order":133,"comment_status":"closed","ping_status":"open","template":"","meta":{"_acf_changed":false,"footnotes":""},"class_list":["post-2522","page","type-page","status-publish","has-post-thumbnail","hentry"],"acf":[],"_links":{"self":[{"href":"https:\/\/konferenztechnik.de\/it\/wp-json\/wp\/v2\/pages\/2522","targetHints":{"allow":["GET"]}}],"collection":[{"href":"https:\/\/konferenztechnik.de\/it\/wp-json\/wp\/v2\/pages"}],"about":[{"href":"https:\/\/konferenztechnik.de\/it\/wp-json\/wp\/v2\/types\/page"}],"author":[{"embeddable":true,"href":"https:\/\/konferenztechnik.de\/it\/wp-json\/wp\/v2\/users\/1"}],"replies":[{"embeddable":true,"href":"https:\/\/konferenztechnik.de\/it\/wp-json\/wp\/v2\/comments?post=2522"}],"version-history":[{"count":0,"href":"https:\/\/konferenztechnik.de\/it\/wp-json\/wp\/v2\/pages\/2522\/revisions"}],"up":[{"embeddable":true,"href":"https:\/\/konferenztechnik.de\/it\/wp-json\/wp\/v2\/pages\/3614"}],"wp:featuredmedia":[{"embeddable":true,"href":"https:\/\/konferenztechnik.de\/it\/wp-json\/wp\/v2\/media\/45482"}],"wp:attachment":[{"href":"https:\/\/konferenztechnik.de\/it\/wp-json\/wp\/v2\/media?parent=2522"}],"curies":[{"name":"wp","href":"https:\/\/api.w.org\/{rel}","templated":true}]}}

<h1>Controlli multimediali</h1>
<p>I sistemi di controllo multimediale regolano la tecnologia video, audio e di illuminazione di una stanza o addirittura di un intero edificio. Inoltre, altre tecnologie dell'edificio, come sistemi di riscaldamento, tende, schermi o sistemi di conferenza telefonica, possono essere comodamente gestite con un unico dispositivo di controllo. I sistemi di controllo multimediale sono utilizzati sia in ambienti aziendali (ad esempio, sale conferenze) che privati (ad esempio, soggiorni). La tecnologia può essere gestita con semplici pannelli di controllo a parete, touch panel o persino con uno smartphone. I nostri collaboratori troveranno la soluzione ottimale per voi.</p>
<h2>Controllo centralizzato – anche con uno smartphone</h2>
<p>Un'unità operativa centrale consente un funzionamento semplice e sicuro dell'intera tecnologia. Sono disponibili diverse opzioni: Pannelli di controllo a parete, touch panel fissi o mobili di varie dimensioni o funzionamento tramite smartphone o tablet (ad es. iPad). A seconda del produttore, sono disponibili versioni per iOS, Android o Windows Phone. Le interfacce utente possono essere personalizzate a seconda delle esigenze (ad esempio adattate alla vostra CI o con il vostro logo).</p>
<p><a href="https://konferenztechnik.de/wp-content/uploads/2013/09/touchpanels_mediensteuerung.jpg"><img decoding="async" src="https://konferenztechnik.de/wp-content/uploads/2013/09/touchpanels_mediensteuerung.jpg" alt="Pannelli a sfioramento per i controlli dei media" title=""></a></p>
<h2>Funzionamento semplice</h2>
<p>Notebook, iPod o altre sorgenti esterne possono essere comodamente collegate al sistema di controllo dei media tramite pannelli di connessione nei tavoli o nel pavimento. Se necessario, le sorgenti integrate nel sistema possono essere riconosciute automaticamente:</p>
<p><a href="https://konferenztechnik.de/wp-content/uploads/2013/09/Mediensteuerung_Extron-Tischtank_gross.jpg"><img fetchpriority="high" decoding="async" width="600" height="326" class="alignright size-full wp-image-2929" src="https://konferenztechnik.de/wp-content/uploads/2013/09/Mediensteuerung_Extron-Tischtank_gross.jpg" alt="Serbatoio da tavolo Extron" title="" srcset="https://konferenztechnik.de/wp-content/uploads/2013/09/Mediensteuerung_Extron-Tischtank_gross.jpg 600w, https://konferenztechnik.de/wp-content/uploads/2013/09/Mediensteuerung_Extron-Tischtank_gross-300x163.jpg 300w" sizes="(max-width: 600px) 100vw, 600px" /></a></p>
<p>Se, ad esempio, viene collegato un notebook, il sistema lo riconosce automaticamente, avvia il proiettore ed estende lo schermo. Se il notebook viene nuovamente scollegato, il sistema si spegne automaticamente. In questo modo è possibile programmare vari scenari per soddisfare un'ampia gamma di requisiti.</p>
<h2>Funzionamento a distanza</h2>
<p>Tutte le sale dotate di controllo dei media possono essere controllate anche a distanza tramite una rete o Internet, se necessario. Ciò è particolarmente utile, ad esempio, per monitorare la tecnologia installata, come supporto per la protezione contro i furti, per i lavori di manutenzione, per monitorare il tempo di combustione delle lampade dei proiettori o per poter richiamare diversi scenari di sala (ad esempio, anche nel fine settimana).</p>
<p>Alcuni dei nostri partner nel campo del controllo dei media</p>
<div class="rahmen">
<p><a href="https://konferenztechnik.de/it/produttore/amx/"><img decoding="async" width="250" height="250" class="alignleft size-full wp-image-6607" src="https://konferenztechnik.de/wp-content/uploads/2016/04/logo-amx.jpg" alt="Logo AMX" title="" srcset="https://konferenztechnik.de/wp-content/uploads/2016/04/logo-amx.jpg 250w, https://konferenztechnik.de/wp-content/uploads/2016/04/logo-amx-150x150.jpg 150w" sizes="(max-width: 250px) 100vw, 250px" /></a></p>
<p><a href="https://konferenztechnik.de/it/crestron/"><img decoding="async" width="250" height="250" class="alignnone size-full wp-image-6617" src="https://konferenztechnik.de/wp-content/uploads/2016/04/logo-crestron.jpg" alt="Logo Crestron" title="" srcset="https://konferenztechnik.de/wp-content/uploads/2016/04/logo-crestron.jpg 250w, https://konferenztechnik.de/wp-content/uploads/2016/04/logo-crestron-150x150.jpg 150w" sizes="(max-width: 250px) 100vw, 250px" /></a></p>
<p><a href="https://konferenztechnik.de/it/estrone/"><img loading="lazy" decoding="async" width="250" height="250" class="alignnone size-full wp-image-6638" src="https://konferenztechnik.de/wp-content/uploads/2016/04/logo-extron.jpg" alt="Logo Extron" title="" srcset="https://konferenztechnik.de/wp-content/uploads/2016/04/logo-extron.jpg 250w, https://konferenztechnik.de/wp-content/uploads/2016/04/logo-extron-150x150.jpg 150w" sizes="(max-width: 250px) 100vw, 250px" /></a></p>
<p><a href="https://konferenztechnik.de/it/rti/"><img loading="lazy" decoding="async" width="250" height="250" class="alignnone size-full wp-image-6656" src="https://konferenztechnik.de/wp-content/uploads/2016/04/logo-rti.jpg" alt="Logo RTI" title="" srcset="https://konferenztechnik.de/wp-content/uploads/2016/04/logo-rti.jpg 250w, https://konferenztechnik.de/wp-content/uploads/2016/04/logo-rti-150x150.jpg 150w" sizes="(max-width: 250px) 100vw, 250px" /></a></p>
</div>
<p><!--
<a href="https://konferenztechnik.de/wp-content/uploads/2013/09/partner_mediensteuerung_PCS.jpg"><img loading="lazy" decoding="async" src="https://konferenztechnik.de/wp-content/uploads/2013/09/partner_mediensteuerung_PCS.jpg" alt="PCS-Partner im Bereich Mediensteuerungen" width="650" height="55" class="alignleft size-full wp-image-2930" title="" srcset="https://konferenztechnik.de/wp-content/uploads/2013/09/partner_mediensteuerung_PCS.jpg 650w, https://konferenztechnik.de/wp-content/uploads/2013/09/partner_mediensteuerung_PCS-300x25.jpg 300w" sizes="(max-width: 650px) 100vw, 650px" /></a>
--></p>

<p>Mediensteuerungen Mediensteuerungen regeln die Video-, Audio- und Lichttechnik in einem Raum oder sogar einem ganzen Gebäude. Außerdem lässt sich weitere Gebäudetechnik wie Heizungsanlagen, Jalousien, Leinwände oder Telefonkonferenzsysteme bequem mit einem einzigen Steuergerät bedienen. Mediensteuerungen kommen sowohl im geschäftlichen (z.B. Konferenzraum) als auch im privaten Bereich (z.B. Wohnzimmer) zum Einsatz. Die Bedienung der Technik kann mit [&hellip;]</p>
