{"id":3858,"date":"2013-11-28T16:34:43","date_gmt":"2013-11-28T14:34:43","guid":{"rendered":"https:\/\/konferenztechnik.de\/?page_id=3858"},"modified":"2023-07-05T14:25:44","modified_gmt":"2023-07-05T12:25:44","slug":"supporti-per-display-e-proiettori","status":"publish","type":"page","link":"https:\/\/konferenztechnik.de\/it\/distribuzione-di-tecnologia-per-conferenze-e-media-av\/supporti-per-display-e-proiettori\/","title":{"rendered":"Supporti per display e proiettori"},"content":{"rendered":"<h1>Supporti per display e proiettori<\/h1>\n<p>Dopo l'acquisto di un proiettore o di un display, probabilmente vi porrete una delle seguenti domande<\/p>\n<ul>\n<li>Come e dove si installa il dispositivo?<\/li>\n<li>Dove lo ripongo quando non serve?<\/li>\n<li>Come posso proteggere il mio dispositivo da furti o danni?<\/li>\n<\/ul>\n<p>Vi offriamo soluzioni flessibili e professionali per l'installazione dei vostri sistemi video: <a href=\"\/it\/distribuzione-di-tecnologia-per-conferenze-e-media-av\/tecnologia-video\/supporti-per-display-e-proiettori-2\/supporti-a-soffitto\/\">Staffe per il soffitto<\/a>, <a href=\"\/it\/distribuzione-di-tecnologia-per-conferenze-e-media-av\/tecnologia-video\/supporti-per-display-e-proiettori-2\/staffe-a-parete\/\">Staffe a parete<\/a> o <a href=\"\/it\/distribuzione-di-tecnologia-per-conferenze-e-media-av\/tecnologia-video\/supporti-per-display-e-proiettori-2\/staffe-per-capriate\/\">Staffe per capriate<\/a>, <a href=\"\/it\/distribuzione-di-tecnologia-per-conferenze-e-media-av\/tecnologia-video\/supporti-per-display-e-proiettori-2\/supporto-a-pavimento\/\">Supporto da terra<\/a>, <a href=\"\/it\/distribuzione-di-tecnologia-per-conferenze-e-media-av\/tecnologia-video\/sistemi-di-sollevamento\/\">Ascensori<\/a>, <a href=\"\/it\/distribuzione-di-tecnologia-per-conferenze-e-media-av\/tecnologia-video\/abitazione\/\">Soluzioni di segnaletica digitale<\/a>tavoli touch screen o completi <a href=\"\/it\/distribuzione-di-tecnologia-per-conferenze-e-media-av\/tecnologia-video\/supporti-per-display-e-proiettori-2\/mobili-per-conferenze\/\">Mobili per conferenze<\/a> per i sistemi di videoconferenza.<\/p>\n<p>Troveremo il sistema giusto per il vostro apparecchio. Indipendente dal produttore, per quasi tutte le dimensioni e quasi tutti i pesi. Offriamo staffe per installazioni permanenti e per il noleggio.<\/p>\n<p>Naturalmente, i nostri sistemi possono essere consegnati e installati dai nostri team di assistenza. Il nostro <a href=\"\/it\/installazione-e-integrazione-di-sistemi-tecnologici-e-multimediali-per-conferenze\/\">Reparto installazione<\/a> si occupa della progettazione, dell'installazione e dell'assistenza di sale conferenze complete.<\/p>\n<p>Contattateci e saremo lieti di consigliarvi.<\/p>\n<p><a href=\"\/it\/distribuzione-di-tecnologia-per-conferenze-e-media-av\/tecnologia-video\/supporti-per-display-e-proiettori-2\/\"><img fetchpriority=\"high\" decoding=\"async\" src=\"https:\/\/konferenztechnik.de\/wp-content\/uploads\/2013\/08\/videotechnik03.jpg\" alt=\"Supporti per display e proiettori\" width=\"288\" height=\"198\" class=\"alignnone size-full wp-image-1209\" title=\"\"><\/a><a href=\"\/it\/distribuzione-di-tecnologia-per-conferenze-e-media-av\/tecnologia-video\/supporti-per-display-e-proiettori-2\/\"><br \/>\nStaffe<\/a><\/p>\n<p><a href=\"\/it\/distribuzione-di-tecnologia-per-conferenze-e-media-av\/tecnologia-video\/sistemi-di-sollevamento\/\"><img decoding=\"async\" src=\"https:\/\/konferenztechnik.de\/wp-content\/uploads\/2013\/08\/videotechnik04.jpg\" alt=\"Sollevatori per travi e proiettori\" width=\"288\" height=\"198\" class=\"alignleft size-full wp-image-1210\" title=\"\"><\/a><a href=\"\/it\/distribuzione-di-tecnologia-per-conferenze-e-media-av\/tecnologia-video\/sistemi-di-sollevamento\/\"><br \/>\nSistemi di sollevamento<\/a><\/p>\n<p><a href=\"\/it\/distribuzione-di-tecnologia-per-conferenze-e-media-av\/tecnologia-video\/alloggiamento-2\/\"><img decoding=\"async\" src=\"https:\/\/konferenztechnik.de\/wp-content\/uploads\/2013\/08\/videotechnik05.jpg\" alt=\"Alloggiamento per proiettori\" width=\"288\" height=\"198\" class=\"alignnone size-full wp-image-1211\" title=\"\"><\/a><a href=\"\/it\/distribuzione-di-tecnologia-per-conferenze-e-media-av\/tecnologia-video\/alloggiamento-2\/\"><br \/>\nAlloggiamenti<\/a><\/p>\n<div class=\"boxcontainer\">\n<div class=\"box1-2\">\n<h1>Persona di contatto<\/h1>\n<\/div>\n<div class=\"box1-2-order\">\n<h1>Ulteriori link<\/h1>\n<\/div>\n<div class=\"box1-4\">\n<div class=\"box-head\">Distribuzione e vendita<\/div>\n<\/div>\n<div class=\"box2-4-2\" style=\"order:1;\">\n<div class=\"weiterlinks\">\n<ul>\n<a title=\"Distribuzione per gruppo di prodotti\" href=\"\/it\/gruppi-di-prodotti\/\">Distribuzione per gruppo di prodotti<\/a><br \/>\n<a title=\"Distribuzione per produttore\" href=\"\/it\/produttore\/\">Distribuzione per produttore<\/a><br \/>\n<a title=\"Prodotti personalizzati, manutenzione e riparazione\" href=\"\/it\/servizi-2\/manutenzione-e-riparazione\/\">Prodotti personalizzati, manutenzione e riparazione<\/a><br \/>\n<a title=\"10 buoni motivi per il PCS\" href=\"\/it\/chi-siamo-2\/10-buone-ragioni-per-i-pc\/\">10 buoni motivi per il PCS<\/a><br \/>\n<a title=\"Riferimenti\" href=\"\/it\/chi-siamo-2\/elenco-di-riferimento-installazione\/\">Riferimenti Installazione e integrazione<\/a><br \/>\n<a title=\"PCS: Tutti i servizi in sintesi\" href=\"\/it\/servizi-2\/\">PCS: Tutti i servizi in sintesi<\/a><\/ul>\n<\/div>\n<\/div>\n<\/div>","protected":false},"excerpt":{"rendered":"<p>Display- und Projektorhalterungen Nach der Anschaffung eines Projektors oder Displays stellen Sie sich bestimmt eine der folgenden Fragen Wie und wo montiere ich das Ger\u00e4t? Wo verstaue ich es, wenn es nicht ben\u00f6tigt wird? Wie kann ich mein Ger\u00e4t vor Diebstahl oder Besch\u00e4digungen sch\u00fctzen? Wir bieten Ihnen flexible und professionelle L\u00f6sungen f\u00fcr die Montage Ihrer [&hellip;]<\/p>\n","protected":false},"author":1,"featured_media":45482,"parent":3614,"menu_order":104,"comment_status":"closed","ping_status":"open","template":"","meta":{"_acf_changed":false,"footnotes":""},"class_list":["post-3858","page","type-page","status-publish","has-post-thumbnail","hentry"],"acf":[],"_links":{"self":[{"href":"https:\/\/konferenztechnik.de\/it\/wp-json\/wp\/v2\/pages\/3858","targetHints":{"allow":["GET"]}}],"collection":[{"href":"https:\/\/konferenztechnik.de\/it\/wp-json\/wp\/v2\/pages"}],"about":[{"href":"https:\/\/konferenztechnik.de\/it\/wp-json\/wp\/v2\/types\/page"}],"author":[{"embeddable":true,"href":"https:\/\/konferenztechnik.de\/it\/wp-json\/wp\/v2\/users\/1"}],"replies":[{"embeddable":true,"href":"https:\/\/konferenztechnik.de\/it\/wp-json\/wp\/v2\/comments?post=3858"}],"version-history":[{"count":0,"href":"https:\/\/konferenztechnik.de\/it\/wp-json\/wp\/v2\/pages\/3858\/revisions"}],"up":[{"embeddable":true,"href":"https:\/\/konferenztechnik.de\/it\/wp-json\/wp\/v2\/pages\/3614"}],"wp:featuredmedia":[{"embeddable":true,"href":"https:\/\/konferenztechnik.de\/it\/wp-json\/wp\/v2\/media\/45482"}],"wp:attachment":[{"href":"https:\/\/konferenztechnik.de\/it\/wp-json\/wp\/v2\/media?parent=3858"}],"curies":[{"name":"wp","href":"https:\/\/api.w.org\/{rel}","templated":true}]}}

<p>Display- und Projektorhalterungen Nach der Anschaffung eines Projektors oder Displays stellen Sie sich bestimmt eine der folgenden Fragen Wie und wo montiere ich das Gerät? Wo verstaue ich es, wenn es nicht benötigt wird? Wie kann ich mein Gerät vor Diebstahl oder Beschädigungen schützen? Wir bieten Ihnen flexible und professionelle Lösungen für die Montage Ihrer [&hellip;]</p>
