{"id":12945,"date":"2023-09-01T13:20:51","date_gmt":"2023-09-01T11:20:51","guid":{"rendered":"https:\/\/www.konferenztechnik.de\/?page_id=12945"},"modified":"2023-09-01T13:20:52","modified_gmt":"2023-09-01T11:20:52","slug":"%e3%82%bc%e3%83%b3%e3%83%8f%e3%82%a4%e3%82%b6%e3%83%bc%e3%83%bb%e3%83%84%e3%82%a2%e3%83%bc%e3%82%ac%e3%82%a4%e3%83%892020-d%e3%82%92%e8%b3%bc%e5%85%a5%e3%81%99%e3%82%8b","status":"publish","type":"page","link":"https:\/\/konferenztechnik.de\/ja\/%e3%82%bc%e3%83%b3%e3%83%8f%e3%82%a4%e3%82%b6%e3%83%bc%e3%83%bb%e3%83%84%e3%82%a2%e3%83%bc%e3%82%ac%e3%82%a4%e3%83%892020-d%e3%82%92%e8%b3%bc%e5%85%a5%e3%81%99%e3%82%8b\/","title":{"rendered":"\u30bc\u30f3\u30cf\u30a4\u30b6\u30fc\u30fb\u30c4\u30a2\u30fc\u30ac\u30a4\u30c92020 D\u3092\u8cfc\u5165\u3059\u308b"},"content":{"rendered":"<h1>Sennheiser Tourguide 2020 D kaufen &#8211; Digitale Personenf\u00fchrungsanlage<\/h1>\n<h2>Sennheiser Tourguide 2020 D<\/h2>\n<div class=\"call-action-slider-img\">\n<img fetchpriority=\"high\" decoding=\"async\" width=\"850\" height=\"388\" src=\"https:\/\/konferenztechnik.de\/wp-content\/uploads\/2018\/01\/sennheiser-tourguide-kaufen-set.jpg\" alt=\"Sennheiser Tourguide kaufen Set\" class=\"alignnone size-full wp-image-12216\" title=\"\" srcset=\"https:\/\/konferenztechnik.de\/wp-content\/uploads\/2018\/01\/sennheiser-tourguide-kaufen-set.jpg 850w, https:\/\/konferenztechnik.de\/wp-content\/uploads\/2018\/01\/sennheiser-tourguide-kaufen-set-300x137.jpg 300w, https:\/\/konferenztechnik.de\/wp-content\/uploads\/2018\/01\/sennheiser-tourguide-kaufen-set-768x351.jpg 768w\" sizes=\"(max-width: 850px) 100vw, 850px\" \/><br \/>\n<button class=\"bbtn popmake-12226\">Angebot anfordern &#x9B;<\/button><\/div>\n<p>Das digitale Sennheiser 2020-D Tourguide-System kombiniert einfache Handhabung mit professionellen Funktionen: Die Sennheiser F\u00fchrungsanlage kann unkompliziert bei Besucherf\u00fchrungen, Konferenzen oder zur H\u00f6runterst\u00fctzung eingesetzt werden. Die HDE-2020 Kinnb\u00fcgelempf\u00e4nger vereinen Kopfh\u00f6rer und Empf\u00e4nger in einem Ger\u00e4t. Die Empf\u00e4nger schalten sich beim Aufsetzen automatisch ein und wenn sie l\u00e4nger genutzt werden auch wieder aus.<\/p>\n<p>[clear]<\/p>\n<div id=\"newscontainer\">\n<div class=\"newskasten\">\nTourguide Empf\u00e4nger<br \/>\n<img decoding=\"async\" width=\"580\" height=\"450\" src=\"https:\/\/konferenztechnik.de\/wp-content\/uploads\/2013\/12\/Sennheiser_tourguide-2020-kopfbuegelempfaenger.jpg\" alt=\"\" class=\"alignleft size-full wp-image-4195\" title=\"\" srcset=\"https:\/\/konferenztechnik.de\/wp-content\/uploads\/2013\/12\/Sennheiser_tourguide-2020-kopfbuegelempfaenger.jpg 580w, https:\/\/konferenztechnik.de\/wp-content\/uploads\/2013\/12\/Sennheiser_tourguide-2020-kopfbuegelempfaenger-300x233.jpg 300w\" sizes=\"(max-width: 580px) 100vw, 580px\" \/><\/div>\n<div class=\"newskasten newskastenfixodd\">\nTourguide Empf\u00e4nger<br \/>\n<img decoding=\"async\" width=\"580\" height=\"450\" src=\"https:\/\/konferenztechnik.de\/wp-content\/uploads\/2013\/12\/Sennheiser_tourguide-2020-kopfbuegelempfaenger.jpg\" alt=\"\" class=\"alignleft size-full wp-image-4195\" title=\"\" srcset=\"https:\/\/konferenztechnik.de\/wp-content\/uploads\/2013\/12\/Sennheiser_tourguide-2020-kopfbuegelempfaenger.jpg 580w, https:\/\/konferenztechnik.de\/wp-content\/uploads\/2013\/12\/Sennheiser_tourguide-2020-kopfbuegelempfaenger-300x233.jpg 300w\" sizes=\"(max-width: 580px) 100vw, 580px\" \/><\/div>\n<div class=\"newskasten newskastenfixodd\">\nTourguide Empf\u00e4nger<br \/>\n<img decoding=\"async\" width=\"580\" height=\"450\" src=\"https:\/\/konferenztechnik.de\/wp-content\/uploads\/2013\/12\/Sennheiser_tourguide-2020-kopfbuegelempfaenger.jpg\" alt=\"\" class=\"alignleft size-full wp-image-4195\" title=\"\" srcset=\"https:\/\/konferenztechnik.de\/wp-content\/uploads\/2013\/12\/Sennheiser_tourguide-2020-kopfbuegelempfaenger.jpg 580w, https:\/\/konferenztechnik.de\/wp-content\/uploads\/2013\/12\/Sennheiser_tourguide-2020-kopfbuegelempfaenger-300x233.jpg 300w\" sizes=\"(max-width: 580px) 100vw, 580px\" \/><\/div>\n<\/div>\n","protected":false},"excerpt":{"rendered":"<p>Sennheiser Tourguide 2020 D kaufen &#8211; Digitale Personenf\u00fchrungsanlage Sennheiser Tourguide 2020 D Angebot anfordern &#x9B; Das digitale Sennheiser 2020-D Tourguide-System kombiniert einfache Handhabung mit professionellen Funktionen: Die Sennheiser F\u00fchrungsanlage kann unkompliziert bei Besucherf\u00fchrungen, Konferenzen oder zur H\u00f6runterst\u00fctzung eingesetzt werden. Die HDE-2020 Kinnb\u00fcgelempf\u00e4nger vereinen Kopfh\u00f6rer und Empf\u00e4nger in einem Ger\u00e4t. Die Empf\u00e4nger schalten sich beim Aufsetzen automatisch ein und wenn sie l\u00e4nger genutzt werden auch wieder aus. [clear] Tourguide Empf\u00e4nger Tourguide Empf\u00e4nger Tourguide Empf\u00e4nger<\/p>\n","protected":false},"author":1,"featured_media":45482,"parent":0,"menu_order":0,"comment_status":"closed","ping_status":"closed","template":"","meta":{"_acf_changed":false,"footnotes":""},"class_list":["post-12945","page","type-page","status-publish","has-post-thumbnail","hentry"],"acf":[],"_links":{"self":[{"href":"https:\/\/konferenztechnik.de\/ja\/wp-json\/wp\/v2\/pages\/12945","targetHints":{"allow":["GET"]}}],"collection":[{"href":"https:\/\/konferenztechnik.de\/ja\/wp-json\/wp\/v2\/pages"}],"about":[{"href":"https:\/\/konferenztechnik.de\/ja\/wp-json\/wp\/v2\/types\/page"}],"author":[{"embeddable":true,"href":"https:\/\/konferenztechnik.de\/ja\/wp-json\/wp\/v2\/users\/1"}],"replies":[{"embeddable":true,"href":"https:\/\/konferenztechnik.de\/ja\/wp-json\/wp\/v2\/comments?post=12945"}],"version-history":[{"count":0,"href":"https:\/\/konferenztechnik.de\/ja\/wp-json\/wp\/v2\/pages\/12945\/revisions"}],"wp:featuredmedia":[{"embeddable":true,"href":"https:\/\/konferenztechnik.de\/ja\/wp-json\/wp\/v2\/media\/45482"}],"wp:attachment":[{"href":"https:\/\/konferenztechnik.de\/ja\/wp-json\/wp\/v2\/media?parent=12945"}],"curies":[{"name":"wp","href":"https:\/\/api.w.org\/{rel}","templated":true}]}}

ゼンハイザー・ツアーガイド2020 Dを購入する

<h1>Sennheiser Tourguide 2020 D kaufen &#8211; Digitale Personenführungsanlage</h1>
<h2>Sennheiser Tourguide 2020 D</h2>
<div class="call-action-slider-img">
<img fetchpriority="high" decoding="async" width="850" height="388" src="https://konferenztechnik.de/wp-content/uploads/2018/01/sennheiser-tourguide-kaufen-set.jpg" alt="Sennheiser Tourguide kaufen Set" class="alignnone size-full wp-image-12216" title="" srcset="https://konferenztechnik.de/wp-content/uploads/2018/01/sennheiser-tourguide-kaufen-set.jpg 850w, https://konferenztechnik.de/wp-content/uploads/2018/01/sennheiser-tourguide-kaufen-set-300x137.jpg 300w, https://konferenztechnik.de/wp-content/uploads/2018/01/sennheiser-tourguide-kaufen-set-768x351.jpg 768w" sizes="(max-width: 850px) 100vw, 850px" /><br />
<button class="bbtn popmake-12226">Angebot anfordern &#x9B;</button></div>
<p>Das digitale Sennheiser 2020-D Tourguide-System kombiniert einfache Handhabung mit professionellen Funktionen: Die Sennheiser Führungsanlage kann unkompliziert bei Besucherführungen, Konferenzen oder zur Hörunterstützung eingesetzt werden. Die HDE-2020 Kinnbügelempfänger vereinen Kopfhörer und Empfänger in einem Gerät. Die Empfänger schalten sich beim Aufsetzen automatisch ein und wenn sie länger genutzt werden auch wieder aus.</p>
<p>[clear]</p>
<div id="newscontainer">
<div class="newskasten">
Tourguide Empfänger<br />
<img decoding="async" width="580" height="450" src="https://konferenztechnik.de/wp-content/uploads/2013/12/Sennheiser_tourguide-2020-kopfbuegelempfaenger.jpg" alt="" class="alignleft size-full wp-image-4195" title="" srcset="https://konferenztechnik.de/wp-content/uploads/2013/12/Sennheiser_tourguide-2020-kopfbuegelempfaenger.jpg 580w, https://konferenztechnik.de/wp-content/uploads/2013/12/Sennheiser_tourguide-2020-kopfbuegelempfaenger-300x233.jpg 300w" sizes="(max-width: 580px) 100vw, 580px" /></div>
<div class="newskasten newskastenfixodd">
Tourguide Empfänger<br />
<img decoding="async" width="580" height="450" src="https://konferenztechnik.de/wp-content/uploads/2013/12/Sennheiser_tourguide-2020-kopfbuegelempfaenger.jpg" alt="" class="alignleft size-full wp-image-4195" title="" srcset="https://konferenztechnik.de/wp-content/uploads/2013/12/Sennheiser_tourguide-2020-kopfbuegelempfaenger.jpg 580w, https://konferenztechnik.de/wp-content/uploads/2013/12/Sennheiser_tourguide-2020-kopfbuegelempfaenger-300x233.jpg 300w" sizes="(max-width: 580px) 100vw, 580px" /></div>
<div class="newskasten newskastenfixodd">
Tourguide Empfänger<br />
<img decoding="async" width="580" height="450" src="https://konferenztechnik.de/wp-content/uploads/2013/12/Sennheiser_tourguide-2020-kopfbuegelempfaenger.jpg" alt="" class="alignleft size-full wp-image-4195" title="" srcset="https://konferenztechnik.de/wp-content/uploads/2013/12/Sennheiser_tourguide-2020-kopfbuegelempfaenger.jpg 580w, https://konferenztechnik.de/wp-content/uploads/2013/12/Sennheiser_tourguide-2020-kopfbuegelempfaenger-300x233.jpg 300w" sizes="(max-width: 580px) 100vw, 580px" /></div>
</div>

<p>Sennheiser Tourguide 2020 D kaufen &#8211; Digitale Personenführungsanlage Sennheiser Tourguide 2020 D Angebot anfordern &#x9B; Das digitale Sennheiser 2020-D Tourguide-System kombiniert einfache Handhabung mit professionellen Funktionen: Die Sennheiser Führungsanlage kann unkompliziert bei Besucherführungen, Konferenzen oder zur Hörunterstützung eingesetzt werden. Die HDE-2020 Kinnbügelempfänger vereinen Kopfhörer und Empfänger in einem Gerät. Die Empfänger schalten sich beim Aufsetzen automatisch ein und wenn sie länger genutzt werden auch wieder aus. [clear] Tourguide Empfänger Tourguide Empfänger Tourguide Empfänger</p>
