{"id":1219,"date":"2013-08-23T10:29:49","date_gmt":"2013-08-23T08:29:49","guid":{"rendered":"https:\/\/pcs-miete.de\/?page_id=1219"},"modified":"2023-07-05T14:17:33","modified_gmt":"2023-07-05T12:17:33","slug":"schermen","status":"publish","type":"page","link":"https:\/\/konferenztechnik.de\/nl\/distributie-van-conferentie-en-av-mediatechnologie\/videotechnologie\/schermen\/","title":{"rendered":"Schermen"},"content":{"rendered":"<h1>Schermen<\/h1>\n<p>Schermen worden tegenwoordig steeds groter, hebben een hogere resolutie, zijn weerbestendiger, krasbestendiger, goedkoper \u2013 en dat in een snel tempo. Hier presenteren we een kleine selectie schermen als voorbeeld.<\/p>\n<p>Minstens zo belangrijk op dit gebied zijn natuurlijk alle bevestigingsopties zoals muurbeugels, plafondbeugels en vloersteunen voor de schermen. Ook hier hebben we een ruime keuze aan opties.<\/p>\n<h2>52\u2033 LCD-scherm met full HD-resolutie<\/h2>\n<p><a href=\"https:\/\/konferenztechnik.de\/wp-content\/uploads\/2013\/09\/Sony_LCD-Display_GXD-L52H1_gross.jpg\"><img fetchpriority=\"high\" decoding=\"async\" width=\"383\" height=\"300\" class=\"alignleft size-full wp-image-2415\" src=\"https:\/\/konferenztechnik.de\/wp-content\/uploads\/2013\/09\/Sony_LCD-Display_GXD-L52H1_gross.jpg\" alt=\" Full HD LCD-scherm GXDL52H1 van Sony\" title=\"\" srcset=\"https:\/\/konferenztechnik.de\/wp-content\/uploads\/2013\/09\/Sony_LCD-Display_GXD-L52H1_gross.jpg 383w, https:\/\/konferenztechnik.de\/wp-content\/uploads\/2013\/09\/Sony_LCD-Display_GXD-L52H1_gross-300x235.jpg 300w\" sizes=\"(max-width: 383px) 100vw, 383px\" \/><\/a><\/p>\n<p>Het eerste professionele Full HD LCD-scherm GXDL52H1 van Sony biedt een uitstekende beeldkwaliteit, is extreem robuust en is daarom bijzonder geschikt voor continu gebruik. Het nieuw ontwikkelde, stofvrije ventilatiesysteem zonder openingen in de behuizing garandeert een effectieve koeling, zelfs als het beeldscherm verticaal is geplaatst.<\/p>\n<p>Een ander pluspunt voor een lange levensduur is het stabiele en schokbestendige beschermende glas van het scherm, dat ook bestand is tegen harde directe schokken.<\/p>\n<p>Het is daarom de ideale keuze voor een breed scala aan omgevingen, zoals transportknooppunten, bars, disco's, winkels en kantoren. Dankzij de HDSDI-compatibiliteit is het apparaat ook geschikt voor diverse uitzendingen en toepassingen in de gezondheidszorg.<\/p>\n<h2>50\u2033 Full HD plasmascherm<\/h2>\n<p><a href=\"https:\/\/konferenztechnik.de\/wp-content\/uploads\/2013\/09\/Panasonic_PlasmaDisplay_TH-50PF10_gross.jpg\"><img decoding=\"async\" width=\"404\" height=\"290\" class=\"alignleft size-full wp-image-2417\" src=\"https:\/\/konferenztechnik.de\/wp-content\/uploads\/2013\/09\/Panasonic_PlasmaDisplay_TH-50PF10_gross.jpg\" alt=\"Full-HD plasmascherm TH-50PF10EK van Panasonic\" title=\"\" srcset=\"https:\/\/konferenztechnik.de\/wp-content\/uploads\/2013\/09\/Panasonic_PlasmaDisplay_TH-50PF10_gross.jpg 404w, https:\/\/konferenztechnik.de\/wp-content\/uploads\/2013\/09\/Panasonic_PlasmaDisplay_TH-50PF10_gross-300x215.jpg 300w\" sizes=\"(max-width: 404px) 100vw, 404px\" \/><\/a><\/p>\n<p>Het TH-50PF10EK Full HD plasmascherm van Panasonic heeft een high-definition resolutie (1920 x 1080 pixels) en een indrukwekkende contrastverhouding van 10.000:1. Een kleurruimte van 68,7 miljard kleuren en een schat aan nieuwe technologie\u00ebn zorgen ervoor dat de nieuwe schermen een gedetailleerde presentatie en overtuigende beelden bieden in alle omgevingen en gebruiksgebieden. De nieuwe technologische kenmerken omvatten het verbeterde New MACH Panel en automatische helderheidsregeling voor een grotere helderheid. De zeer nauwkeurige MPD-ruisonderdrukking zorgt voor heldere, scherpe beelden bij snelle bewegingssequenties. Het brede scala aan modulaire interface-opties biedt ook maximale integratiemogelijkheden. Aansluitingskaarten voor alle momenteel beschikbare formaten en signalen kunnen direct in de behuizing in de multifunctionele sleuven van de displays worden geplaatst om ruimte te besparen.<\/p>\n<h2>Bevestigingen voor schermen<\/h2>\n<p><a href=\"https:\/\/konferenztechnik.de\/wp-content\/uploads\/2013\/09\/Audipack_Bodenstaender_Serie-700_gross.jpg\"><img decoding=\"async\" width=\"780\" height=\"585\" class=\"alignleft size-full wp-image-2416\" src=\"https:\/\/konferenztechnik.de\/wp-content\/uploads\/2013\/09\/Audipack_Bodenstaender_Serie-700_gross.jpg\" alt=\"Audipack 700 serie vloerstandaard\" title=\"\" srcset=\"https:\/\/konferenztechnik.de\/wp-content\/uploads\/2013\/09\/Audipack_Bodenstaender_Serie-700_gross.jpg 780w, https:\/\/konferenztechnik.de\/wp-content\/uploads\/2013\/09\/Audipack_Bodenstaender_Serie-700_gross-300x225.jpg 300w, https:\/\/konferenztechnik.de\/wp-content\/uploads\/2013\/09\/Audipack_Bodenstaender_Serie-700_gross-768x576.jpg 768w\" sizes=\"(max-width: 780px) 100vw, 780px\" \/><\/a><\/p>\n<p>We hebben een passende oplossing voor elk type schermbevestiging, of het nu vanaf de vloer, de muur of het plafond is! Wij hebben producten op voorraad van het Nederlandse bedrijf Audipack, waarvan wij de offici\u00eble Duitse vakhandel zijn.<\/p>\n<p>Op de foto zie je een vloerstandaard uit de 700-serie. Maar kies zelf uit een breed assortiment praktische en elegante houders:<\/p>\n<p><a href=\"\/nl\/distributie-van-conferentie-en-av-mediatechnologie\/videotechnologie\/bevestigingen-voor-beeldschermen-en-projectoren\/\">\u203a Link naar de beugels<\/a><\/p>","protected":false},"excerpt":{"rendered":"<p>Bildschirme Heutzutage werden Bildschirme immer gr\u00f6\u00dfer, hochaufl\u00f6sender, wetterfester, kratzfester, preiswerter &#8211; und das in einem rasanten Tempo. Wir zeigen hier einmal stellvertretend eine kleine Auswahl an Bildschirmen auf. Mindestens ebenso wichtig sind in diesem Bereich nat\u00fcrlich auch s\u00e4mtliche Befestigungsm\u00f6glichkeiten wie Wandhalter, Deckenhalter und Bodenst\u00e4nder f\u00fcr die Bildschirme. Hier haben wir ebenfalls eine gro\u00dfe Auswahl an [&hellip;]<\/p>","protected":false},"author":1,"featured_media":45482,"parent":1138,"menu_order":229,"comment_status":"closed","ping_status":"open","template":"","meta":{"_acf_changed":false,"footnotes":""},"class_list":["post-1219","page","type-page","status-publish","has-post-thumbnail","hentry"],"acf":[],"_links":{"self":[{"href":"https:\/\/konferenztechnik.de\/nl\/wp-json\/wp\/v2\/pages\/1219","targetHints":{"allow":["GET"]}}],"collection":[{"href":"https:\/\/konferenztechnik.de\/nl\/wp-json\/wp\/v2\/pages"}],"about":[{"href":"https:\/\/konferenztechnik.de\/nl\/wp-json\/wp\/v2\/types\/page"}],"author":[{"embeddable":true,"href":"https:\/\/konferenztechnik.de\/nl\/wp-json\/wp\/v2\/users\/1"}],"replies":[{"embeddable":true,"href":"https:\/\/konferenztechnik.de\/nl\/wp-json\/wp\/v2\/comments?post=1219"}],"version-history":[{"count":0,"href":"https:\/\/konferenztechnik.de\/nl\/wp-json\/wp\/v2\/pages\/1219\/revisions"}],"up":[{"embeddable":true,"href":"https:\/\/konferenztechnik.de\/nl\/wp-json\/wp\/v2\/pages\/1138"}],"wp:featuredmedia":[{"embeddable":true,"href":"https:\/\/konferenztechnik.de\/nl\/wp-json\/wp\/v2\/media\/45482"}],"wp:attachment":[{"href":"https:\/\/konferenztechnik.de\/nl\/wp-json\/wp\/v2\/media?parent=1219"}],"curies":[{"name":"wp","href":"https:\/\/api.w.org\/{rel}","templated":true}]}}

<h1>Schermen</h1>
<p>Schermen worden tegenwoordig steeds groter, hebben een hogere resolutie, zijn weerbestendiger, krasbestendiger, goedkoper – en dat in een snel tempo. Hier presenteren we een kleine selectie schermen als voorbeeld.</p>
<p>Minstens zo belangrijk op dit gebied zijn natuurlijk alle bevestigingsopties zoals muurbeugels, plafondbeugels en vloersteunen voor de schermen. Ook hier hebben we een ruime keuze aan opties.</p>
<h2>52″ LCD-scherm met full HD-resolutie</h2>
<p><a href="https://konferenztechnik.de/wp-content/uploads/2013/09/Sony_LCD-Display_GXD-L52H1_gross.jpg"><img fetchpriority="high" decoding="async" width="383" height="300" class="alignleft size-full wp-image-2415" src="https://konferenztechnik.de/wp-content/uploads/2013/09/Sony_LCD-Display_GXD-L52H1_gross.jpg" alt=" Full HD LCD-scherm GXDL52H1 van Sony" title="" srcset="https://konferenztechnik.de/wp-content/uploads/2013/09/Sony_LCD-Display_GXD-L52H1_gross.jpg 383w, https://konferenztechnik.de/wp-content/uploads/2013/09/Sony_LCD-Display_GXD-L52H1_gross-300x235.jpg 300w" sizes="(max-width: 383px) 100vw, 383px" /></a></p>
<p>Het eerste professionele Full HD LCD-scherm GXDL52H1 van Sony biedt een uitstekende beeldkwaliteit, is extreem robuust en is daarom bijzonder geschikt voor continu gebruik. Het nieuw ontwikkelde, stofvrije ventilatiesysteem zonder openingen in de behuizing garandeert een effectieve koeling, zelfs als het beeldscherm verticaal is geplaatst.</p>
<p>Een ander pluspunt voor een lange levensduur is het stabiele en schokbestendige beschermende glas van het scherm, dat ook bestand is tegen harde directe schokken.</p>
<p>Het is daarom de ideale keuze voor een breed scala aan omgevingen, zoals transportknooppunten, bars, disco's, winkels en kantoren. Dankzij de HDSDI-compatibiliteit is het apparaat ook geschikt voor diverse uitzendingen en toepassingen in de gezondheidszorg.</p>
<h2>50″ Full HD plasmascherm</h2>
<p><a href="https://konferenztechnik.de/wp-content/uploads/2013/09/Panasonic_PlasmaDisplay_TH-50PF10_gross.jpg"><img decoding="async" width="404" height="290" class="alignleft size-full wp-image-2417" src="https://konferenztechnik.de/wp-content/uploads/2013/09/Panasonic_PlasmaDisplay_TH-50PF10_gross.jpg" alt="Full-HD plasmascherm TH-50PF10EK van Panasonic" title="" srcset="https://konferenztechnik.de/wp-content/uploads/2013/09/Panasonic_PlasmaDisplay_TH-50PF10_gross.jpg 404w, https://konferenztechnik.de/wp-content/uploads/2013/09/Panasonic_PlasmaDisplay_TH-50PF10_gross-300x215.jpg 300w" sizes="(max-width: 404px) 100vw, 404px" /></a></p>
<p>Het TH-50PF10EK Full HD plasmascherm van Panasonic heeft een high-definition resolutie (1920 x 1080 pixels) en een indrukwekkende contrastverhouding van 10.000:1. Een kleurruimte van 68,7 miljard kleuren en een schat aan nieuwe technologieën zorgen ervoor dat de nieuwe schermen een gedetailleerde presentatie en overtuigende beelden bieden in alle omgevingen en gebruiksgebieden. De nieuwe technologische kenmerken omvatten het verbeterde New MACH Panel en automatische helderheidsregeling voor een grotere helderheid. De zeer nauwkeurige MPD-ruisonderdrukking zorgt voor heldere, scherpe beelden bij snelle bewegingssequenties. Het brede scala aan modulaire interface-opties biedt ook maximale integratiemogelijkheden. Aansluitingskaarten voor alle momenteel beschikbare formaten en signalen kunnen direct in de behuizing in de multifunctionele sleuven van de displays worden geplaatst om ruimte te besparen.</p>
<h2>Bevestigingen voor schermen</h2>
<p><a href="https://konferenztechnik.de/wp-content/uploads/2013/09/Audipack_Bodenstaender_Serie-700_gross.jpg"><img decoding="async" width="780" height="585" class="alignleft size-full wp-image-2416" src="https://konferenztechnik.de/wp-content/uploads/2013/09/Audipack_Bodenstaender_Serie-700_gross.jpg" alt="Audipack 700 serie vloerstandaard" title="" srcset="https://konferenztechnik.de/wp-content/uploads/2013/09/Audipack_Bodenstaender_Serie-700_gross.jpg 780w, https://konferenztechnik.de/wp-content/uploads/2013/09/Audipack_Bodenstaender_Serie-700_gross-300x225.jpg 300w, https://konferenztechnik.de/wp-content/uploads/2013/09/Audipack_Bodenstaender_Serie-700_gross-768x576.jpg 768w" sizes="(max-width: 780px) 100vw, 780px" /></a></p>
<p>We hebben een passende oplossing voor elk type schermbevestiging, of het nu vanaf de vloer, de muur of het plafond is! Wij hebben producten op voorraad van het Nederlandse bedrijf Audipack, waarvan wij de officiële Duitse vakhandel zijn.</p>
<p>Op de foto zie je een vloerstandaard uit de 700-serie. Maar kies zelf uit een breed assortiment praktische en elegante houders:</p>
<p><a href="/nl/distributie-van-conferentie-en-av-mediatechnologie/videotechnologie/bevestigingen-voor-beeldschermen-en-projectoren/">› Link naar de beugels</a></p>

<p>Bildschirme Heutzutage werden Bildschirme immer größer, hochauflösender, wetterfester, kratzfester, preiswerter &#8211; und das in einem rasanten Tempo. Wir zeigen hier einmal stellvertretend eine kleine Auswahl an Bildschirmen auf. Mindestens ebenso wichtig sind in diesem Bereich natürlich auch sämtliche Befestigungsmöglichkeiten wie Wandhalter, Deckenhalter und Bodenständer für die Bildschirme. Hier haben wir ebenfalls eine große Auswahl an [&hellip;]</p>
