{"id":3687,"date":"2013-11-13T13:09:32","date_gmt":"2013-11-13T11:09:32","guid":{"rendered":"https:\/\/konferenztechnik.de\/?page_id=3687"},"modified":"2023-07-05T14:25:16","modified_gmt":"2023-07-05T12:25:16","slug":"dividendo-digital","status":"publish","type":"page","link":"https:\/\/konferenztechnik.de\/pt\/dividendo-digital\/","title":{"rendered":"Dividendo digital"},"content":{"rendered":"<h1>Dividendo digital<\/h1>\n<p>A partir de agora, podem ocorrer falhas e problemas de rece\u00e7\u00e3o quando se utilizam microfones sem fios. Isto deve-se ao facto de as frequ\u00eancias de transmiss\u00e3o sem fios terem sido alteradas e redistribu\u00eddas pela Ag\u00eancia Federal das Redes.<br \/>\nTudo isto \u00e9 conhecido como o dividendo digital.<br \/>\n<img fetchpriority=\"high\" decoding=\"async\" class=\"size-full wp-image-3708\" src=\"https:\/\/konferenztechnik.de\/wp-content\/uploads\/2016\/10\/sennheiser-skm5200.jpg\" alt=\"As frequ\u00eancias recentemente atribu\u00eddas tamb\u00e9m funcionam em paralelo com o LTE sem interfer\u00eancias. Aqui est\u00e1 o Sennheiser SKM5200\" width=\"850\" height=\"358\" title=\"\"><\/p>\n<div style=\"font-size: 0.8em; padding-bottom: 20px;\">As frequ\u00eancias recentemente atribu\u00eddas tamb\u00e9m podem ser utilizadas em paralelo com o LTE sem interfer\u00eancias. Aqui est\u00e1 o Sennheiser SKM5200<\/div>\n<p>A partir de 2016, deixar\u00e1 de ser permitido (ou mesmo poss\u00edvel) utilizar a maioria dos sistemas sem fios atualmente em uso.<br \/>\nIsto afecta todas as \u00e1reas e locais onde s\u00e3o utilizados microfones sem fios: por exemplo, teatros, igrejas, salas de concerto, clubes, musicais, locais de confer\u00eancias e reuni\u00f5es ou est\u00e1dios desportivos. O refor\u00e7o de som m\u00f3vel, por exemplo, para digress\u00f5es ou empresas de aluguer, tamb\u00e9m \u00e9 afetado.<\/p>\n<p>Beneficie agora das v\u00e1rias promo\u00e7\u00f5es de troca e re-frequ\u00eancia por tempo limitado para sistemas de microfone sem fios.<\/p>\n<p>Basta entrar em contacto connosco, os nossos especialistas ter\u00e3o todo o prazer em ajud\u00e1-lo.<\/p>\n<h4>Perguntas e respostas sobre o dividendo digital<\/h4>\n<p>O dividendo digital \u00e9 o termo utilizado para descrever as bandas de frequ\u00eancia libertadas pela passagem da televis\u00e3o anal\u00f3gica (PAL) para a digital (DVB-T). Estas frequ\u00eancias foram leiloadas pela Ag\u00eancia Federal das Redes em 2010 e adquiridas pelos tr\u00eas maiores operadores de telem\u00f3veis que operam na Alemanha. A partir de 2016, apenas pequenas partes desta banda de frequ\u00eancias estar\u00e3o dispon\u00edveis para a utiliza\u00e7\u00e3o de microfones sem fios.<\/p>\n<p>A maior parte dos sistemas de microfones sem fios com atribui\u00e7\u00f5es de frequ\u00eancias antigas j\u00e1 n\u00e3o podem ser utilizados a partir de 2016. Os sistemas antigos t\u00eam de ser substitu\u00eddos por novos ou, se poss\u00edvel, voltar a ser frequentados.<\/p>\n<p>Toda a gama UHF de 470\u2013865 MHz \u00e9 afetada. Isto inclui as subfaixas em que os microfones sem fios podiam ser utilizados anteriormente. A gama 863\u2013865 MHz continua a poder ser utilizada livremente.<\/p>\n<p>\u00c9 melhor faz\u00ea-lo imediatamente, uma vez que muitos fabricantes est\u00e3o agora a oferecer programas de substitui\u00e7\u00e3o ou de re-frequ\u00eancia limitados no tempo. Al\u00e9m disso, j\u00e1 est\u00e3o a ser realizados testes LTE em muitas regi\u00f5es da Alemanha, o que significa que a utiliza\u00e7\u00e3o sem problemas dos microfones sem fios j\u00e1 n\u00e3o pode ser garantida.<\/p>\n<p>A Long Term Evolution \u00e9 uma norma de comunica\u00e7\u00f5es m\u00f3veis que se especifica como sucessora da UMTS. A LTE permite a utiliza\u00e7\u00e3o da Internet em movimento com d\u00e9bitos de dados muito elevados, como os necess\u00e1rios para a transmiss\u00e3o de v\u00eddeo. O objetivo da LTE \u00e9 garantir um acesso r\u00e1pido \u00e0 Internet nas regi\u00f5es que n\u00e3o disp\u00f5em de uma liga\u00e7\u00e3o DSL por cabo.<\/p>\n<p><a href=\"https:\/\/www.ltemobile.de\/lte-verfuegbarkeit\/\" target=\"_blank\" rel=\"noopener\">Liga\u00e7\u00e3o: Disponibilidade de LTE na Alemanha<\/a><\/p>\n<p>Segundo a Vvn\u00f6ml, haver\u00e1 quatro grupos de utilizadores para as frequ\u00eancias UHF a partir de 2016. Teremos todo o gosto em esclarecer qual o grupo a que est\u00e1 atribu\u00eddo. Basta entrar em contacto connosco.<\/p>\n<ul>\n<li>Podemos aconselh\u00e1-lo em todas as quest\u00f5es relacionadas com o dividendo digital.<\/li>\n<li>Encarregamo-nos da substitui\u00e7\u00e3o e da recentragem de sistemas.<\/li>\n<li>Aconselhamo-lo, independentemente do fabricante, na sele\u00e7\u00e3o de novos sistemas, que pode adquirir diretamente no nosso departamento comercial.<\/li>\n<li>Podemos ajud\u00e1-lo a preencher formul\u00e1rios ou a registar as frequ\u00eancias de que necessita.<\/li>\n<li>Instalamos os novos sistemas e asseguramos uma integra\u00e7\u00e3o sem problemas no seu sistema existente.<\/li>\n<li>Se necess\u00e1rio, formamos o pessoal na utiliza\u00e7\u00e3o dos novos sistemas.<\/li>\n<\/ul>","protected":false},"excerpt":{"rendered":"<p>Dividendo digital A partir de agora, podem ocorrer falhas e problemas de rece\u00e7\u00e3o quando se utilizam microfones sem fios. Isto deve-se ao facto de as frequ\u00eancias de transmiss\u00e3o sem fios estarem a ser alteradas e redistribu\u00eddas pela Ag\u00eancia Federal das Redes. Tudo isto \u00e9 conhecido como o dividendo digital. As frequ\u00eancias rec\u00e9m-atribu\u00eddas tamb\u00e9m podem ser utilizadas em paralelo com a LTE sem interfer\u00eancias. Aqui [...]<\/p>","protected":false},"author":1,"featured_media":45482,"parent":0,"menu_order":111,"comment_status":"closed","ping_status":"open","template":"","meta":{"_acf_changed":false,"footnotes":""},"class_list":["post-3687","page","type-page","status-publish","has-post-thumbnail","hentry"],"acf":[],"_links":{"self":[{"href":"https:\/\/konferenztechnik.de\/pt\/wp-json\/wp\/v2\/pages\/3687","targetHints":{"allow":["GET"]}}],"collection":[{"href":"https:\/\/konferenztechnik.de\/pt\/wp-json\/wp\/v2\/pages"}],"about":[{"href":"https:\/\/konferenztechnik.de\/pt\/wp-json\/wp\/v2\/types\/page"}],"author":[{"embeddable":true,"href":"https:\/\/konferenztechnik.de\/pt\/wp-json\/wp\/v2\/users\/1"}],"replies":[{"embeddable":true,"href":"https:\/\/konferenztechnik.de\/pt\/wp-json\/wp\/v2\/comments?post=3687"}],"version-history":[{"count":0,"href":"https:\/\/konferenztechnik.de\/pt\/wp-json\/wp\/v2\/pages\/3687\/revisions"}],"wp:featuredmedia":[{"embeddable":true,"href":"https:\/\/konferenztechnik.de\/pt\/wp-json\/wp\/v2\/media\/45482"}],"wp:attachment":[{"href":"https:\/\/konferenztechnik.de\/pt\/wp-json\/wp\/v2\/media?parent=3687"}],"curies":[{"name":"wp","href":"https:\/\/api.w.org\/{rel}","templated":true}]}}

<h1>Dividendo digital</h1>
<p>A partir de agora, podem ocorrer falhas e problemas de receção quando se utilizam microfones sem fios. Isto deve-se ao facto de as frequências de transmissão sem fios terem sido alteradas e redistribuídas pela Agência Federal das Redes.<br />
Tudo isto é conhecido como o dividendo digital.<br />
<img fetchpriority="high" decoding="async" class="size-full wp-image-3708" src="https://konferenztechnik.de/wp-content/uploads/2016/10/sennheiser-skm5200.jpg" alt="As frequências recentemente atribuídas também funcionam em paralelo com o LTE sem interferências. Aqui está o Sennheiser SKM5200" width="850" height="358" title=""></p>
<div style="font-size: 0.8em; padding-bottom: 20px;">As frequências recentemente atribuídas também podem ser utilizadas em paralelo com o LTE sem interferências. Aqui está o Sennheiser SKM5200</div>
<p>A partir de 2016, deixará de ser permitido (ou mesmo possível) utilizar a maioria dos sistemas sem fios atualmente em uso.<br />
Isto afecta todas as áreas e locais onde são utilizados microfones sem fios: por exemplo, teatros, igrejas, salas de concerto, clubes, musicais, locais de conferências e reuniões ou estádios desportivos. O reforço de som móvel, por exemplo, para digressões ou empresas de aluguer, também é afetado.</p>
<p>Beneficie agora das várias promoções de troca e re-frequência por tempo limitado para sistemas de microfone sem fios.</p>
<p>Basta entrar em contacto connosco, os nossos especialistas terão todo o prazer em ajudá-lo.</p>
<h4>Perguntas e respostas sobre o dividendo digital</h4>
<p>O dividendo digital é o termo utilizado para descrever as bandas de frequência libertadas pela passagem da televisão analógica (PAL) para a digital (DVB-T). Estas frequências foram leiloadas pela Agência Federal das Redes em 2010 e adquiridas pelos três maiores operadores de telemóveis que operam na Alemanha. A partir de 2016, apenas pequenas partes desta banda de frequências estarão disponíveis para a utilização de microfones sem fios.</p>
<p>A maior parte dos sistemas de microfones sem fios com atribuições de frequências antigas já não podem ser utilizados a partir de 2016. Os sistemas antigos têm de ser substituídos por novos ou, se possível, voltar a ser frequentados.</p>
<p>Toda a gama UHF de 470–865 MHz é afetada. Isto inclui as subfaixas em que os microfones sem fios podiam ser utilizados anteriormente. A gama 863–865 MHz continua a poder ser utilizada livremente.</p>
<p>É melhor fazê-lo imediatamente, uma vez que muitos fabricantes estão agora a oferecer programas de substituição ou de re-frequência limitados no tempo. Além disso, já estão a ser realizados testes LTE em muitas regiões da Alemanha, o que significa que a utilização sem problemas dos microfones sem fios já não pode ser garantida.</p>
<p>A Long Term Evolution é uma norma de comunicações móveis que se especifica como sucessora da UMTS. A LTE permite a utilização da Internet em movimento com débitos de dados muito elevados, como os necessários para a transmissão de vídeo. O objetivo da LTE é garantir um acesso rápido à Internet nas regiões que não dispõem de uma ligação DSL por cabo.</p>
<p><a href="https://www.ltemobile.de/lte-verfuegbarkeit/" target="_blank" rel="noopener">Ligação: Disponibilidade de LTE na Alemanha</a></p>
<p>Segundo a Vvnöml, haverá quatro grupos de utilizadores para as frequências UHF a partir de 2016. Teremos todo o gosto em esclarecer qual o grupo a que está atribuído. Basta entrar em contacto connosco.</p>
<ul>
<li>Podemos aconselhá-lo em todas as questões relacionadas com o dividendo digital.</li>
<li>Encarregamo-nos da substituição e da recentragem de sistemas.</li>
<li>Aconselhamo-lo, independentemente do fabricante, na seleção de novos sistemas, que pode adquirir diretamente no nosso departamento comercial.</li>
<li>Podemos ajudá-lo a preencher formulários ou a registar as frequências de que necessita.</li>
<li>Instalamos os novos sistemas e asseguramos uma integração sem problemas no seu sistema existente.</li>
<li>Se necessário, formamos o pessoal na utilização dos novos sistemas.</li>
</ul>

<p>Dividendo digital A partir de agora, podem ocorrer falhas e problemas de receção quando se utilizam microfones sem fios. Isto deve-se ao facto de as frequências de transmissão sem fios estarem a ser alteradas e redistribuídas pela Agência Federal das Redes. Tudo isto é conhecido como o dividendo digital. As frequências recém-atribuídas também podem ser utilizadas em paralelo com a LTE sem interferências. Aqui [...]</p>
