{"id":4489,"date":"2014-04-17T15:45:59","date_gmt":"2014-04-17T13:45:59","guid":{"rendered":"https:\/\/konferenztechnik.de\/?page_id=4489"},"modified":"2023-07-05T10:59:55","modified_gmt":"2023-07-05T08:59:55","slug":"suportes-especiais","status":"publish","type":"page","link":"https:\/\/konferenztechnik.de\/pt\/distribuicao-de-tecnologia-de-conferencia-e-de-meios-de-comunicacao-av\/tecnologia-de-video\/suportes-para-ecras-e-projectores\/suportes-especiais\/","title":{"rendered":"Suportes especiais"},"content":{"rendered":"<h1>Suportes especiais para ecr\u00e3s e projectores<\/h1>\n<h2>Capa para tablet TC-IPAD para iPad 1, 2, 3 e 4<\/h2>\n<p><a href=\"https:\/\/konferenztechnik.de\/wp-content\/uploads\/2014\/02\/audipack-ipad-tablet-housing.jpg\"><img fetchpriority=\"high\" decoding=\"async\" width=\"450\" height=\"311\" class=\"alignleft size-full wp-image-4263\" src=\"https:\/\/konferenztechnik.de\/wp-content\/uploads\/2014\/02\/audipack-ipad-tablet-housing.jpg\" alt=\"Caixa para tablet iPad\" title=\"\" srcset=\"https:\/\/konferenztechnik.de\/wp-content\/uploads\/2014\/02\/audipack-ipad-tablet-housing.jpg 450w, https:\/\/konferenztechnik.de\/wp-content\/uploads\/2014\/02\/audipack-ipad-tablet-housing-300x207.jpg 300w\" sizes=\"(max-width: 450px) 100vw, 450px\" \/><\/a><\/p>\n<p>A capa TC-iPad Case protege elegantemente o seu iPad quando este se destina a ser instalado ou exibido em locais p\u00fablicos.<br \/>\nO iPad pode ser rapidamente guardado na capa, ficando assim eficazmente protegido contra roubo. Gra\u00e7as ao sistema Smart Keylock, n\u00e3o s\u00e3o vis\u00edveis quaisquer buracos de fechadura ou parafusos do exterior. A TC-Case pode ser utilizada para montagem na parede ou, em combina\u00e7\u00e3o com um suporte opcional, como suporte de ch\u00e3o.<\/p>\n<h2>Metais inteligentes \u2013 VideoWall 2\u00d72<\/h2>\n<p><a href=\"https:\/\/konferenztechnik.de\/wp-content\/uploads\/2013\/09\/smart-metals_video-wall082502202-landscape.jpg\"><img decoding=\"async\" class=\"alignleft size-medium wp-image-4463\" src=\"https:\/\/konferenztechnik.de\/wp-content\/uploads\/2013\/09\/smart-metals_video-wall082502202-landscape-300x280.jpg\" alt=\"Parede de v\u00eddeo Smart Metals 082502202\" width=\"300\" height=\"280\" title=\"\" srcset=\"https:\/\/konferenztechnik.de\/wp-content\/uploads\/2013\/09\/smart-metals_video-wall082502202-landscape-300x280.jpg 300w, https:\/\/konferenztechnik.de\/wp-content\/uploads\/2013\/09\/smart-metals_video-wall082502202-landscape-768x717.jpg 768w, https:\/\/konferenztechnik.de\/wp-content\/uploads\/2013\/09\/smart-metals_video-wall082502202-landscape.jpg 1017w\" sizes=\"(max-width: 300px) 100vw, 300px\" \/><\/a><\/p>\n<p>Parede de v\u00eddeo compacta e f\u00e1cil de transportar. A utiliza\u00e7\u00e3o da parede \u00e9 extremamente flex\u00edvel: pode ser instalada no ch\u00e3o ou fixada a paredes ou treli\u00e7as. Os ecr\u00e3s s\u00e3o muito f\u00e1ceis de montar na parede de v\u00eddeo. Os monitores s\u00e3o ligados uns aos outros e \u00e0 estrutura atrav\u00e9s de grampos especiais. Existem dispositivos horizontais e verticais para um ajuste fino. A parede de v\u00eddeo pode ser utilizada em modo retrato e paisagem.<\/p>\n<h2>Metais inteligentes \u2013 VideoWall 2\u00d72<\/h2>\n<ul>\n<li>Peso: 147,78 kg<\/li>\n<li>Cor: preto<\/li>\n<li>Configura\u00e7\u00e3o do ecr\u00e3: 2\u00d72<\/li>\n<li>Posi\u00e7\u00e3o do ecr\u00e3: Paisagem ou Retrato<\/li>\n<li>Regula\u00e7\u00e3o em altura: regula\u00e7\u00e3o fina<\/li>\n<li>Suporte\/interface: Inclu\u00eddo<\/li>\n<li>Rota\u00e7\u00e3o: 90\u00b0.<\/li>\n<li>Sistema de fixa\u00e7\u00e3o: mecanismo de acoplamento com parafusos de tra\u00e7\u00e3o<\/li>\n<li>Mais informa\u00e7\u00f5es: As novas consolas oferecem ajuste fino horizontal e vertical para monitores e a op\u00e7\u00e3o de alternar entre o modo retrato e paisagem. Os p\u00e9s ajust\u00e1veis est\u00e3o integrados na estrutura do ch\u00e3o.<\/li>\n<\/ul>\n<p><a href=\"https:\/\/konferenztechnik.de\/wp-content\/uploads\/2013\/09\/082502202_manualEN.pdf\">Video Wall 082502202 Manual PT<\/a><\/p>\n<p><a href=\"https:\/\/konferenztechnik.de\/wp-content\/uploads\/2013\/09\/082502202_SmartMetals_productleafletEN.pdf\">Video Wall 082502202 Ficha de produto PT<\/a><\/p>\n<h2>Suporte para ponta e toque Smart Metals \u2013<\/h2>\n<p>Este suporte foi especialmente desenvolvido para ecr\u00e3s t\u00e1cteis que devem ser utilizados numa posi\u00e7\u00e3o de mesa. O suporte rolante tem um ajuste de altura el\u00e9trico de 660-1320 mm de altura da mesa. Est\u00e1 integrado um suporte compat\u00edvel com a maioria das interfaces VESA. Podem ser montados ecr\u00e3s t\u00e1cteis com peso at\u00e9 60 kg.<\/p>\n<h2>Suporte para ponta e toque Smart Metals \u2013<\/h2>\n<ul>\n<li>Comprimento m\u00ednimo: 660 mm<\/li>\n<li>Altura m\u00e1xima: 1320 mm (altura da mesa)<\/li>\n<li>Peso: 66 kg<\/li>\n<li>Cor: preto<\/li>\n<li>Carga m\u00e1xima: 60 kg<\/li>\n<li>Posi\u00e7\u00e3o do ecr\u00e3: Paisagem<\/li>\n<li>Gama de polegadas: 32 a 50 polegadas, 50 a 65 polegadas<\/li>\n<li>Regula\u00e7\u00e3o da altura: el\u00e9ctrica<\/li>\n<li>Suporte \/ interface: Inclu\u00eddo<\/li>\n<li>Suporte \/ interface: VESA 200, 400, 600-400<\/li>\n<li>Fun\u00e7\u00e3o de inclina\u00e7\u00e3o: 90\u00b0.<\/li>\n<li>Mais informa\u00e7\u00f5es: Fun\u00e7\u00e3o de ponta motorizada<\/li>\n<\/ul>\n<p><a href=\"https:\/\/konferenztechnik.de\/wp-content\/uploads\/2014\/04\/0628222_SmartMetals_productleafletEN.pdf\" target=\"_blank&quot;\" rel=\"noopener\">Ficha de informa\u00e7\u00e3o do produto Smart Metals 062.7650 (Ingl\u00eas)<\/a><\/p>\n<h2>Metais inteligentes \u2013 VideoWall 3\u00d73<\/h2>\n<p><a href=\"https:\/\/konferenztechnik.de\/wp-content\/uploads\/2013\/09\/smart-metals_video-wall_082503302_front.jpg\"><img decoding=\"async\" class=\"alignleft size-medium wp-image-4468\" src=\"https:\/\/konferenztechnik.de\/wp-content\/uploads\/2013\/09\/smart-metals_video-wall_082503302_front-300x275.jpg\" alt=\"Parede de v\u00eddeo Smart Metals 082503302\" width=\"300\" height=\"275\" title=\"\" srcset=\"https:\/\/konferenztechnik.de\/wp-content\/uploads\/2013\/09\/smart-metals_video-wall_082503302_front-300x275.jpg 300w, https:\/\/konferenztechnik.de\/wp-content\/uploads\/2013\/09\/smart-metals_video-wall_082503302_front-1024x940.jpg 1024w, https:\/\/konferenztechnik.de\/wp-content\/uploads\/2013\/09\/smart-metals_video-wall_082503302_front-768x705.jpg 768w, https:\/\/konferenztechnik.de\/wp-content\/uploads\/2013\/09\/smart-metals_video-wall_082503302_front.jpg 1035w\" sizes=\"(max-width: 300px) 100vw, 300px\" \/><\/a><\/p>\n<p>Parede de v\u00eddeo compacta e f\u00e1cil de transportar. A utiliza\u00e7\u00e3o da parede \u00e9 extremamente flex\u00edvel: pode ser instalada no ch\u00e3o ou fixada a paredes ou treli\u00e7as. Os ecr\u00e3s s\u00e3o muito f\u00e1ceis de montar na parede de v\u00eddeo. Os monitores s\u00e3o ligados uns aos outros e \u00e0 estrutura atrav\u00e9s de grampos especiais. Existem dispositivos horizontais e verticais para um ajuste fino. A parede pode ser utilizada tanto em modo retrato como em modo paisagem.<\/p>\n<h2>Metais inteligentes \u2013 VideoWall 3\u00d73<\/h2>\n<ul>\n<li>Peso: 319,08 kg<\/li>\n<li>Cor: preto<\/li>\n<li>Configura\u00e7\u00e3o do ecr\u00e3 : 3 x 3<\/li>\n<li>Posi\u00e7\u00e3o do ecr\u00e3: Paisagem ou Retrato<\/li>\n<li>Regula\u00e7\u00e3o em altura: regula\u00e7\u00e3o fina<\/li>\n<li>Suporte \/ interface: Inclu\u00eddo<\/li>\n<li>Tipo de suporte \/ interface: espec\u00edfico para o ecr\u00e3<\/li>\n<li>Rota\u00e7\u00e3o: 90\u00b0.<\/li>\n<li>Sistema de fixa\u00e7\u00e3o: mecanismo de acoplamento com parafusos de tra\u00e7\u00e3o<\/li>\n<li>Mais informa\u00e7\u00f5es: As novas consolas oferecem ajuste fino horizontal e vertical para monitores e a op\u00e7\u00e3o de alternar entre o modo retrato e paisagem. Os p\u00e9s ajust\u00e1veis est\u00e3o integrados na estrutura do ch\u00e3o.<\/li>\n<\/ul>\n<p><a href=\"https:\/\/konferenztechnik.de\/wp-content\/uploads\/2013\/09\/082503302_SmartMetals_productleafletEN.pdf\">Folha de produto da Smart Metals Video Wall 3\u00d73 Ingl\u00eas<\/a><\/p>\n<h2>Estrutura de pilha Audipack para projectores<\/h2>\n<p><a href=\"https:\/\/konferenztechnik.de\/wp-content\/uploads\/2013\/09\/Audipack_Trusshalterung_StackFrame.jpg\"><img loading=\"lazy\" decoding=\"async\" width=\"792\" height=\"594\" class=\"alignleft size-full wp-image-2772\" src=\"https:\/\/konferenztechnik.de\/wp-content\/uploads\/2013\/09\/Audipack_Trusshalterung_StackFrame.jpg\" alt=\"Estrutura de pilha Audipack para projectores\" title=\"\" srcset=\"https:\/\/konferenztechnik.de\/wp-content\/uploads\/2013\/09\/Audipack_Trusshalterung_StackFrame.jpg 792w, https:\/\/konferenztechnik.de\/wp-content\/uploads\/2013\/09\/Audipack_Trusshalterung_StackFrame-300x225.jpg 300w, https:\/\/konferenztechnik.de\/wp-content\/uploads\/2013\/09\/Audipack_Trusshalterung_StackFrame-768x576.jpg 768w\" sizes=\"(max-width: 792px) 100vw, 792px\" \/><\/a><\/p>\n<p>Estrutura de empilhamento 3D para projectores de diferentes fabricantes. A estrutura proporciona aos projectores uma prote\u00e7\u00e3o especial, especialmente durante o transporte frequente ou a montagem e desmontagem. O \u2013 \u00e9 particularmente interessante para empresas de aluguer ou organizadores de eventos m\u00f3veis!<\/p>\n<h2>Estrutura de pilha Audipack para projectores<\/h2>\n<p>O projetor \u00e9 montado na estrutura sobre uma placa. Tr\u00eas rodas de ajuste permitem ajustar o alinhamento da imagem com muita precis\u00e3o. Em combina\u00e7\u00e3o com v\u00e1rios acess\u00f3rios, a estrutura pode ser alargada de forma ideal \u2013 tamb\u00e9m para utiliza\u00e7\u00e3o com v\u00e1rios projectores.<\/p>\n<ul>\n<li>Muito boa prote\u00e7\u00e3o contra danos de transporte<\/li>\n<li>Ideal para empresas de aluguer ou organizadores de eventos m\u00f3veis<\/li>\n<li>Permite o alinhamento mais preciso da imagem, mesmo quando se trabalha com v\u00e1rios projectores<\/li>\n<li>Instala\u00e7\u00e3o simples do projetor<\/li>\n<\/ul>\n<p>A PCS GmbH \u00e9 o distribuidor oficial alem\u00e3o da Audipack. Oferecemos-lhe aconselhamento especializado e prazos de entrega r\u00e1pidos.<\/p>\n<p><img loading=\"lazy\" decoding=\"async\" class=\"alignright size-full wp-image-5489\" src=\"https:\/\/konferenztechnik.de\/wp-content\/uploads\/2013\/09\/PCS-GmbH-Audipack-authorized-dealer-small.jpg\" alt=\"A PCS GmbH \u00e9 um revendedor autorizado da Audipack\" width=\"200\" height=\"81\" title=\"\"><\/p>","protected":false},"excerpt":{"rendered":"<p>Suportes especiais para ecr\u00e3s e projectores Estojo para tablet TC-IPAD para iPad 1, 2, 3 e 4 O estojo TC-iPad protege elegantemente o seu iPad quando este vai ser instalado ou exibido em locais p\u00fablicos. O iPad pode ser rapidamente guardado na mala, ficando assim eficazmente protegido contra roubo. Gra\u00e7as ao sistema de fecho de chave inteligente, o iPad pode ser [...]<\/p>","protected":false},"author":1,"featured_media":45482,"parent":1221,"menu_order":100,"comment_status":"closed","ping_status":"open","template":"","meta":{"_acf_changed":false,"footnotes":""},"class_list":["post-4489","page","type-page","status-publish","has-post-thumbnail","hentry"],"acf":[],"_links":{"self":[{"href":"https:\/\/konferenztechnik.de\/pt\/wp-json\/wp\/v2\/pages\/4489","targetHints":{"allow":["GET"]}}],"collection":[{"href":"https:\/\/konferenztechnik.de\/pt\/wp-json\/wp\/v2\/pages"}],"about":[{"href":"https:\/\/konferenztechnik.de\/pt\/wp-json\/wp\/v2\/types\/page"}],"author":[{"embeddable":true,"href":"https:\/\/konferenztechnik.de\/pt\/wp-json\/wp\/v2\/users\/1"}],"replies":[{"embeddable":true,"href":"https:\/\/konferenztechnik.de\/pt\/wp-json\/wp\/v2\/comments?post=4489"}],"version-history":[{"count":0,"href":"https:\/\/konferenztechnik.de\/pt\/wp-json\/wp\/v2\/pages\/4489\/revisions"}],"up":[{"embeddable":true,"href":"https:\/\/konferenztechnik.de\/pt\/wp-json\/wp\/v2\/pages\/1221"}],"wp:featuredmedia":[{"embeddable":true,"href":"https:\/\/konferenztechnik.de\/pt\/wp-json\/wp\/v2\/media\/45482"}],"wp:attachment":[{"href":"https:\/\/konferenztechnik.de\/pt\/wp-json\/wp\/v2\/media?parent=4489"}],"curies":[{"name":"wp","href":"https:\/\/api.w.org\/{rel}","templated":true}]}}

<h1>Suportes especiais para ecrãs e projectores</h1>
<h2>Capa para tablet TC-IPAD para iPad 1, 2, 3 e 4</h2>
<p><a href="https://konferenztechnik.de/wp-content/uploads/2014/02/audipack-ipad-tablet-housing.jpg"><img fetchpriority="high" decoding="async" width="450" height="311" class="alignleft size-full wp-image-4263" src="https://konferenztechnik.de/wp-content/uploads/2014/02/audipack-ipad-tablet-housing.jpg" alt="Caixa para tablet iPad" title="" srcset="https://konferenztechnik.de/wp-content/uploads/2014/02/audipack-ipad-tablet-housing.jpg 450w, https://konferenztechnik.de/wp-content/uploads/2014/02/audipack-ipad-tablet-housing-300x207.jpg 300w" sizes="(max-width: 450px) 100vw, 450px" /></a></p>
<p>A capa TC-iPad Case protege elegantemente o seu iPad quando este se destina a ser instalado ou exibido em locais públicos.<br />
O iPad pode ser rapidamente guardado na capa, ficando assim eficazmente protegido contra roubo. Graças ao sistema Smart Keylock, não são visíveis quaisquer buracos de fechadura ou parafusos do exterior. A TC-Case pode ser utilizada para montagem na parede ou, em combinação com um suporte opcional, como suporte de chão.</p>
<h2>Metais inteligentes – VideoWall 2×2</h2>
<p><a href="https://konferenztechnik.de/wp-content/uploads/2013/09/smart-metals_video-wall082502202-landscape.jpg"><img decoding="async" class="alignleft size-medium wp-image-4463" src="https://konferenztechnik.de/wp-content/uploads/2013/09/smart-metals_video-wall082502202-landscape-300x280.jpg" alt="Parede de vídeo Smart Metals 082502202" width="300" height="280" title="" srcset="https://konferenztechnik.de/wp-content/uploads/2013/09/smart-metals_video-wall082502202-landscape-300x280.jpg 300w, https://konferenztechnik.de/wp-content/uploads/2013/09/smart-metals_video-wall082502202-landscape-768x717.jpg 768w, https://konferenztechnik.de/wp-content/uploads/2013/09/smart-metals_video-wall082502202-landscape.jpg 1017w" sizes="(max-width: 300px) 100vw, 300px" /></a></p>
<p>Parede de vídeo compacta e fácil de transportar. A utilização da parede é extremamente flexível: pode ser instalada no chão ou fixada a paredes ou treliças. Os ecrãs são muito fáceis de montar na parede de vídeo. Os monitores são ligados uns aos outros e à estrutura através de grampos especiais. Existem dispositivos horizontais e verticais para um ajuste fino. A parede de vídeo pode ser utilizada em modo retrato e paisagem.</p>
<h2>Metais inteligentes – VideoWall 2×2</h2>
<ul>
<li>Peso: 147,78 kg</li>
<li>Cor: preto</li>
<li>Configuração do ecrã: 2×2</li>
<li>Posição do ecrã: Paisagem ou Retrato</li>
<li>Regulação em altura: regulação fina</li>
<li>Suporte/interface: Incluído</li>
<li>Rotação: 90°.</li>
<li>Sistema de fixação: mecanismo de acoplamento com parafusos de tração</li>
<li>Mais informações: As novas consolas oferecem ajuste fino horizontal e vertical para monitores e a opção de alternar entre o modo retrato e paisagem. Os pés ajustáveis estão integrados na estrutura do chão.</li>
</ul>
<p><a href="https://konferenztechnik.de/wp-content/uploads/2013/09/082502202_manualEN.pdf">Video Wall 082502202 Manual PT</a></p>
<p><a href="https://konferenztechnik.de/wp-content/uploads/2013/09/082502202_SmartMetals_productleafletEN.pdf">Video Wall 082502202 Ficha de produto PT</a></p>
<h2>Suporte para ponta e toque Smart Metals –</h2>
<p>Este suporte foi especialmente desenvolvido para ecrãs tácteis que devem ser utilizados numa posição de mesa. O suporte rolante tem um ajuste de altura elétrico de 660-1320 mm de altura da mesa. Está integrado um suporte compatível com a maioria das interfaces VESA. Podem ser montados ecrãs tácteis com peso até 60 kg.</p>
<h2>Suporte para ponta e toque Smart Metals –</h2>
<ul>
<li>Comprimento mínimo: 660 mm</li>
<li>Altura máxima: 1320 mm (altura da mesa)</li>
<li>Peso: 66 kg</li>
<li>Cor: preto</li>
<li>Carga máxima: 60 kg</li>
<li>Posição do ecrã: Paisagem</li>
<li>Gama de polegadas: 32 a 50 polegadas, 50 a 65 polegadas</li>
<li>Regulação da altura: eléctrica</li>
<li>Suporte / interface: Incluído</li>
<li>Suporte / interface: VESA 200, 400, 600-400</li>
<li>Função de inclinação: 90°.</li>
<li>Mais informações: Função de ponta motorizada</li>
</ul>
<p><a href="https://konferenztechnik.de/wp-content/uploads/2014/04/0628222_SmartMetals_productleafletEN.pdf" target="_blank&quot;" rel="noopener">Ficha de informação do produto Smart Metals 062.7650 (Inglês)</a></p>
<h2>Metais inteligentes – VideoWall 3×3</h2>
<p><a href="https://konferenztechnik.de/wp-content/uploads/2013/09/smart-metals_video-wall_082503302_front.jpg"><img decoding="async" class="alignleft size-medium wp-image-4468" src="https://konferenztechnik.de/wp-content/uploads/2013/09/smart-metals_video-wall_082503302_front-300x275.jpg" alt="Parede de vídeo Smart Metals 082503302" width="300" height="275" title="" srcset="https://konferenztechnik.de/wp-content/uploads/2013/09/smart-metals_video-wall_082503302_front-300x275.jpg 300w, https://konferenztechnik.de/wp-content/uploads/2013/09/smart-metals_video-wall_082503302_front-1024x940.jpg 1024w, https://konferenztechnik.de/wp-content/uploads/2013/09/smart-metals_video-wall_082503302_front-768x705.jpg 768w, https://konferenztechnik.de/wp-content/uploads/2013/09/smart-metals_video-wall_082503302_front.jpg 1035w" sizes="(max-width: 300px) 100vw, 300px" /></a></p>
<p>Parede de vídeo compacta e fácil de transportar. A utilização da parede é extremamente flexível: pode ser instalada no chão ou fixada a paredes ou treliças. Os ecrãs são muito fáceis de montar na parede de vídeo. Os monitores são ligados uns aos outros e à estrutura através de grampos especiais. Existem dispositivos horizontais e verticais para um ajuste fino. A parede pode ser utilizada tanto em modo retrato como em modo paisagem.</p>
<h2>Metais inteligentes – VideoWall 3×3</h2>
<ul>
<li>Peso: 319,08 kg</li>
<li>Cor: preto</li>
<li>Configuração do ecrã : 3 x 3</li>
<li>Posição do ecrã: Paisagem ou Retrato</li>
<li>Regulação em altura: regulação fina</li>
<li>Suporte / interface: Incluído</li>
<li>Tipo de suporte / interface: específico para o ecrã</li>
<li>Rotação: 90°.</li>
<li>Sistema de fixação: mecanismo de acoplamento com parafusos de tração</li>
<li>Mais informações: As novas consolas oferecem ajuste fino horizontal e vertical para monitores e a opção de alternar entre o modo retrato e paisagem. Os pés ajustáveis estão integrados na estrutura do chão.</li>
</ul>
<p><a href="https://konferenztechnik.de/wp-content/uploads/2013/09/082503302_SmartMetals_productleafletEN.pdf">Folha de produto da Smart Metals Video Wall 3×3 Inglês</a></p>
<h2>Estrutura de pilha Audipack para projectores</h2>
<p><a href="https://konferenztechnik.de/wp-content/uploads/2013/09/Audipack_Trusshalterung_StackFrame.jpg"><img loading="lazy" decoding="async" width="792" height="594" class="alignleft size-full wp-image-2772" src="https://konferenztechnik.de/wp-content/uploads/2013/09/Audipack_Trusshalterung_StackFrame.jpg" alt="Estrutura de pilha Audipack para projectores" title="" srcset="https://konferenztechnik.de/wp-content/uploads/2013/09/Audipack_Trusshalterung_StackFrame.jpg 792w, https://konferenztechnik.de/wp-content/uploads/2013/09/Audipack_Trusshalterung_StackFrame-300x225.jpg 300w, https://konferenztechnik.de/wp-content/uploads/2013/09/Audipack_Trusshalterung_StackFrame-768x576.jpg 768w" sizes="(max-width: 792px) 100vw, 792px" /></a></p>
<p>Estrutura de empilhamento 3D para projectores de diferentes fabricantes. A estrutura proporciona aos projectores uma proteção especial, especialmente durante o transporte frequente ou a montagem e desmontagem. O – é particularmente interessante para empresas de aluguer ou organizadores de eventos móveis!</p>
<h2>Estrutura de pilha Audipack para projectores</h2>
<p>O projetor é montado na estrutura sobre uma placa. Três rodas de ajuste permitem ajustar o alinhamento da imagem com muita precisão. Em combinação com vários acessórios, a estrutura pode ser alargada de forma ideal – também para utilização com vários projectores.</p>
<ul>
<li>Muito boa proteção contra danos de transporte</li>
<li>Ideal para empresas de aluguer ou organizadores de eventos móveis</li>
<li>Permite o alinhamento mais preciso da imagem, mesmo quando se trabalha com vários projectores</li>
<li>Instalação simples do projetor</li>
</ul>
<p>A PCS GmbH é o distribuidor oficial alemão da Audipack. Oferecemos-lhe aconselhamento especializado e prazos de entrega rápidos.</p>
<p><img loading="lazy" decoding="async" class="alignright size-full wp-image-5489" src="https://konferenztechnik.de/wp-content/uploads/2013/09/PCS-GmbH-Audipack-authorized-dealer-small.jpg" alt="A PCS GmbH é um revendedor autorizado da Audipack" width="200" height="81" title=""></p>

<p>Suportes especiais para ecrãs e projectores Estojo para tablet TC-IPAD para iPad 1, 2, 3 e 4 O estojo TC-iPad protege elegantemente o seu iPad quando este vai ser instalado ou exibido em locais públicos. O iPad pode ser rapidamente guardado na mala, ficando assim eficazmente protegido contra roubo. Graças ao sistema de fecho de chave inteligente, o iPad pode ser [...]</p>
