{"id":1226,"date":"2013-08-23T10:56:17","date_gmt":"2013-08-23T08:56:17","guid":{"rendered":"https:\/\/pcs-miete.de\/?page_id=1226"},"modified":"2023-07-05T15:00:54","modified_gmt":"2023-07-05T13:00:54","slug":"asansoer-si%cc%87stemleri%cc%87","status":"publish","type":"page","link":"https:\/\/konferenztechnik.de\/tr\/konferans-ve-av-medya-teknoloji%cc%87si%cc%87ni%cc%87n-dagitimi\/vi%cc%87deo-teknoloji%cc%87si%cc%87\/asansoer-si%cc%87stemleri%cc%87\/","title":{"rendered":"Projekt\u00f6rler ve ekranlar i\u00e7in asans\u00f6rler"},"content":{"rendered":"<h1>Projekt\u00f6rler ve ekranlar i\u00e7in kald\u0131rma sistemleri<\/h1>\n<p>Tek bir d\u00fc\u011fmeye \u2013 dokunarak ekran\u0131n\u0131z\u0131 veya dokunmatik ekran\u0131n\u0131z\u0131 h\u0131zl\u0131, sessiz ve esnek bir \u015fekilde yerine getirin. PCS size \u00e7e\u015fitli asans\u00f6r sistemleri sunar: makasl\u0131 asans\u00f6rler, kald\u0131rma asans\u00f6rleri ve \u00e7ekme asans\u00f6rleri. B\u00f6ylece videonuz, sunumunuz veya g\u00f6r\u00fcnt\u00fcleriniz her zaman do\u011fru zamanda istedi\u011finiz yerde net bir \u015fekilde g\u00f6r\u00fclebilir.<\/p>\n<p>Duvarlara, zemine, tavana veya mobilyalara gizlenen d\u00fcz ekranlar, monit\u00f6rler veya projekt\u00f6rler yaln\u0131zca ihtiya\u00e7 duyuldu\u011funda g\u00f6r\u00fcn\u00fcr hale gelir.<\/p>\n<p>Size, ihtiya\u00e7lar\u0131n\u0131za ve tesislerinize m\u00fckemmel \u015fekilde uyarlanm\u0131\u015f \u00f6zel \u00e7\u00f6z\u00fcmler sunuyoruz. Asans\u00f6rler ve braketler i\u00e7in evrensel aray\u00fczler, neredeyse t\u00fcm \u00fcreticilerin, tiplerin ve boyutlar\u0131n cihazlar\u0131n\u0131n kurulumunu sa\u011flar.<\/p>\n<p><img fetchpriority=\"high\" decoding=\"async\" class=\"size-full wp-image-1368\" src=\"https:\/\/konferenztechnik.de\/wp-content\/uploads\/2013\/08\/03-beamer-wandsysteme.jpg\" alt=\"Duvar sistemleri\" width=\"288\" height=\"198\" title=\"\"> Duvar sistemleri<\/p>\n<p><img decoding=\"async\" class=\"size-full wp-image-1369\" src=\"https:\/\/konferenztechnik.de\/wp-content\/uploads\/2013\/08\/04-beamer-einbaulifte.jpg\" alt=\"Yerle\u015fik asans\u00f6rler\" width=\"288\" height=\"198\" title=\"\"> Yerle\u015fik asans\u00f6rler<\/p>\n<p><img decoding=\"async\" class=\"size-full wp-image-1367\" src=\"https:\/\/konferenztechnik.de\/wp-content\/uploads\/2013\/08\/02-beamer-deckenlifte.jpg\" alt=\"Tavan asans\u00f6rleri\" width=\"288\" height=\"198\" title=\"\"> Tavan asans\u00f6rleri<\/p>\n<p>Odan\u0131n b\u00fcy\u00fckl\u00fc\u011f\u00fc \u00f6nemli de\u011fildir. Uygulamalar e\u011fitim ve toplant\u0131 odalar\u0131nda, amfilerde, okullarda, otellerdeki konferans katlar\u0131nda ve ak\u0131ll\u0131 evlerde bulunabilir \u2013 ba\u011f\u0131ms\u0131z bir sistem olarak veya medya kontrol sisteminize entegre edilebilir.<\/p>\n<p>Uzmanlar\u0131m\u0131zla ki\u015fiselle\u015ftirilmi\u015f bir dan\u0131\u015fma g\u00f6r\u00fc\u015fmesi ayarlaman\u0131z yeterlidir.<\/p>","protected":false},"excerpt":{"rendered":"<p>Liftsysteme f\u00fcr Beamer und Displays Bringen Sie Ihr Display oder Ihren Touchscreen mit nur einem Knopfdruck in Position &#8211; schnell, leise und flexibel. Bei PCS stehen Ihnen unterschiedlichen Liftsysteme zur Verf\u00fcgung: Scherenliften, Hublifte und Zuglifte. Ihr Video, Ihre Pr\u00e4sentation oder Ihre Bilder sind somit immer zum richtigen Zeitpunkt gut sichtbar am gew\u00fcnschten Ort. Verborgen in [&hellip;]<\/p>\n","protected":false},"author":1,"featured_media":45482,"parent":1138,"menu_order":227,"comment_status":"closed","ping_status":"open","template":"","meta":{"_acf_changed":false,"footnotes":""},"class_list":["post-1226","page","type-page","status-publish","has-post-thumbnail","hentry"],"acf":[],"_links":{"self":[{"href":"https:\/\/konferenztechnik.de\/tr\/wp-json\/wp\/v2\/pages\/1226","targetHints":{"allow":["GET"]}}],"collection":[{"href":"https:\/\/konferenztechnik.de\/tr\/wp-json\/wp\/v2\/pages"}],"about":[{"href":"https:\/\/konferenztechnik.de\/tr\/wp-json\/wp\/v2\/types\/page"}],"author":[{"embeddable":true,"href":"https:\/\/konferenztechnik.de\/tr\/wp-json\/wp\/v2\/users\/1"}],"replies":[{"embeddable":true,"href":"https:\/\/konferenztechnik.de\/tr\/wp-json\/wp\/v2\/comments?post=1226"}],"version-history":[{"count":0,"href":"https:\/\/konferenztechnik.de\/tr\/wp-json\/wp\/v2\/pages\/1226\/revisions"}],"up":[{"embeddable":true,"href":"https:\/\/konferenztechnik.de\/tr\/wp-json\/wp\/v2\/pages\/1138"}],"wp:featuredmedia":[{"embeddable":true,"href":"https:\/\/konferenztechnik.de\/tr\/wp-json\/wp\/v2\/media\/45482"}],"wp:attachment":[{"href":"https:\/\/konferenztechnik.de\/tr\/wp-json\/wp\/v2\/media?parent=1226"}],"curies":[{"name":"wp","href":"https:\/\/api.w.org\/{rel}","templated":true}]}}

Projektörler ve ekranlar için asansörler

<h1>Projektörler ve ekranlar için kaldırma sistemleri</h1>
<p>Tek bir düğmeye – dokunarak ekranınızı veya dokunmatik ekranınızı hızlı, sessiz ve esnek bir şekilde yerine getirin. PCS size çeşitli asansör sistemleri sunar: makaslı asansörler, kaldırma asansörleri ve çekme asansörleri. Böylece videonuz, sunumunuz veya görüntüleriniz her zaman doğru zamanda istediğiniz yerde net bir şekilde görülebilir.</p>
<p>Duvarlara, zemine, tavana veya mobilyalara gizlenen düz ekranlar, monitörler veya projektörler yalnızca ihtiyaç duyulduğunda görünür hale gelir.</p>
<p>Size, ihtiyaçlarınıza ve tesislerinize mükemmel şekilde uyarlanmış özel çözümler sunuyoruz. Asansörler ve braketler için evrensel arayüzler, neredeyse tüm üreticilerin, tiplerin ve boyutların cihazlarının kurulumunu sağlar.</p>
<p><img fetchpriority="high" decoding="async" class="size-full wp-image-1368" src="https://konferenztechnik.de/wp-content/uploads/2013/08/03-beamer-wandsysteme.jpg" alt="Duvar sistemleri" width="288" height="198" title=""> Duvar sistemleri</p>
<p><img decoding="async" class="size-full wp-image-1369" src="https://konferenztechnik.de/wp-content/uploads/2013/08/04-beamer-einbaulifte.jpg" alt="Yerleşik asansörler" width="288" height="198" title=""> Yerleşik asansörler</p>
<p><img decoding="async" class="size-full wp-image-1367" src="https://konferenztechnik.de/wp-content/uploads/2013/08/02-beamer-deckenlifte.jpg" alt="Tavan asansörleri" width="288" height="198" title=""> Tavan asansörleri</p>
<p>Odanın büyüklüğü önemli değildir. Uygulamalar eğitim ve toplantı odalarında, amfilerde, okullarda, otellerdeki konferans katlarında ve akıllı evlerde bulunabilir – bağımsız bir sistem olarak veya medya kontrol sisteminize entegre edilebilir.</p>
<p>Uzmanlarımızla kişiselleştirilmiş bir danışma görüşmesi ayarlamanız yeterlidir.</p>

<p>Liftsysteme für Beamer und Displays Bringen Sie Ihr Display oder Ihren Touchscreen mit nur einem Knopfdruck in Position &#8211; schnell, leise und flexibel. Bei PCS stehen Ihnen unterschiedlichen Liftsysteme zur Verfügung: Scherenliften, Hublifte und Zuglifte. Ihr Video, Ihre Präsentation oder Ihre Bilder sind somit immer zum richtigen Zeitpunkt gut sichtbar am gewünschten Ort. Verborgen in [&hellip;]</p>
