{"id":13534,"date":"2018-07-17T12:32:11","date_gmt":"2018-07-17T11:32:11","guid":{"rendered":"https:\/\/www.konferenztechnik.de\/?page_id=13534"},"modified":"2023-07-04T15:36:02","modified_gmt":"2023-07-04T13:36:02","slug":"audipack-silent-9300-satin-al","status":"publish","type":"page","link":"https:\/\/konferenztechnik.de\/tr\/audipack-silent-9300-satin-al\/","title":{"rendered":"Audipack Silent 9300 Sat\u0131n Al\u0131n"},"content":{"rendered":"<div data-elementor-type=\"wp-page\" data-elementor-id=\"13534\" class=\"elementor elementor-13534\" data-elementor-post-type=\"page\">\n\t\t\t\t<div data-particle_enable=\"false\" data-particle-mobile-disabled=\"false\" class=\"elementor-element elementor-element-089a2dc e-flex e-con-boxed e-con e-parent\" data-id=\"089a2dc\" data-element_type=\"container\">\n\t\t\t\t\t<div class=\"e-con-inner\">\n\t\t<div data-particle_enable=\"false\" data-particle-mobile-disabled=\"false\" class=\"elementor-element elementor-element-e060cf2 e-flex e-con-boxed e-con e-parent\" data-id=\"e060cf2\" data-element_type=\"container\">\n\t\t\t\t\t<div class=\"e-con-inner\">\n\t\t\t\t<div class=\"elementor-element elementor-element-d6221e7 elementor-widget elementor-widget-heading\" data-id=\"d6221e7\" data-element_type=\"widget\" data-settings=\"{&quot;_animation&quot;:&quot;none&quot;}\" data-widget_type=\"heading.default\">\n\t\t\t\t<div class=\"elementor-widget-container\">\n\t\t\t\t\t<h1 class=\"elementor-heading-title elementor-size-default\">Audipack Silent 9300 s\u00f6zl\u00fc \u00e7eviri kabinlerini sat\u0131n al\u0131n, kiralay\u0131n veya leasing yoluyla kiralay\u0131n<\/h1>\t\t\t\t<\/div>\n\t\t\t\t<\/div>\n\t\t\t\t\t<\/div>\n\t\t\t\t<\/div>\n\t\t<div data-particle_enable=\"false\" data-particle-mobile-disabled=\"false\" class=\"elementor-element elementor-element-ebc183b e-grid e-con-boxed e-con e-parent\" data-id=\"ebc183b\" data-element_type=\"container\">\n\t\t\t\t\t<div class=\"e-con-inner\">\n\t\t\t\t<div class=\"elementor-element elementor-element-a76df13 elementor-widget elementor-widget-image\" data-id=\"a76df13\" data-element_type=\"widget\" data-widget_type=\"image.default\">\n\t\t\t\t<div class=\"elementor-widget-container\">\n\t\t\t\t\t\t\t\t\t\t\t\t\t\t\t<img fetchpriority=\"high\" decoding=\"async\" width=\"800\" height=\"600\" src=\"https:\/\/konferenztechnik.de\/wp-content\/uploads\/2013\/09\/9300-Interpreter-booth.jpg\" class=\"attachment-large size-large wp-image-3475\" alt=\"Audipack terc\u00fcman kabini Silent 9300\" srcset=\"https:\/\/konferenztechnik.de\/wp-content\/uploads\/2013\/09\/9300-Interpreter-booth.jpg 800w, https:\/\/konferenztechnik.de\/wp-content\/uploads\/2013\/09\/9300-Interpreter-booth-300x225.jpg 300w, https:\/\/konferenztechnik.de\/wp-content\/uploads\/2013\/09\/9300-Interpreter-booth-768x576.jpg 768w\" sizes=\"(max-width: 800px) 100vw, 800px\" title=\"\">\t\t\t\t\t\t\t\t\t\t\t\t\t\t\t<\/div>\n\t\t\t\t<\/div>\n\t\t\t\t<div class=\"elementor-element elementor-element-fa3c6d6 content-align-cta-default elementor-widget elementor-widget-eael-cta-box\" data-id=\"fa3c6d6\" data-element_type=\"widget\" data-widget_type=\"eael-cta-box.default\">\n\t\t\t\t<div class=\"elementor-widget-container\">\n\t\t\t\t\t\t\t<div class=\"eael-call-to-action cta-basic bg-lite cta-preset-1\">\n        <h2 class=\"title eael-cta-heading\">Audipack Silent 9300<\/h2><p>9300 art\u0131k \u00fcretilmiyor<\/p><p>Halefi Silent 9600<\/p><p>9600 en son standartlarla uyumludur<\/p><a href=\"https:\/\/konferenztechnik.de\/tr\/audipack-silent-9600-satin-al-kirala\/\" class=\"cta-button cta-preset-1\">Sessiz 9600'\u00fc g\u00f6r\u00fcnt\u00fcleyin<\/a>\t<\/div>\n\t\t\t\t\t\t\t\t<\/div>\n\t\t\t\t<\/div>\n\t\t\t\t\t<\/div>\n\t\t\t\t<\/div>\n\t\t<div data-particle_enable=\"false\" data-particle-mobile-disabled=\"false\" class=\"elementor-element elementor-element-f3c3475 e-flex e-con-boxed e-con e-parent\" data-id=\"f3c3475\" data-element_type=\"container\">\n\t\t\t\t\t<div class=\"e-con-inner\">\n\t\t\t\t<div class=\"elementor-element elementor-element-6e1876c elementor-widget__width-inherit elementor-widget elementor-widget-text-editor\" data-id=\"6e1876c\" data-element_type=\"widget\" data-widget_type=\"text-editor.default\">\n\t\t\t\t<div class=\"elementor-widget-container\">\n\t\t\t\t\t\t\t\t\t<p>Audipack Silent 9300 MK II terc\u00fcmanl\u0131k kabini 2018'den beri \u00fcretilmiyor. Bunun nedeni 2016 y\u0131l\u0131n\u0131n sonunda yay\u0131nlanan geli\u015ftirilmi\u015f bir ISO standard\u0131d\u0131r. Bu nedenle, Silent Series 9300 MK II gibi mevcut model serileri revize edilmi\u015f ve geli\u015ftirilmi\u015ftir. Son y\u0131llarda konferans teknolojisinde referans olarak kendini kabul ettiren Audipack Silent 9300 MK II'nin halef modeli yeni Audipack Silent 9600'd\u00fcr.<\/p>\t\t\t\t\t\t\t\t<\/div>\n\t\t\t\t<\/div>\n\t\t\t\t<div class=\"elementor-element elementor-element-13606a3 elementor-widget elementor-widget-heading\" data-id=\"13606a3\" data-element_type=\"widget\" data-settings=\"{&quot;_animation&quot;:&quot;none&quot;}\" data-widget_type=\"heading.default\">\n\t\t\t\t<div class=\"elementor-widget-container\">\n\t\t\t\t\t<h2 class=\"elementor-heading-title elementor-size-default\">Yeni model: Audipack Silent 9600 s\u00f6zl\u00fc \u00e7eviri kabini<\/h2>\t\t\t\t<\/div>\n\t\t\t\t<\/div>\n\t\t\t\t<div class=\"elementor-element elementor-element-c2880ac elementor-widget__width-inherit elementor-widget elementor-widget-text-editor\" data-id=\"c2880ac\" data-element_type=\"widget\" data-widget_type=\"text-editor.default\">\n\t\t\t\t<div class=\"elementor-widget-container\">\n\t\t\t\t\t\t\t\t\t<p>Silent 9300 MK II ile kar\u015f\u0131la\u015ft\u0131r\u0131ld\u0131\u011f\u0131nda Silent 9600, di\u011fer \u00f6zelliklerinin yan\u0131 s\u0131ra daha iyi ses yal\u0131t\u0131m\u0131na, geni\u015fletilmi\u015f bir g\u00f6r\u00fcnt\u00fcleme penceresine ve LED tavan ayd\u0131nlatmas\u0131na sahiptir. Hava kalitesi izleme de bir se\u00e7enek olarak mevcuttur. Yeni Audipack Silent 9600, mobil s\u00f6zl\u00fc \u00e7eviri kabinleri i\u00e7in en son ISO standard\u0131na (ISO 4043:2016) uygun olarak sertifikaland\u0131r\u0131lm\u0131\u015ft\u0131r. Audipack Silent 9600 s\u00f6zl\u00fc \u00e7eviri kabinleri \u015fu anda PCS deposundan hemen teslim edilebilir.<\/p>\t\t\t\t\t\t\t\t<\/div>\n\t\t\t\t<\/div>\n\t\t\t\t<div class=\"elementor-element elementor-element-627bebe elementor-widget__width-auto elementor-widget elementor-widget-button\" data-id=\"627bebe\" data-element_type=\"widget\" data-widget_type=\"button.default\">\n\t\t\t\t<div class=\"elementor-widget-container\">\n\t\t\t\t\t\t\t\t\t<div class=\"elementor-button-wrapper\">\n\t\t\t\t\t<a class=\"elementor-button elementor-button-link elementor-size-sm\" href=\"https:\/\/konferenztechnik.de\/tr\/audipack-silent-9600-satin-al-kirala\/\">\n\t\t\t\t\t\t<span class=\"elementor-button-content-wrapper\">\n\t\t\t\t\t\t\t\t\t<span class=\"elementor-button-text\">Do\u011frudan Sessiz 9600'e<\/span>\n\t\t\t\t\t<\/span>\n\t\t\t\t\t<\/a>\n\t\t\t\t<\/div>\n\t\t\t\t\t\t\t\t<\/div>\n\t\t\t\t<\/div>\n\t\t\t\t\t<\/div>\n\t\t\t\t<\/div>\n\t\t\t\t<div class=\"elementor-element elementor-element-c4c5899 elementor-widget elementor-widget-shortcode\" data-id=\"c4c5899\" data-element_type=\"widget\" data-widget_type=\"shortcode.default\">\n\t\t\t\t<div class=\"elementor-widget-container\">\n\t\t\t\t\t\t\t<div class=\"elementor-shortcode\"><\/div>\n\t\t\t\t\t\t<\/div>\n\t\t\t\t<\/div>\n\t\t\t\t\t<\/div>\n\t\t\t\t<\/div>\n\t\t<div data-particle_enable=\"false\" data-particle-mobile-disabled=\"false\" class=\"elementor-element elementor-element-8ccd1e3 e-flex e-con-boxed e-con e-parent\" data-id=\"8ccd1e3\" data-element_type=\"container\">\n\t\t\t\t\t<div class=\"e-con-inner\">\n\t\t\t\t<div class=\"elementor-element elementor-element-de0f5e8 elementor-widget elementor-widget-shortcode\" data-id=\"de0f5e8\" data-element_type=\"widget\" data-widget_type=\"shortcode.default\">\n\t\t\t\t<div class=\"elementor-widget-container\">\n\t\t\t\t\t\t\t<div class=\"elementor-shortcode\"><\/div>\n\t\t\t\t\t\t<\/div>\n\t\t\t\t<\/div>\n\t\t\t\t\t<\/div>\n\t\t\t\t<\/div>\n\t\t\t\t<\/div>","protected":false},"excerpt":{"rendered":"<p>Audipack Silent 9300 Dolmetscherkabinen kaufen, mieten oder leasen Audipack Silent 9300 Die 9300 wird nicht mehr hergestellt Nachfolgerin ist die Silent 9600 Die 9600 entspricht neusten Normen Silent 9600 ansehen Die Dolmetschkabine Audipack Silent 9300 wird seit 2018 nicht mehr hergestellt. Der Grund daf\u00fcr ist eine verbesserte ISO-Norm, die Ende 2016 ver\u00f6ffentlicht wurde. Aus diesem [&hellip;]<\/p>","protected":false},"author":1,"featured_media":45482,"parent":0,"menu_order":0,"comment_status":"closed","ping_status":"closed","template":"","meta":{"_acf_changed":false,"footnotes":""},"class_list":["post-13534","page","type-page","status-publish","has-post-thumbnail","hentry"],"acf":[],"_links":{"self":[{"href":"https:\/\/konferenztechnik.de\/tr\/wp-json\/wp\/v2\/pages\/13534","targetHints":{"allow":["GET"]}}],"collection":[{"href":"https:\/\/konferenztechnik.de\/tr\/wp-json\/wp\/v2\/pages"}],"about":[{"href":"https:\/\/konferenztechnik.de\/tr\/wp-json\/wp\/v2\/types\/page"}],"author":[{"embeddable":true,"href":"https:\/\/konferenztechnik.de\/tr\/wp-json\/wp\/v2\/users\/1"}],"replies":[{"embeddable":true,"href":"https:\/\/konferenztechnik.de\/tr\/wp-json\/wp\/v2\/comments?post=13534"}],"version-history":[{"count":0,"href":"https:\/\/konferenztechnik.de\/tr\/wp-json\/wp\/v2\/pages\/13534\/revisions"}],"wp:featuredmedia":[{"embeddable":true,"href":"https:\/\/konferenztechnik.de\/tr\/wp-json\/wp\/v2\/media\/45482"}],"wp:attachment":[{"href":"https:\/\/konferenztechnik.de\/tr\/wp-json\/wp\/v2\/media?parent=13534"}],"curies":[{"name":"wp","href":"https:\/\/api.w.org\/{rel}","templated":true}]}}

Audipack Silent 9300 Satın Alın

<div data-elementor-type="wp-page" data-elementor-id="13534" class="elementor elementor-13534" data-elementor-post-type="page">
				<div data-particle_enable="false" data-particle-mobile-disabled="false" class="elementor-element elementor-element-089a2dc e-flex e-con-boxed e-con e-parent" data-id="089a2dc" data-element_type="container">
					<div class="e-con-inner">
		<div data-particle_enable="false" data-particle-mobile-disabled="false" class="elementor-element elementor-element-e060cf2 e-flex e-con-boxed e-con e-parent" data-id="e060cf2" data-element_type="container">
					<div class="e-con-inner">
				<div class="elementor-element elementor-element-d6221e7 elementor-widget elementor-widget-heading" data-id="d6221e7" data-element_type="widget" data-settings="{&quot;_animation&quot;:&quot;none&quot;}" data-widget_type="heading.default">
				<div class="elementor-widget-container">
					<h1 class="elementor-heading-title elementor-size-default">Audipack Silent 9300 sözlü çeviri kabinlerini satın alın, kiralayın veya leasing yoluyla kiralayın</h1>				</div>
				</div>
					</div>
				</div>
		<div data-particle_enable="false" data-particle-mobile-disabled="false" class="elementor-element elementor-element-ebc183b e-grid e-con-boxed e-con e-parent" data-id="ebc183b" data-element_type="container">
					<div class="e-con-inner">
				<div class="elementor-element elementor-element-a76df13 elementor-widget elementor-widget-image" data-id="a76df13" data-element_type="widget" data-widget_type="image.default">
				<div class="elementor-widget-container">
															<img fetchpriority="high" decoding="async" width="800" height="600" src="https://konferenztechnik.de/wp-content/uploads/2013/09/9300-Interpreter-booth.jpg" class="attachment-large size-large wp-image-3475" alt="Audipack tercüman kabini Silent 9300" srcset="https://konferenztechnik.de/wp-content/uploads/2013/09/9300-Interpreter-booth.jpg 800w, https://konferenztechnik.de/wp-content/uploads/2013/09/9300-Interpreter-booth-300x225.jpg 300w, https://konferenztechnik.de/wp-content/uploads/2013/09/9300-Interpreter-booth-768x576.jpg 768w" sizes="(max-width: 800px) 100vw, 800px" title="">															</div>
				</div>
				<div class="elementor-element elementor-element-fa3c6d6 content-align-cta-default elementor-widget elementor-widget-eael-cta-box" data-id="fa3c6d6" data-element_type="widget" data-widget_type="eael-cta-box.default">
				<div class="elementor-widget-container">
							<div class="eael-call-to-action cta-basic bg-lite cta-preset-1">
        <h2 class="title eael-cta-heading">Audipack Silent 9300</h2><p>9300 artık üretilmiyor</p><p>Halefi Silent 9600</p><p>9600 en son standartlarla uyumludur</p><a href="https://konferenztechnik.de/tr/audipack-silent-9600-satin-al-kirala/" class="cta-button cta-preset-1">Sessiz 9600'ü görüntüleyin</a>	</div>
								</div>
				</div>
					</div>
				</div>
		<div data-particle_enable="false" data-particle-mobile-disabled="false" class="elementor-element elementor-element-f3c3475 e-flex e-con-boxed e-con e-parent" data-id="f3c3475" data-element_type="container">
					<div class="e-con-inner">
				<div class="elementor-element elementor-element-6e1876c elementor-widget__width-inherit elementor-widget elementor-widget-text-editor" data-id="6e1876c" data-element_type="widget" data-widget_type="text-editor.default">
				<div class="elementor-widget-container">
									<p>Audipack Silent 9300 MK II tercümanlık kabini 2018'den beri üretilmiyor. Bunun nedeni 2016 yılının sonunda yayınlanan geliştirilmiş bir ISO standardıdır. Bu nedenle, Silent Series 9300 MK II gibi mevcut model serileri revize edilmiş ve geliştirilmiştir. Son yıllarda konferans teknolojisinde referans olarak kendini kabul ettiren Audipack Silent 9300 MK II'nin halef modeli yeni Audipack Silent 9600'dür.</p>								</div>
				</div>
				<div class="elementor-element elementor-element-13606a3 elementor-widget elementor-widget-heading" data-id="13606a3" data-element_type="widget" data-settings="{&quot;_animation&quot;:&quot;none&quot;}" data-widget_type="heading.default">
				<div class="elementor-widget-container">
					<h2 class="elementor-heading-title elementor-size-default">Yeni model: Audipack Silent 9600 sözlü çeviri kabini</h2>				</div>
				</div>
				<div class="elementor-element elementor-element-c2880ac elementor-widget__width-inherit elementor-widget elementor-widget-text-editor" data-id="c2880ac" data-element_type="widget" data-widget_type="text-editor.default">
				<div class="elementor-widget-container">
									<p>Silent 9300 MK II ile karşılaştırıldığında Silent 9600, diğer özelliklerinin yanı sıra daha iyi ses yalıtımına, genişletilmiş bir görüntüleme penceresine ve LED tavan aydınlatmasına sahiptir. Hava kalitesi izleme de bir seçenek olarak mevcuttur. Yeni Audipack Silent 9600, mobil sözlü çeviri kabinleri için en son ISO standardına (ISO 4043:2016) uygun olarak sertifikalandırılmıştır. Audipack Silent 9600 sözlü çeviri kabinleri şu anda PCS deposundan hemen teslim edilebilir.</p>								</div>
				</div>
				<div class="elementor-element elementor-element-627bebe elementor-widget__width-auto elementor-widget elementor-widget-button" data-id="627bebe" data-element_type="widget" data-widget_type="button.default">
				<div class="elementor-widget-container">
									<div class="elementor-button-wrapper">
					<a class="elementor-button elementor-button-link elementor-size-sm" href="https://konferenztechnik.de/tr/audipack-silent-9600-satin-al-kirala/">
						<span class="elementor-button-content-wrapper">
									<span class="elementor-button-text">Doğrudan Sessiz 9600'e</span>
					</span>
					</a>
				</div>
								</div>
				</div>
					</div>
				</div>
				<div class="elementor-element elementor-element-c4c5899 elementor-widget elementor-widget-shortcode" data-id="c4c5899" data-element_type="widget" data-widget_type="shortcode.default">
				<div class="elementor-widget-container">
							<div class="elementor-shortcode"></div>
						</div>
				</div>
					</div>
				</div>
		<div data-particle_enable="false" data-particle-mobile-disabled="false" class="elementor-element elementor-element-8ccd1e3 e-flex e-con-boxed e-con e-parent" data-id="8ccd1e3" data-element_type="container">
					<div class="e-con-inner">
				<div class="elementor-element elementor-element-de0f5e8 elementor-widget elementor-widget-shortcode" data-id="de0f5e8" data-element_type="widget" data-widget_type="shortcode.default">
				<div class="elementor-widget-container">
							<div class="elementor-shortcode"></div>
						</div>
				</div>
					</div>
				</div>
				</div>

<p>Audipack Silent 9300 Dolmetscherkabinen kaufen, mieten oder leasen Audipack Silent 9300 Die 9300 wird nicht mehr hergestellt Nachfolgerin ist die Silent 9600 Die 9600 entspricht neusten Normen Silent 9600 ansehen Die Dolmetschkabine Audipack Silent 9300 wird seit 2018 nicht mehr hergestellt. Der Grund dafür ist eine verbesserte ISO-Norm, die Ende 2016 veröffentlicht wurde. Aus diesem [&hellip;]</p>
