{"id":1813,"date":"2013-09-05T11:30:23","date_gmt":"2013-09-05T09:30:23","guid":{"rendered":"https:\/\/konferenztechnik.de\/?page_id=1813"},"modified":"2023-06-29T14:15:16","modified_gmt":"2023-06-29T12:15:16","slug":"av-teknoloji%cc%87si%cc%87-mi%cc%87krofonlar-ses-si%cc%87stemleri%cc%87-projektoerler","status":"publish","type":"page","link":"https:\/\/konferenztechnik.de\/tr\/konferans-eki%cc%87pmani-ki%cc%87ralama\/av-teknoloji%cc%87si%cc%87-mi%cc%87krofonlar-ses-si%cc%87stemleri%cc%87-projektoerler\/","title":{"rendered":"AV teknolojisi: mikrofonlar, ses sistemleri, projekt\u00f6rler"},"content":{"rendered":"<h1>AV teknolojisi: mikrofonlar, ses sistemleri, projekt\u00f6rler<\/h1>\n<p>Mikrofonlar, genel seslendirme teknolojisi, k\u00fcrs\u00fcler, telefon hibritleri, bas\u0131n da\u011f\u0131t\u0131c\u0131lar\u0131, steno kay\u0131t yaz\u0131l\u0131m\u0131, kay\u0131t cihazlar\u0131, sinyal cihazlar\u0131, projekt\u00f6rler, ekranlar ve \u00e7ok daha fazlas\u0131... Ses ve g\u00f6r\u00fcnt\u00fc ekipmanlar\u0131m\u0131z her b\u00fcy\u00fckl\u00fckteki konferans ve kongre i\u00e7in tasarlanm\u0131\u015ft\u0131r.<\/p>\n<p><img fetchpriority=\"high\" decoding=\"async\" width=\"1200\" height=\"387\" src=\"https:\/\/konferenztechnik.de\/wp-content\/uploads\/2016\/10\/audio-videotechnik-mieten.jpg\" alt=\"ses-g\u00f6r\u00fcnt\u00fc teknoloji\u0307si\u0307 ki\u0307ralama\" class=\"alignnone size-full wp-image-8507\" title=\"\" srcset=\"https:\/\/konferenztechnik.de\/wp-content\/uploads\/2016\/10\/audio-videotechnik-mieten.jpg 1200w, https:\/\/konferenztechnik.de\/wp-content\/uploads\/2016\/10\/audio-videotechnik-mieten-300x97.jpg 300w, https:\/\/konferenztechnik.de\/wp-content\/uploads\/2016\/10\/audio-videotechnik-mieten-1024x330.jpg 1024w, https:\/\/konferenztechnik.de\/wp-content\/uploads\/2016\/10\/audio-videotechnik-mieten-768x248.jpg 768w\" sizes=\"(max-width: 1200px) 100vw, 1200px\" \/><br \/>\n<img decoding=\"async\" src=\"https:\/\/konferenztechnik.de\/wp-content\/uploads\/2016\/10\/beamer-beschallung-mieten.jpg\" alt=\"projekt\u00f6r-ses-sistemi-kiralamalar\u0131\" class=\"alignnone size-full wp-image-8506\" title=\"\"><br \/>\n<img decoding=\"async\" width=\"1200\" height=\"346\" src=\"https:\/\/konferenztechnik.de\/wp-content\/uploads\/2016\/10\/event-technik-mieten.jpg\" alt=\"etkinlik teknolojisi kiralama\" class=\"alignnone size-full wp-image-8510\" title=\"\" srcset=\"https:\/\/konferenztechnik.de\/wp-content\/uploads\/2016\/10\/event-technik-mieten.jpg 1200w, https:\/\/konferenztechnik.de\/wp-content\/uploads\/2016\/10\/event-technik-mieten-300x87.jpg 300w, https:\/\/konferenztechnik.de\/wp-content\/uploads\/2016\/10\/event-technik-mieten-1024x295.jpg 1024w, https:\/\/konferenztechnik.de\/wp-content\/uploads\/2016\/10\/event-technik-mieten-768x221.jpg 768w\" sizes=\"(max-width: 1200px) 100vw, 1200px\" \/><\/p>\n<p>[callout add_button=\"no\" button_text=\"Learn More\" button_url=\"#\" button_color=\"#a62055\u2033]<br \/>\nGeni\u015f kiralama filomuzdan g\u00fcnl\u00fck g\u00fcncellenen fiyatlarla PCS'den kiralay\u0131n. Yetkin ekibimiz size hemen cazip bir teklif g\u00f6nderecektir.<br \/>\n[\/callout]<\/p>\n<p>[spacer size=\"3\u2033]<br \/>\n[temiz]<\/p>\n<div class=\"boxcontainer\">\n<div class=\"box1-4\">\n<div class=\"box-head\">Kuzey ve Bat\u0131<\/div>\n<p><img decoding=\"async\" width=\"800\" height=\"533\" src=\"https:\/\/konferenztechnik.de\/wp-content\/uploads\/2013\/09\/monika_van_den_boogaard_pcs-gmbh.jpg\" alt=\"monika_van_den_boogaard_pcs-gmbh\" class=\"alignleft size-full wp-image-2312\" title=\"\" srcset=\"https:\/\/konferenztechnik.de\/wp-content\/uploads\/2013\/09\/monika_van_den_boogaard_pcs-gmbh.jpg 800w, https:\/\/konferenztechnik.de\/wp-content\/uploads\/2013\/09\/monika_van_den_boogaard_pcs-gmbh-300x200.jpg 300w, https:\/\/konferenztechnik.de\/wp-content\/uploads\/2013\/09\/monika_van_den_boogaard_pcs-gmbh-768x512.jpg 768w\" sizes=\"(max-width: 800px) 100vw, 800px\" \/><br \/>\nMonika van den Boogaard<br \/>\nProje Dan\u0131\u015fman\u0131 Kiralama<br \/>\nTelefon +49 211 737798 10<br \/>\n<span class=\"volleansicht\">e-posta <a href=\"mailto:vandenboogaard@konferenztechnik.de\" onclick=\"ga('send', 'event', 'Email-Klick', 'Kontakt Boogaard');\">yaz<\/a><br \/>\n<\/span><br \/>\n<span class=\"mobileansicht\">e-posta <a href=\"mailto:vandenboogaard@konferenztechnik.de\" onclick=\"ga('send', 'event', 'Email-Klick', 'Kontakt Boogaard');\">yaz<\/a><br \/>\n<\/span><\/p>\n<\/div>\n<div class=\"box1-4\">\n<div class=\"box-head\">Do\u011fu<\/div>\n<p><img loading=\"lazy\" decoding=\"async\" width=\"2316\" height=\"1543\" src=\"https:\/\/konferenztechnik.de\/wp-content\/uploads\/2017\/05\/sebastian-meyer-pcs-gmbh.jpg\" alt=\"Sebastian Meyer PCS GmbH - Elden \u00c7\u0131karma\" class=\"alignleft size-full wp-image-10048\" title=\"\" srcset=\"https:\/\/konferenztechnik.de\/wp-content\/uploads\/2017\/05\/sebastian-meyer-pcs-gmbh.jpg 2316w, https:\/\/konferenztechnik.de\/wp-content\/uploads\/2017\/05\/sebastian-meyer-pcs-gmbh-300x200.jpg 300w, https:\/\/konferenztechnik.de\/wp-content\/uploads\/2017\/05\/sebastian-meyer-pcs-gmbh-1024x682.jpg 1024w, https:\/\/konferenztechnik.de\/wp-content\/uploads\/2017\/05\/sebastian-meyer-pcs-gmbh-768x512.jpg 768w, https:\/\/konferenztechnik.de\/wp-content\/uploads\/2017\/05\/sebastian-meyer-pcs-gmbh-1536x1023.jpg 1536w, https:\/\/konferenztechnik.de\/wp-content\/uploads\/2017\/05\/sebastian-meyer-pcs-gmbh-2048x1364.jpg 2048w\" sizes=\"(max-width: 2316px) 100vw, 2316px\" \/><br \/>\nSebastian Meyer<br \/>\nProje Dan\u0131\u015fman\u0131 Kiralama<br \/>\nTelefon +49 30 6959690 15<br \/>\n<span class=\"volleansicht\">e-posta <a href=\"mailto:meyer@konferenztechnik.de\" onclick=\"ga('send', 'event', 'Email-Klick', 'Kontakt Meyer');\">yaz<\/a><br \/>\n<\/span><br \/>\n<span class=\"mobileansicht\">e-posta <a href=\"mailto:meyer@konferenztechnik.de\" onclick=\"ga('send', 'event', 'Email-Klick', 'Kontakt Meyer');\">yaz<\/a><br \/>\n<\/span><\/p>\n<\/div>\n<div class=\"box1-4\">\n<div class=\"box-head\">G\u00fcney<\/div>\n<p><img loading=\"lazy\" decoding=\"async\" width=\"800\" height=\"533\" src=\"https:\/\/konferenztechnik.de\/wp-content\/uploads\/2013\/09\/sebastian_gegusch_pcs-gmbh.jpg\" alt=\"Sebastian Gegusch PCS-GmbH\" class=\"alignleft size-full wp-image-3153\" title=\"\" srcset=\"https:\/\/konferenztechnik.de\/wp-content\/uploads\/2013\/09\/sebastian_gegusch_pcs-gmbh.jpg 800w, https:\/\/konferenztechnik.de\/wp-content\/uploads\/2013\/09\/sebastian_gegusch_pcs-gmbh-300x200.jpg 300w, https:\/\/konferenztechnik.de\/wp-content\/uploads\/2013\/09\/sebastian_gegusch_pcs-gmbh-768x512.jpg 768w\" sizes=\"(max-width: 800px) 100vw, 800px\" \/><br \/>\nSebastian Gegusch<br \/>\nProje y\u00f6netimi ve zamanlama<br \/>\nTelefon +49 89 248830021<br \/>\n<span class=\"volleansicht\">e-posta <a href=\"mailto:gegusch@konferenztechnik.de\" onclick=\"ga('send', 'event', 'Email-Klick', 'Kontakt Gegusch');\">yaz<\/a><br \/>\n<\/span><br \/>\n<span class=\"mobileansicht\">e-posta <a href=\"mailto:gegusch@konferenztechnik.de\" onclick=\"ga('send', 'event', 'Email-Klick', 'Kontakt Gegusch');\">yaz<\/a><br \/>\n<\/span><\/p>\n<\/div>\n<div class=\"box1-4-empty\"><\/div>\n<\/div>","protected":false},"excerpt":{"rendered":"<p>AV-Technik: Mikrofone, Beschallungstechnik, Beamer Mikrofonierung, Beschallungstechnik, Rednerpulte, Telefonhybriden, Presseverteiler, steno-s Protokollierungssoftware, Aufzeichnungsger\u00e4te, Signalgeber, Beamer, Leinw\u00e4nde und vieles mehr&#8230; Unser Audio- und Videoequipment ist f\u00fcr Tagungen und Kongresse jeder Gr\u00f6\u00dfenordnung ausgelegt. [callout add_button=&#8220;no&#8220; button_text=&#8220;Learn More&#8220; button_url=&#8220;#&#8220; button_color=&#8220;#a62055&#8243;] Mieten Sie bei PCS zu tagesaktuellen Preisen aus unserem umfangreichen Vermietpark. Unser kompetentes Team l\u00e4sst Ihnen umgehend ein attraktives [&hellip;]<\/p>","protected":false},"author":1,"featured_media":45482,"parent":3618,"menu_order":157,"comment_status":"closed","ping_status":"open","template":"","meta":{"_acf_changed":false,"footnotes":""},"class_list":["post-1813","page","type-page","status-publish","has-post-thumbnail","hentry"],"acf":[],"_links":{"self":[{"href":"https:\/\/konferenztechnik.de\/tr\/wp-json\/wp\/v2\/pages\/1813","targetHints":{"allow":["GET"]}}],"collection":[{"href":"https:\/\/konferenztechnik.de\/tr\/wp-json\/wp\/v2\/pages"}],"about":[{"href":"https:\/\/konferenztechnik.de\/tr\/wp-json\/wp\/v2\/types\/page"}],"author":[{"embeddable":true,"href":"https:\/\/konferenztechnik.de\/tr\/wp-json\/wp\/v2\/users\/1"}],"replies":[{"embeddable":true,"href":"https:\/\/konferenztechnik.de\/tr\/wp-json\/wp\/v2\/comments?post=1813"}],"version-history":[{"count":0,"href":"https:\/\/konferenztechnik.de\/tr\/wp-json\/wp\/v2\/pages\/1813\/revisions"}],"up":[{"embeddable":true,"href":"https:\/\/konferenztechnik.de\/tr\/wp-json\/wp\/v2\/pages\/3618"}],"wp:featuredmedia":[{"embeddable":true,"href":"https:\/\/konferenztechnik.de\/tr\/wp-json\/wp\/v2\/media\/45482"}],"wp:attachment":[{"href":"https:\/\/konferenztechnik.de\/tr\/wp-json\/wp\/v2\/media?parent=1813"}],"curies":[{"name":"wp","href":"https:\/\/api.w.org\/{rel}","templated":true}]}}

AV teknolojisi: mikrofonlar, ses sistemleri, projektörler

<h1>AV teknolojisi: mikrofonlar, ses sistemleri, projektörler</h1>
<p>Mikrofonlar, genel seslendirme teknolojisi, kürsüler, telefon hibritleri, basın dağıtıcıları, steno kayıt yazılımı, kayıt cihazları, sinyal cihazları, projektörler, ekranlar ve çok daha fazlası... Ses ve görüntü ekipmanlarımız her büyüklükteki konferans ve kongre için tasarlanmıştır.</p>
<p><img fetchpriority="high" decoding="async" width="1200" height="387" src="https://konferenztechnik.de/wp-content/uploads/2016/10/audio-videotechnik-mieten.jpg" alt="ses-görüntü teknoloji̇si̇ ki̇ralama" class="alignnone size-full wp-image-8507" title="" srcset="https://konferenztechnik.de/wp-content/uploads/2016/10/audio-videotechnik-mieten.jpg 1200w, https://konferenztechnik.de/wp-content/uploads/2016/10/audio-videotechnik-mieten-300x97.jpg 300w, https://konferenztechnik.de/wp-content/uploads/2016/10/audio-videotechnik-mieten-1024x330.jpg 1024w, https://konferenztechnik.de/wp-content/uploads/2016/10/audio-videotechnik-mieten-768x248.jpg 768w" sizes="(max-width: 1200px) 100vw, 1200px" /><br />
<img decoding="async" src="https://konferenztechnik.de/wp-content/uploads/2016/10/beamer-beschallung-mieten.jpg" alt="projektör-ses-sistemi-kiralamaları" class="alignnone size-full wp-image-8506" title=""><br />
<img decoding="async" width="1200" height="346" src="https://konferenztechnik.de/wp-content/uploads/2016/10/event-technik-mieten.jpg" alt="etkinlik teknolojisi kiralama" class="alignnone size-full wp-image-8510" title="" srcset="https://konferenztechnik.de/wp-content/uploads/2016/10/event-technik-mieten.jpg 1200w, https://konferenztechnik.de/wp-content/uploads/2016/10/event-technik-mieten-300x87.jpg 300w, https://konferenztechnik.de/wp-content/uploads/2016/10/event-technik-mieten-1024x295.jpg 1024w, https://konferenztechnik.de/wp-content/uploads/2016/10/event-technik-mieten-768x221.jpg 768w" sizes="(max-width: 1200px) 100vw, 1200px" /></p>
<p>[callout add_button="no" button_text="Learn More" button_url="#" button_color="#a62055″]<br />
Geniş kiralama filomuzdan günlük güncellenen fiyatlarla PCS'den kiralayın. Yetkin ekibimiz size hemen cazip bir teklif gönderecektir.<br />
[/callout]</p>
<p>[spacer size="3″]<br />
[temiz]</p>
<div class="boxcontainer">
<div class="box1-4">
<div class="box-head">Kuzey ve Batı</div>
<p><img decoding="async" width="800" height="533" src="https://konferenztechnik.de/wp-content/uploads/2013/09/monika_van_den_boogaard_pcs-gmbh.jpg" alt="monika_van_den_boogaard_pcs-gmbh" class="alignleft size-full wp-image-2312" title="" srcset="https://konferenztechnik.de/wp-content/uploads/2013/09/monika_van_den_boogaard_pcs-gmbh.jpg 800w, https://konferenztechnik.de/wp-content/uploads/2013/09/monika_van_den_boogaard_pcs-gmbh-300x200.jpg 300w, https://konferenztechnik.de/wp-content/uploads/2013/09/monika_van_den_boogaard_pcs-gmbh-768x512.jpg 768w" sizes="(max-width: 800px) 100vw, 800px" /><br />
Monika van den Boogaard<br />
Proje Danışmanı Kiralama<br />
Telefon +49 211 737798 10<br />
<span class="volleansicht">e-posta <a href="mailto:vandenboogaard@konferenztechnik.de" onclick="ga('send', 'event', 'Email-Klick', 'Kontakt Boogaard');">yaz</a><br />
</span><br />
<span class="mobileansicht">e-posta <a href="mailto:vandenboogaard@konferenztechnik.de" onclick="ga('send', 'event', 'Email-Klick', 'Kontakt Boogaard');">yaz</a><br />
</span></p>
</div>
<div class="box1-4">
<div class="box-head">Doğu</div>
<p><img loading="lazy" decoding="async" width="2316" height="1543" src="https://konferenztechnik.de/wp-content/uploads/2017/05/sebastian-meyer-pcs-gmbh.jpg" alt="Sebastian Meyer PCS GmbH - Elden Çıkarma" class="alignleft size-full wp-image-10048" title="" srcset="https://konferenztechnik.de/wp-content/uploads/2017/05/sebastian-meyer-pcs-gmbh.jpg 2316w, https://konferenztechnik.de/wp-content/uploads/2017/05/sebastian-meyer-pcs-gmbh-300x200.jpg 300w, https://konferenztechnik.de/wp-content/uploads/2017/05/sebastian-meyer-pcs-gmbh-1024x682.jpg 1024w, https://konferenztechnik.de/wp-content/uploads/2017/05/sebastian-meyer-pcs-gmbh-768x512.jpg 768w, https://konferenztechnik.de/wp-content/uploads/2017/05/sebastian-meyer-pcs-gmbh-1536x1023.jpg 1536w, https://konferenztechnik.de/wp-content/uploads/2017/05/sebastian-meyer-pcs-gmbh-2048x1364.jpg 2048w" sizes="(max-width: 2316px) 100vw, 2316px" /><br />
Sebastian Meyer<br />
Proje Danışmanı Kiralama<br />
Telefon +49 30 6959690 15<br />
<span class="volleansicht">e-posta <a href="mailto:meyer@konferenztechnik.de" onclick="ga('send', 'event', 'Email-Klick', 'Kontakt Meyer');">yaz</a><br />
</span><br />
<span class="mobileansicht">e-posta <a href="mailto:meyer@konferenztechnik.de" onclick="ga('send', 'event', 'Email-Klick', 'Kontakt Meyer');">yaz</a><br />
</span></p>
</div>
<div class="box1-4">
<div class="box-head">Güney</div>
<p><img loading="lazy" decoding="async" width="800" height="533" src="https://konferenztechnik.de/wp-content/uploads/2013/09/sebastian_gegusch_pcs-gmbh.jpg" alt="Sebastian Gegusch PCS-GmbH" class="alignleft size-full wp-image-3153" title="" srcset="https://konferenztechnik.de/wp-content/uploads/2013/09/sebastian_gegusch_pcs-gmbh.jpg 800w, https://konferenztechnik.de/wp-content/uploads/2013/09/sebastian_gegusch_pcs-gmbh-300x200.jpg 300w, https://konferenztechnik.de/wp-content/uploads/2013/09/sebastian_gegusch_pcs-gmbh-768x512.jpg 768w" sizes="(max-width: 800px) 100vw, 800px" /><br />
Sebastian Gegusch<br />
Proje yönetimi ve zamanlama<br />
Telefon +49 89 248830021<br />
<span class="volleansicht">e-posta <a href="mailto:gegusch@konferenztechnik.de" onclick="ga('send', 'event', 'Email-Klick', 'Kontakt Gegusch');">yaz</a><br />
</span><br />
<span class="mobileansicht">e-posta <a href="mailto:gegusch@konferenztechnik.de" onclick="ga('send', 'event', 'Email-Klick', 'Kontakt Gegusch');">yaz</a><br />
</span></p>
</div>
<div class="box1-4-empty"></div>
</div>

<p>AV-Technik: Mikrofone, Beschallungstechnik, Beamer Mikrofonierung, Beschallungstechnik, Rednerpulte, Telefonhybriden, Presseverteiler, steno-s Protokollierungssoftware, Aufzeichnungsgeräte, Signalgeber, Beamer, Leinwände und vieles mehr&#8230; Unser Audio- und Videoequipment ist für Tagungen und Kongresse jeder Größenordnung ausgelegt. [callout add_button=&#8220;no&#8220; button_text=&#8220;Learn More&#8220; button_url=&#8220;#&#8220; button_color=&#8220;#a62055&#8243;] Mieten Sie bei PCS zu tagesaktuellen Preisen aus unserem umfangreichen Vermietpark. Unser kompetentes Team lässt Ihnen umgehend ein attraktives [&hellip;]</p>
