{"id":18772,"date":"2022-01-13T13:17:51","date_gmt":"2022-01-13T12:17:51","guid":{"rendered":"https:\/\/www.konferenztechnik.de\/?page_id=18772"},"modified":"2023-07-05T14:29:08","modified_gmt":"2023-07-05T12:29:08","slug":"tercuemanlik-stuedyolari-berli%cc%87n","status":"publish","type":"page","link":"https:\/\/konferenztechnik.de\/tr\/tercuemanlik-stuedyolari-berli%cc%87n\/","title":{"rendered":"Berlin Terc\u00fcme St\u00fcdyolar\u0131"},"content":{"rendered":"<h1 class=\"pcs-color\"><b>PCS Interpreting Studios Berlin K\u00f6penicker Stra\u00dfe 154<\/b><\/h1>\n<p><iframe class=\"maps-full\" style=\"border: 0;\" src=\"https:\/\/www.google.com\/maps\/embed?pb=!1m18!1m12!1m3!1d2428.532610250432!2d13.427603016006886!3d52.505699645041084!2m3!1f0!2f0!3f0!3m2!1i1024!2i768!4f13.1!3m3!1m2!1s0x47a84e37d9891a73%3A0xee3a2da62f925ce!2sK%C3%B6penicker%20Str.%20154%2C%2010997%20Berlin!5e0!3m2!1sde!2sde!4v1641994730437!5m2!1sde!2sde\" allowfullscreen=\"allowfullscreen\"><\/iframe><\/p>\n<p>Modern, merkezi konumlu, profesyonel ve konforlu s\u00f6zl\u00fc \u00e7eviri st\u00fcdyolar\u0131 \u015fu anda yeni yerimizde in\u015fa ediliyor. Buras\u0131 50'den fazla i\u015f istasyonuyla Almanya'daki en b\u00fcy\u00fck simultane terc\u00fcme merkezi: Konferanslar, etkinlikler, yay\u0131n st\u00fcdyolar\u0131, toplant\u0131lar ve video konferanslar i\u00e7in GDPR uyumlu ak\u0131\u015f.<\/p>\n<p>Yerinde hizmetimiz: Teknisyenlerden bireysel destek, etkinlik koordinasyonu, catering, ye\u015fil ekran st\u00fcdyosu, ortak \u00e7al\u0131\u015fma alanlar\u0131, lounge.<\/p>\n<p><img decoding=\"async\" class=\"alignleft size-full wp-image-18760\" src=\"https:\/\/konferenztechnik.de\/wp-content\/uploads\/2022\/01\/koep-1.jpg\" alt=\"Dolmetsch Hubs - PCS GmbH K\u00f6penicker Stra\u00dfe 154\" title=\"\"><\/p>\n<div class=\"small-text\">\n<h2 class=\"pcs-color\">Adres<\/h2>\n<p>K\u00f6penicker Stra\u00dfe 154<br \/>\nEv J<br \/>\n10997 Berlin<br \/>\nTel. <a href=\"\/tr\/tel&quot;+49306959690\/\"><b>+49 30 6959690 0<\/b><\/a><br \/>\n<span class=\"volleansicht\">E-posta: <a href=\"mailto:berlin@konferenztechnik.de\">berlin@konferenztechnik.de<\/a><\/span><br \/>\n<span class=\"mobileansicht\">E-posta: <a href=\"mailto:berlin@konferenztechnik.de\">yaz<\/a><\/span><\/p>\n<h2 class=\"pcs-color\">Yakla\u015f\u0131m<\/h2>\n<p>Bize ula\u015fman\u0131n en iyi yolu Ostbahnhof (S-Bahn, b\u00f6lgesel demiryolu), U Heinrich-Heine-Stra\u00dfe (U-Bahn) veya Bethaniendamm (otob\u00fcs) istasyonlar\u0131ndan ge\u00e7mektir.<\/p>\n<p><b>Ostbahnhof'tan<\/b><\/p>\n<ul>\n<li>Y\u00fcr\u00fcyerek 900 metre, yakla\u015f\u0131k 10 dakika uzakl\u0131ktad\u0131r.<\/li>\n<li>U Mehringdamm y\u00f6n\u00fcnde 140 numaral\u0131 otob\u00fcse binin ve Bethaniendamm'da durun.<\/li>\n<li>U Leopoldplatz y\u00f6n\u00fcndeki 147 numaral\u0131 otob\u00fcse binerek Bethaniendamm'a bir durak gidin.<\/li>\n<li>Alternatif olarak taksi, Uber, Freenow, e-scooter veya bisiklet payla\u015f\u0131m\u0131n\u0131 kullanabilirsiniz.<\/li>\n<\/ul>\n<p><b>Heinrich Heine Stra\u00dfe metro istasyonundan (U8)<\/b><\/p>\n<ul>\n<li>Yakla\u015f\u0131k 12 dakikal\u0131k 1000 metrelik bir y\u00fcr\u00fcy\u00fc\u015f mesafesindedir.<\/li>\n<li>S Sch\u00f6neweide y\u00f6n\u00fcndeki 265 numaral\u0131 otob\u00fcse binerek Bethaniendamm'a \u00fc\u00e7 durak gidin.<\/li>\n<li>S Ostbahnhof y\u00f6n\u00fcnde 147 numaral\u0131 otob\u00fcse binin ve Bethaniendamm'a \u00fc\u00e7 durak gidin.<\/li>\n<li>Alternatif olarak taksi, Uber, Freenow, e-scooter veya bisiklet payla\u015f\u0131m\u0131n\u0131 kullanabilirsiniz.<\/li>\n<\/ul>\n<p>Avlumuzda alt\u0131 adet \u00fccretsiz park yeri mevcuttur. Bu alanlar\u0131n dolu olmas\u0131 halinde \u00e7evredeki kamuya a\u00e7\u0131k alanlara \u00fccretsiz park edebilirsiniz.<\/p>\n<p>Canl\u0131 i\u00e7 avluda bisikletler i\u00e7in kilitleme braketleri mevcuttur.<\/p>\n<ul>\n<li>RE7 b\u00f6lgesel ekspres trenini do\u011frudan Terminal 1-2'den Ostbahnhof'a g\u00f6t\u00fcr\u00fcn. Ostbahnhof'tan bize yukar\u0131da a\u00e7\u0131kland\u0131\u011f\u0131 \u015fekilde ula\u015fabilirsiniz.<\/li>\n<li>Terminal 1-2'den do\u011frudan Ostkreuz'a giden havaalan\u0131 ekspres treni FEX'e binin ve ard\u0131ndan S-Bahn'a (S 41, S3, S5, S7, RE1) binerek bir durak sonra Ostbahnhof'a gidin. Ostbahnhof'tan bize yukar\u0131da a\u00e7\u0131kland\u0131\u011f\u0131 \u015fekilde ula\u015fabilirsiniz.<\/li>\n<\/ul>\n<\/div>","protected":false},"excerpt":{"rendered":"<p>PCS Terc\u00fcme St\u00fcdyolar\u0131 Berlin K\u00f6penicker Stra\u00dfe 154 Yeni lokasyonumuzda, merkezi konumda, profesyonel ve konforlu modern terc\u00fcme st\u00fcdyolar\u0131 in\u015fa edilmektedir. 50'den fazla \u00e7al\u0131\u015fma alan\u0131yla, buras\u0131 Almanya'n\u0131n en b\u00fcy\u00fck simultane terc\u00fcme merkezi: Konferanslar, etkinlikler, yay\u0131n st\u00fcdyolar\u0131, toplant\u0131lar ve video konferanslar i\u00e7in GDPR uyumlu ak\u0131\u015f. Yerinde hizmetlerimiz: Teknisyenler taraf\u0131ndan bireysel destek, etkinlik koordinasyonu, catering, ye\u015fil ekran st\u00fcdyosu, ortak \u00e7al\u0131\u015fma alanlar\u0131, lounge. Adres [\u2026]<\/p>","protected":false},"author":1,"featured_media":45482,"parent":0,"menu_order":0,"comment_status":"closed","ping_status":"closed","template":"","meta":{"_acf_changed":false,"footnotes":""},"class_list":["post-18772","page","type-page","status-publish","has-post-thumbnail","hentry"],"acf":[],"_links":{"self":[{"href":"https:\/\/konferenztechnik.de\/tr\/wp-json\/wp\/v2\/pages\/18772","targetHints":{"allow":["GET"]}}],"collection":[{"href":"https:\/\/konferenztechnik.de\/tr\/wp-json\/wp\/v2\/pages"}],"about":[{"href":"https:\/\/konferenztechnik.de\/tr\/wp-json\/wp\/v2\/types\/page"}],"author":[{"embeddable":true,"href":"https:\/\/konferenztechnik.de\/tr\/wp-json\/wp\/v2\/users\/1"}],"replies":[{"embeddable":true,"href":"https:\/\/konferenztechnik.de\/tr\/wp-json\/wp\/v2\/comments?post=18772"}],"version-history":[{"count":0,"href":"https:\/\/konferenztechnik.de\/tr\/wp-json\/wp\/v2\/pages\/18772\/revisions"}],"wp:featuredmedia":[{"embeddable":true,"href":"https:\/\/konferenztechnik.de\/tr\/wp-json\/wp\/v2\/media\/45482"}],"wp:attachment":[{"href":"https:\/\/konferenztechnik.de\/tr\/wp-json\/wp\/v2\/media?parent=18772"}],"curies":[{"name":"wp","href":"https:\/\/api.w.org\/{rel}","templated":true}]}}

Berlin Tercüme Stüdyoları

<h1 class="pcs-color"><b>PCS Interpreting Studios Berlin Köpenicker Straße 154</b></h1>
<p><iframe class="maps-full" style="border: 0;" src="https://www.google.com/maps/embed?pb=!1m18!1m12!1m3!1d2428.532610250432!2d13.427603016006886!3d52.505699645041084!2m3!1f0!2f0!3f0!3m2!1i1024!2i768!4f13.1!3m3!1m2!1s0x47a84e37d9891a73%3A0xee3a2da62f925ce!2sK%C3%B6penicker%20Str.%20154%2C%2010997%20Berlin!5e0!3m2!1sde!2sde!4v1641994730437!5m2!1sde!2sde" allowfullscreen="allowfullscreen"></iframe></p>
<p>Modern, merkezi konumlu, profesyonel ve konforlu sözlü çeviri stüdyoları şu anda yeni yerimizde inşa ediliyor. Burası 50'den fazla iş istasyonuyla Almanya'daki en büyük simultane tercüme merkezi: Konferanslar, etkinlikler, yayın stüdyoları, toplantılar ve video konferanslar için GDPR uyumlu akış.</p>
<p>Yerinde hizmetimiz: Teknisyenlerden bireysel destek, etkinlik koordinasyonu, catering, yeşil ekran stüdyosu, ortak çalışma alanları, lounge.</p>
<p><img decoding="async" class="alignleft size-full wp-image-18760" src="https://konferenztechnik.de/wp-content/uploads/2022/01/koep-1.jpg" alt="Dolmetsch Hubs - PCS GmbH Köpenicker Straße 154" title=""></p>
<div class="small-text">
<h2 class="pcs-color">Adres</h2>
<p>Köpenicker Straße 154<br />
Ev J<br />
10997 Berlin<br />
Tel. <a href="/tr/tel&quot;+49306959690/"><b>+49 30 6959690 0</b></a><br />
<span class="volleansicht">E-posta: <a href="mailto:berlin@konferenztechnik.de">berlin@konferenztechnik.de</a></span><br />
<span class="mobileansicht">E-posta: <a href="mailto:berlin@konferenztechnik.de">yaz</a></span></p>
<h2 class="pcs-color">Yaklaşım</h2>
<p>Bize ulaşmanın en iyi yolu Ostbahnhof (S-Bahn, bölgesel demiryolu), U Heinrich-Heine-Straße (U-Bahn) veya Bethaniendamm (otobüs) istasyonlarından geçmektir.</p>
<p><b>Ostbahnhof'tan</b></p>
<ul>
<li>Yürüyerek 900 metre, yaklaşık 10 dakika uzaklıktadır.</li>
<li>U Mehringdamm yönünde 140 numaralı otobüse binin ve Bethaniendamm'da durun.</li>
<li>U Leopoldplatz yönündeki 147 numaralı otobüse binerek Bethaniendamm'a bir durak gidin.</li>
<li>Alternatif olarak taksi, Uber, Freenow, e-scooter veya bisiklet paylaşımını kullanabilirsiniz.</li>
</ul>
<p><b>Heinrich Heine Straße metro istasyonundan (U8)</b></p>
<ul>
<li>Yaklaşık 12 dakikalık 1000 metrelik bir yürüyüş mesafesindedir.</li>
<li>S Schöneweide yönündeki 265 numaralı otobüse binerek Bethaniendamm'a üç durak gidin.</li>
<li>S Ostbahnhof yönünde 147 numaralı otobüse binin ve Bethaniendamm'a üç durak gidin.</li>
<li>Alternatif olarak taksi, Uber, Freenow, e-scooter veya bisiklet paylaşımını kullanabilirsiniz.</li>
</ul>
<p>Avlumuzda altı adet ücretsiz park yeri mevcuttur. Bu alanların dolu olması halinde çevredeki kamuya açık alanlara ücretsiz park edebilirsiniz.</p>
<p>Canlı iç avluda bisikletler için kilitleme braketleri mevcuttur.</p>
<ul>
<li>RE7 bölgesel ekspres trenini doğrudan Terminal 1-2'den Ostbahnhof'a götürün. Ostbahnhof'tan bize yukarıda açıklandığı şekilde ulaşabilirsiniz.</li>
<li>Terminal 1-2'den doğrudan Ostkreuz'a giden havaalanı ekspres treni FEX'e binin ve ardından S-Bahn'a (S 41, S3, S5, S7, RE1) binerek bir durak sonra Ostbahnhof'a gidin. Ostbahnhof'tan bize yukarıda açıklandığı şekilde ulaşabilirsiniz.</li>
</ul>
</div>

<p>PCS Tercüme Stüdyoları Berlin Köpenicker Straße 154 Yeni lokasyonumuzda, merkezi konumda, profesyonel ve konforlu modern tercüme stüdyoları inşa edilmektedir. 50'den fazla çalışma alanıyla, burası Almanya'nın en büyük simultane tercüme merkezi: Konferanslar, etkinlikler, yayın stüdyoları, toplantılar ve video konferanslar için GDPR uyumlu akış. Yerinde hizmetlerimiz: Teknisyenler tarafından bireysel destek, etkinlik koordinasyonu, catering, yeşil ekran stüdyosu, ortak çalışma alanları, lounge. Adres […]</p>
